CRAN Package Check Results for Package ResidentialEnergyConsumption

Last updated on 2024-05-21 17:50:08 CEST.

Flavor Version Tinstall Tcheck Ttotal Status Flags
r-devel-linux-x86_64-debian-clang 1.1.0 5.50 24.66 30.16 OK
r-devel-linux-x86_64-debian-gcc 1.1.0 5.11 19.67 24.78 OK
r-devel-linux-x86_64-fedora-clang 1.1.0 38.63 OK
r-devel-linux-x86_64-fedora-gcc 1.1.0 37.13 OK
r-devel-windows-x86_64 1.1.0 6.00 41.00 47.00 OK
r-patched-linux-x86_64 1.1.0 4.95 24.15 29.10 OK
r-release-linux-x86_64 1.1.0 4.96 24.14 29.10 OK
r-release-macos-arm64 1.1.0 18.00 OK
r-release-windows-x86_64 1.1.0 5.00 40.00 45.00 OK
r-oldrel-macos-arm64 1.1.0 19.00 OK
r-oldrel-macos-x86_64 1.1.0 25.00 NOTE
r-oldrel-windows-x86_64 1.1.0 7.00 42.00 49.00 OK

Check Details

Version: 1.1.0
Check: installed package size
Result: NOTE installed size is 5.6Mb sub-directories of 1Mb or more: data 5.5Mb Flavor: r-oldrel-macos-x86_64