Last updated on 2023-03-29 08:53:50 CEST.
Flavor | Version | Tinstall | Tcheck | Ttotal | Status | Flags |
---|---|---|---|---|---|---|
r-devel-linux-x86_64-debian-clang | 0.2.1 | 2.51 | 25.37 | 27.88 | NOTE | |
r-devel-linux-x86_64-debian-gcc | 0.2.1 | 1.90 | 20.34 | 22.24 | NOTE | |
r-devel-linux-x86_64-fedora-clang | 0.2.1 | 35.72 | NOTE | |||
r-devel-linux-x86_64-fedora-gcc | 0.2.1 | 54.21 | NOTE | |||
r-devel-windows-x86_64 | 0.2.1 | 26.00 | 0.00 | 26.00 | NOTE | |
r-patched-linux-x86_64 | 0.2.1 | 2.84 | 24.83 | 27.67 | NOTE | |
r-release-linux-x86_64 | 0.2.1 | 2.18 | 25.29 | 27.47 | NOTE | |
r-release-macos-arm64 | 0.2.1 | 24.00 | NOTE | |||
r-release-macos-x86_64 | 0.2.1 | 32.00 | NOTE | |||
r-release-windows-x86_64 | 0.2.1 | 30.00 | 62.00 | 92.00 | NOTE | |
r-oldrel-macos-arm64 | 0.2.1 | 24.00 | NOTE | |||
r-oldrel-macos-x86_64 | 0.2.1 | 52.00 | NOTE | |||
r-oldrel-windows-ix86+x86_64 | 0.2.1 | 6.00 | 58.00 | 64.00 | NOTE |
Version: 0.2.1
Check: LazyData
Result: NOTE
'LazyData' is specified without a 'data' directory
Flavors: r-devel-linux-x86_64-debian-clang, r-devel-linux-x86_64-debian-gcc, r-devel-linux-x86_64-fedora-clang, r-devel-linux-x86_64-fedora-gcc, r-devel-windows-x86_64, r-patched-linux-x86_64, r-release-linux-x86_64, r-release-macos-arm64, r-release-macos-x86_64, r-release-windows-x86_64, r-oldrel-macos-arm64, r-oldrel-macos-x86_64, r-oldrel-windows-ix86+x86_64