CRAN Package Check Results for Package Rfacebook

Last updated on 2015-03-27 17:50:30.

Flavor Version Tinstall Tcheck Ttotal Status Flags
r-devel-linux-x86_64-debian-clang 0.5 1.39 15.02 16.42 NOTE
r-devel-linux-x86_64-debian-gcc 0.5 1.27 14.61 15.88 NOTE
r-devel-linux-x86_64-fedora-clang 0.5 30.64 NOTE
r-devel-linux-x86_64-fedora-gcc 0.5 28.53 NOTE
r-devel-osx-x86_64-clang 0.5 34.89 NOTE
r-prerel-windows-ix86+x86_64 0.5 4.00 26.00 30.00 NOTE
r-prerel-linux-x86_64 0.5 0.94 14.57 15.51 NOTE
r-prerel-solaris-sparc 0.5 200.50 NOTE
r-prerel-solaris-x86 0.5 42.80 NOTE
r-release-linux-x86_64 0.5 1.68 18.31 19.99 OK
r-release-osx-x86_64-mavericks 0.5 OK
r-release-osx-x86_64-snowleopard 0.5 OK
r-release-windows-ix86+x86_64 0.5 6.00 34.00 40.00 OK
r-oldrel-windows-ix86+x86_64 0.5 5.00 32.00 37.00 OK

Check Details

Version: 0.5
Check: DESCRIPTION meta-information
Result: NOTE
    Malformed Description field: should contain one or more complete sentences.
Flavors: r-devel-linux-x86_64-debian-clang, r-devel-linux-x86_64-debian-gcc, r-devel-linux-x86_64-fedora-clang, r-devel-linux-x86_64-fedora-gcc, r-devel-osx-x86_64-clang, r-prerel-windows-ix86+x86_64, r-prerel-linux-x86_64, r-prerel-solaris-sparc, r-prerel-solaris-x86