CRAN Package Check Results for Package Rfacebook

Last updated on 2015-04-25 12:46:21.

Flavor Version Tinstall Tcheck Ttotal Status Flags
r-devel-linux-x86_64-debian-clang 0.5 0.98 14.81 15.78 NOTE
r-devel-linux-x86_64-debian-gcc 0.5 0.94 14.37 15.31 NOTE
r-devel-linux-x86_64-fedora-clang 0.5 30.95 NOTE
r-devel-linux-x86_64-fedora-gcc 0.5 29.31 NOTE
r-devel-osx-x86_64-clang 0.5 31.62 NOTE
r-devel-windows-ix86+x86_64 0.5 4.00 26.00 30.00 NOTE
r-patched-linux-x86_64 0.5 0.96 15.33 16.29 NOTE
r-patched-solaris-sparc 0.5 200.50 NOTE
r-patched-solaris-x86 0.5 43.10 NOTE
r-release-linux-x86_64 0.5 0.96 14.73 15.69 NOTE
r-release-osx-x86_64-mavericks 0.5 NOTE
r-release-osx-x86_64-snowleopard 0.5 NOTE
r-release-windows-ix86+x86_64 0.5 4.00 27.00 31.00 NOTE
r-oldrel-windows-ix86+x86_64 0.5 4.00 33.00 37.00 OK

Check Details

Version: 0.5
Check: DESCRIPTION meta-information
Result: NOTE
    Malformed Description field: should contain one or more complete sentences.
Flavors: r-devel-windows-ix86+x86_64, r-release-windows-ix86+x86_64