CRAN Package Check Results for Package Rfacebook

Last updated on 2015-06-30 15:47:21.

Flavor Version Tinstall Tcheck Ttotal Status Flags
r-devel-linux-x86_64-debian-clang 0.5 0.98 15.09 16.06 NOTE
r-devel-linux-x86_64-debian-gcc 0.5 0.92 15.16 16.08 NOTE
r-devel-linux-x86_64-fedora-clang 0.5 30.91 NOTE
r-devel-linux-x86_64-fedora-gcc 0.5 29.04 NOTE
r-devel-osx-x86_64-clang 0.5 30.16 NOTE
r-devel-windows-ix86+x86_64 0.5 4.00 28.00 32.00 NOTE
r-patched-linux-x86_64 0.5 0.98 15.83 16.82 NOTE
r-patched-solaris-sparc 0.5 194.00 NOTE
r-patched-solaris-x86 0.5 47.70 NOTE
r-release-linux-x86_64 0.5 1.00 15.63 16.63 NOTE
r-release-osx-x86_64-mavericks 0.5 NOTE
r-release-windows-ix86+x86_64 0.5 6.00 29.00 35.00 NOTE
r-oldrel-windows-ix86+x86_64 0.5 6.00 60.00 66.00 OK

Check Details

Version: 0.5
Check: DESCRIPTION meta-information
Result: NOTE
    Malformed Description field: should contain one or more complete sentences.
Flavors: r-devel-linux-x86_64-debian-clang, r-devel-linux-x86_64-debian-gcc, r-devel-linux-x86_64-fedora-clang, r-devel-linux-x86_64-fedora-gcc, r-devel-osx-x86_64-clang, r-devel-windows-ix86+x86_64, r-patched-linux-x86_64, r-patched-solaris-sparc, r-patched-solaris-x86, r-release-linux-x86_64, r-release-osx-x86_64-mavericks, r-release-windows-ix86+x86_64

Version: 0.5
Check: R code for possible problems
Result: NOTE
    fbOAuth: no visible global function definition for ‘packageVersion’
    getNetwork: no visible global function definition for ‘txtProgressBar’
    getNetwork: no visible global function definition for
     ‘setTxtProgressBar’
    searchFacebook: no visible global function definition for ‘URLencode’
    searchPages: no visible global function definition for ‘URLencode’
Flavors: r-devel-linux-x86_64-debian-clang, r-devel-linux-x86_64-debian-gcc, r-devel-linux-x86_64-fedora-clang, r-devel-windows-ix86+x86_64