CRAN Package Check Results for Package Rfacebook

Last updated on 2015-05-29 03:48:41.

Flavor Version Tinstall Tcheck Ttotal Status Flags
r-devel-linux-x86_64-debian-clang 0.5 1.00 16.17 17.17 NOTE
r-devel-linux-x86_64-debian-gcc 0.5 0.98 15.00 15.98 NOTE
r-devel-linux-x86_64-fedora-clang 0.5 32.39 NOTE
r-devel-linux-x86_64-fedora-gcc 0.5 30.02 NOTE
r-devel-osx-x86_64-clang 0.5 33.09 NOTE
r-devel-windows-ix86+x86_64 0.5 4.00 28.00 32.00 NOTE
r-patched-linux-x86_64 0.5 0.99 15.62 16.61 NOTE
r-patched-solaris-sparc 0.5 194.00 NOTE
r-patched-solaris-x86 0.5 47.30 NOTE
r-release-linux-x86_64 0.5 1.25 15.36 16.61 NOTE
r-release-osx-x86_64-mavericks 0.5 NOTE
r-release-osx-x86_64-snowleopard 0.5 NOTE
r-release-windows-ix86+x86_64 0.5 4.00 26.00 30.00 NOTE
r-oldrel-windows-ix86+x86_64 0.5 6.00 38.00 44.00 OK

Check Details

Version: 0.5
Check: DESCRIPTION meta-information
Result: NOTE
    Malformed Description field: should contain one or more complete sentences.
Flavors: r-devel-linux-x86_64-debian-clang, r-devel-linux-x86_64-debian-gcc, r-devel-linux-x86_64-fedora-clang, r-devel-linux-x86_64-fedora-gcc, r-devel-osx-x86_64-clang, r-devel-windows-ix86+x86_64, r-patched-linux-x86_64, r-patched-solaris-sparc, r-patched-solaris-x86, r-release-linux-x86_64, r-release-osx-x86_64-mavericks, r-release-osx-x86_64-snowleopard, r-release-windows-ix86+x86_64