CRAN Package Check Results for Package Rfit

Last updated on 2018-01-17 02:53:11 CET.

Flavor Version Tinstall Tcheck Ttotal Status Flags
r-devel-linux-x86_64-debian-clang 0.23.0 2.01 28.22 30.23 NOTE
r-devel-linux-x86_64-debian-gcc 0.23.0 1.49 22.19 23.68 NOTE
r-devel-linux-x86_64-fedora-clang 0.23.0 33.25 NOTE
r-devel-linux-x86_64-fedora-gcc 0.23.0 33.42 NOTE
r-devel-windows-ix86+x86_64 0.23.0 15.00 49.00 64.00 OK
r-patched-linux-x86_64 0.23.0 1.86 26.78 28.64 NOTE
r-patched-solaris-x86 0.23.0 50.40 OK
r-release-linux-x86_64 0.23.0 1.98 26.60 28.58 NOTE
r-release-windows-ix86+x86_64 0.23.0 14.00 56.00 70.00 OK
r-release-osx-x86_64 0.23.0 OK
r-oldrel-windows-ix86+x86_64 0.23.0 13.00 41.00 54.00 OK
r-oldrel-osx-x86_64 0.23.0 OK

Check Details

Version: 0.23.0
Check: compiled code
Result: NOTE
    File ‘Rfit/libs/Rfit.so’:
     Found no calls to: ‘R_registerRoutines’, ‘R_useDynamicSymbols’
    
    It is good practice to register native routines and to disable symbol
    search.
    
    See ‘Writing portable packages’ in the ‘Writing R Extensions’ manual.
Flavors: r-devel-linux-x86_64-debian-clang, r-devel-linux-x86_64-debian-gcc, r-devel-linux-x86_64-fedora-clang, r-devel-linux-x86_64-fedora-gcc, r-patched-linux-x86_64, r-release-linux-x86_64