CRAN Package Check Results for Package Rfit

Last updated on 2015-03-04 03:46:58.

Flavor Version Tinstall Tcheck Ttotal Status Flags
r-devel-linux-x86_64-debian-clang 0.21 1.66 16.27 17.93 NOTE
r-devel-linux-x86_64-debian-gcc 0.21 1.56 15.88 17.44 NOTE
r-devel-linux-x86_64-fedora-clang 0.21 34.94 NOTE
r-devel-linux-x86_64-fedora-gcc 0.21 32.83 NOTE
r-devel-osx-x86_64-clang 0.21 35.22 NOTE
r-devel-windows-ix86+x86_64 0.21 8.00 35.00 43.00 OK
r-patched-linux-x86_64 0.21 1.88 18.36 20.24 OK
r-patched-solaris-sparc 0.21 238.70 OK
r-patched-solaris-x86 0.21 56.90 OK
r-release-linux-ix86 0.21 2.39 25.61 28.00 OK
r-release-linux-x86_64 0.21 1.91 18.63 20.54 OK
r-release-osx-x86_64-mavericks 0.21 OK
r-release-osx-x86_64-snowleopard 0.21 OK
r-release-windows-ix86+x86_64 0.21 22.00 52.00 74.00 OK
r-oldrel-windows-ix86+x86_64 0.21 11.00 37.00 48.00 OK

Check Details

Version: 0.21
Check: S3 generic/method consistency
Result: NOTE
    Found the following apparent S3 methods exported but not registered:
     print.drop.test print.oneway.rfit print.raov print.rfit
     print.summary.oneway.rfit print.summary.rfit rfit.default
     rstudent.rfit summary.oneway.rfit summary.rfit vcov.rfit
    See section ‘Registering S3 methods’ in the ‘Writing R Extensions’
    manual.
Flavors: r-devel-linux-x86_64-debian-clang, r-devel-linux-x86_64-debian-gcc, r-devel-linux-x86_64-fedora-clang, r-devel-linux-x86_64-fedora-gcc, r-devel-osx-x86_64-clang