CRAN Package Check Results for Package Rfit

Last updated on 2015-08-02 21:47:19.

Flavor Version Tinstall Tcheck Ttotal Status Flags
r-devel-linux-x86_64-debian-clang 0.21 1.80 16.51 18.31 NOTE
r-devel-linux-x86_64-debian-gcc 0.21 1.51 15.98 17.49 NOTE
r-devel-linux-x86_64-fedora-clang 0.21 34.22 NOTE
r-devel-linux-x86_64-fedora-gcc 0.21 32.41 NOTE
r-devel-osx-x86_64-clang 0.21 30.45 NOTE
r-devel-windows-ix86+x86_64 0.21 9.00 36.00 45.00 NOTE
r-patched-linux-x86_64 0.21 1.58 16.04 17.62 NOTE
r-patched-solaris-sparc 0.21 221.50 NOTE
r-patched-solaris-x86 0.21 49.60 NOTE
r-release-linux-x86_64 0.21 1.43 16.60 18.03 NOTE
r-release-osx-x86_64-mavericks 0.21 OK
r-release-windows-ix86+x86_64 0.21 16.00 39.00 55.00 OK
r-oldrel-windows-ix86+x86_64 0.21 14.00 42.00 56.00 OK

Check Details

Version: 0.21
Check: S3 generic/method consistency
Result: NOTE
    Found the following apparent S3 methods exported but not registered:
     print.drop.test print.oneway.rfit print.raov print.rfit
     print.summary.oneway.rfit print.summary.rfit rfit.default
     rstudent.rfit summary.oneway.rfit summary.rfit vcov.rfit
    See section ‘Registering S3 methods’ in the ‘Writing R Extensions’
    manual.
Flavors: r-devel-linux-x86_64-debian-clang, r-devel-linux-x86_64-debian-gcc, r-devel-linux-x86_64-fedora-clang, r-devel-linux-x86_64-fedora-gcc, r-devel-osx-x86_64-clang, r-patched-linux-x86_64, r-patched-solaris-sparc, r-patched-solaris-x86, r-release-linux-x86_64

Version: 0.21
Check: R code for possible problems
Result: NOTE
    cellx: no visible global function definition for ‘model.matrix’
    confintadjust: no visible global function definition for ‘qt’
    confintadjust: no visible global function definition for ‘qtukey’
    drop.test: no visible global function definition for ‘pf’
    gettau: no visible global function definition for ‘median’
    gettau: no visible global function definition for ‘mad’
    gettauF0: no visible global function definition for ‘mad’
    jaeckel: no visible global function definition for ‘sd’
    jaeckel: no visible global function definition for ‘optim’
    kwayr: no visible global function definition for ‘pf’
    oneway.rfit: no visible global function definition for ‘model.matrix’
    oneway.rfit: no visible global function definition for ‘pt’
    print.summary.rfit: no visible global function definition for
     ‘printCoefmat’
    raov: no visible global function definition for ‘model.frame’
    raov: no visible global function definition for ‘residuals’
    raov: no visible global function definition for ‘fitted.values’
    rfit.default: no visible global function definition for ‘model.matrix’
    rfit.default: no visible global function definition for
     ‘model.response’
    rfit.default: no visible global function definition for ‘lsfit’
    rfit.default: no visible global function definition for ‘median’
    rstudent.rfit: no visible global function definition for ‘mad’
    rstudent.rfit: no visible global function definition for ‘hat’
    signedrank: no visible global function definition for ‘median’
    summary.rfit: no visible global function definition for ‘vcov’
    summary.rfit: no visible global function definition for ‘pt’
    taustar: no visible global function definition for ‘qnorm’
    Undefined global functions or variables:
     fitted.values hat lsfit mad median model.frame model.matrix
     model.response optim pf printCoefmat pt qnorm qt qtukey residuals sd
     vcov
    Consider adding
     importFrom("stats", "fitted.values", "hat", "lsfit", "mad", "median",
     "model.frame", "model.matrix", "model.response", "optim",
     "pf", "printCoefmat", "pt", "qnorm", "qt", "qtukey",
     "residuals", "sd", "vcov")
    to your NAMESPACE.
Flavors: r-devel-linux-x86_64-debian-clang, r-devel-linux-x86_64-debian-gcc, r-devel-linux-x86_64-fedora-clang, r-devel-linux-x86_64-fedora-gcc, r-devel-windows-ix86+x86_64