CRAN Package Check Results for Package Rfit

Last updated on 2015-05-22 23:48:09.

Flavor Version Tinstall Tcheck Ttotal Status Flags
r-devel-linux-x86_64-debian-clang 0.21 1.51 16.46 17.98 NOTE
r-devel-linux-x86_64-debian-gcc 0.21 1.61 16.16 17.77 NOTE
r-devel-linux-x86_64-fedora-clang 0.21 34.61 NOTE
r-devel-linux-x86_64-fedora-gcc 0.21 33.25 NOTE
r-devel-osx-x86_64-clang 0.21 36.44 NOTE
r-devel-windows-ix86+x86_64 0.21 13.00 40.00 53.00 OK
r-patched-linux-x86_64 0.21 2.04 15.98 18.01 NOTE
r-patched-solaris-sparc 0.21 201.70 NOTE
r-patched-solaris-x86 0.21 50.80 NOTE
r-release-linux-x86_64 0.21 1.47 16.37 17.84 NOTE
r-release-osx-x86_64-mavericks 0.21 OK
r-release-osx-x86_64-snowleopard 0.21 ERROR
r-release-windows-ix86+x86_64 0.21 10.00 37.00 47.00 OK
r-oldrel-windows-ix86+x86_64 0.21 11.00 39.00 50.00 OK

Check Details

Version: 0.21
Check: S3 generic/method consistency
Result: NOTE
    Found the following apparent S3 methods exported but not registered:
     print.drop.test print.oneway.rfit print.raov print.rfit
     print.summary.oneway.rfit print.summary.rfit rfit.default
     rstudent.rfit summary.oneway.rfit summary.rfit vcov.rfit
    See section ‘Registering S3 methods’ in the ‘Writing R Extensions’
    manual.
Flavors: r-devel-linux-x86_64-debian-clang, r-devel-linux-x86_64-debian-gcc, r-devel-linux-x86_64-fedora-clang, r-devel-linux-x86_64-fedora-gcc, r-devel-osx-x86_64-clang, r-patched-linux-x86_64, r-patched-solaris-sparc, r-patched-solaris-x86, r-release-linux-x86_64

Version: 0.21
Check: package dependencies
Result: ERROR
    Package required but not available: ‘quantreg’
    
    See section ‘The DESCRIPTION file’ in the ‘Writing R Extensions’
    manual.
Flavor: r-release-osx-x86_64-snowleopard