CRAN Package Check Results for Package Rfit

Last updated on 2017-10-22 22:49:03.

Flavor Version Tinstall Tcheck Ttotal Status Flags
r-devel-linux-x86_64-debian-clang 0.23.0 1.50 17.39 18.89 NOTE
r-devel-linux-x86_64-debian-gcc 0.23.0 1.38 18.49 19.86 NOTE
r-devel-linux-x86_64-fedora-clang 0.23.0 33.31 NOTE
r-devel-linux-x86_64-fedora-gcc 0.23.0 32.51 NOTE
r-devel-windows-ix86+x86_64 0.23.0 9.00 43.00 52.00 OK
r-patched-linux-x86_64 0.23.0 1.44 17.63 19.07 NOTE
r-patched-solaris-x86 0.23.0 45.10 OK
r-release-linux-x86_64 0.23.0 1.40 17.97 19.38 NOTE
r-release-windows-ix86+x86_64 0.23.0 11.00 43.00 54.00 OK
r-release-osx-x86_64 0.23.0 OK
r-oldrel-windows-ix86+x86_64 0.23.0 9.00 50.00 59.00 OK
r-oldrel-osx-x86_64 0.23.0 OK

Check Details

Version: 0.23.0
Check: compiled code
Result: NOTE
    File ‘Rfit/libs/Rfit.so’:
     Found no calls to: ‘R_registerRoutines’, ‘R_useDynamicSymbols’
    
    It is good practice to register native routines and to disable symbol
    search.
    
    See ‘Writing portable packages’ in the ‘Writing R Extensions’ manual.
Flavors: r-devel-linux-x86_64-debian-clang, r-devel-linux-x86_64-debian-gcc, r-devel-linux-x86_64-fedora-clang, r-devel-linux-x86_64-fedora-gcc, r-patched-linux-x86_64, r-release-linux-x86_64