CRAN Package Check Results for Package Rfit

Last updated on 2014-09-19 19:48:18.

Flavor Version Tinstall Tcheck Ttotal Status Flags
r-devel-linux-x86_64-debian-clang 0.18 1.76 17.66 19.42 NOTE
r-devel-linux-x86_64-debian-gcc 0.18 1.81 17.23 19.04 NOTE
r-devel-linux-x86_64-fedora-clang 0.18 38.68 NOTE
r-devel-linux-x86_64-fedora-gcc 0.18 37.01 NOTE
r-devel-osx-x86_64-clang 0.18 39.82 NOTE
r-devel-windows-ix86+x86_64 0.18 9.00 35.00 44.00 NOTE
r-patched-linux-x86_64 0.18 1.96 18.09 20.05 OK
r-patched-solaris-sparc 0.18 227.70 OK
r-patched-solaris-x86 0.18 55.80 OK
r-release-linux-ix86 0.18 2.51 25.70 28.21 OK
r-release-linux-x86_64 0.18 1.81 18.66 20.47 OK
r-release-osx-x86_64-mavericks 0.18 OK
r-release-osx-x86_64-snowleopard 0.18 OK
r-release-windows-ix86+x86_64 0.18 9.00 39.00 48.00 OK
r-oldrel-windows-ix86+x86_64 0.18 10.00 36.00 46.00 OK

Check Details

Version: 0.18
Check: R code for possible problems
Result: NOTE
    gettau: no visible binding for global variable ‘wscores’
    gettauF0: no visible binding for global variable ‘wscores’
    jaeckel: no visible binding for global variable ‘wscores’
    oneway.rfit: no visible binding for global variable ‘wscores’
    rfit.default: no visible binding for global variable ‘wscores’
Flavors: r-devel-linux-x86_64-debian-clang, r-devel-linux-x86_64-debian-gcc, r-devel-linux-x86_64-fedora-clang, r-devel-linux-x86_64-fedora-gcc, r-devel-osx-x86_64-clang, r-devel-windows-ix86+x86_64