CRAN Package Check Results for Package Rfit

Last updated on 2014-10-20 11:48:41.

Flavor Version Tinstall Tcheck Ttotal Status Flags
r-devel-linux-x86_64-debian-clang 0.18 1.84 18.03 19.87 NOTE
r-devel-linux-x86_64-debian-gcc 0.18 1.86 18.63 20.50 NOTE
r-devel-linux-x86_64-fedora-clang 0.18 39.56 NOTE
r-devel-linux-x86_64-fedora-gcc 0.18 36.41 NOTE
r-devel-osx-x86_64-clang 0.18 40.25 NOTE
r-devel-windows-ix86+x86_64 0.18 9.00 34.00 43.00 NOTE
r-patched-linux-x86_64 0.18 1.74 18.20 19.94 NOTE
r-patched-solaris-sparc 0.18 225.20 NOTE
r-patched-solaris-x86 0.18 57.20 NOTE
r-release-linux-ix86 0.18 2.50 25.68 28.18 OK
r-release-linux-x86_64 0.18 1.86 18.30 20.16 OK
r-release-osx-x86_64-mavericks 0.18 OK
r-release-osx-x86_64-snowleopard 0.18 OK
r-release-windows-ix86+x86_64 0.18 9.00 36.00 45.00 OK
r-oldrel-windows-ix86+x86_64 0.18 10.00 37.00 47.00 OK

Check Details

Version: 0.18
Check: R code for possible problems
Result: NOTE
    gettau: no visible binding for global variable ‘wscores’
    gettauF0: no visible binding for global variable ‘wscores’
    jaeckel: no visible binding for global variable ‘wscores’
    oneway.rfit: no visible binding for global variable ‘wscores’
    rfit.default: no visible binding for global variable ‘wscores’
Flavors: r-devel-linux-x86_64-debian-clang, r-devel-linux-x86_64-debian-gcc, r-devel-linux-x86_64-fedora-clang, r-devel-linux-x86_64-fedora-gcc, r-devel-osx-x86_64-clang, r-devel-windows-ix86+x86_64, r-patched-linux-x86_64, r-patched-solaris-sparc, r-patched-solaris-x86