CRAN Package Check Results for Package Rfit

Last updated on 2017-08-16 20:48:27.

Flavor Version Tinstall Tcheck Ttotal Status Flags
r-devel-linux-x86_64-debian-clang 0.23.0 1.48 17.99 19.48 NOTE
r-devel-linux-x86_64-debian-gcc 0.23.0 1.48 18.05 19.53 NOTE
r-devel-linux-x86_64-fedora-clang 0.23.0 32.11 NOTE
r-devel-linux-x86_64-fedora-gcc 0.23.0 31.80 NOTE
r-devel-windows-ix86+x86_64 0.23.0 10.00 44.00 54.00 OK
r-patched-linux-x86_64 0.23.0 1.66 17.98 19.64 NOTE
r-patched-solaris-x86 0.23.0 44.40 OK
r-release-linux-x86_64 0.23.0 1.34 18.01 19.35 NOTE
r-release-windows-ix86+x86_64 0.23.0 9.00 58.00 67.00 OK
r-release-osx-x86_64 0.23.0 OK
r-oldrel-windows-ix86+x86_64 0.23.0 13.00 36.00 49.00 OK
r-oldrel-osx-x86_64 0.23.0 OK

Check Details

Version: 0.23.0
Check: compiled code
Result: NOTE
    File ‘Rfit/libs/Rfit.so’:
     Found no calls to: ‘R_registerRoutines’, ‘R_useDynamicSymbols’
    
    It is good practice to register native routines and to disable symbol
    search.
    
    See ‘Writing portable packages’ in the ‘Writing R Extensions’ manual.
Flavors: r-devel-linux-x86_64-debian-clang, r-devel-linux-x86_64-debian-gcc, r-devel-linux-x86_64-fedora-clang, r-devel-linux-x86_64-fedora-gcc, r-patched-linux-x86_64, r-release-linux-x86_64