CRAN Package Check Results for Package Rfit

Last updated on 2017-02-27 11:48:46.

Flavor Version Tinstall Tcheck Ttotal Status Flags
r-devel-linux-x86_64-debian-clang 0.23.0 1.44 17.63 19.07 NOTE
r-devel-linux-x86_64-debian-gcc 0.23.0 1.49 17.72 19.21 NOTE
r-devel-linux-x86_64-fedora-clang 0.23.0 31.73 NOTE --no-stop-on-test-error
r-devel-linux-x86_64-fedora-gcc 0.23.0 31.48 NOTE --no-stop-on-test-error
r-devel-macos-x86_64-clang 0.23.0 29.19 NOTE --no-stop-on-test-error
r-devel-windows-ix86+x86_64 0.23.0 10.00 62.00 72.00 OK
r-patched-linux-x86_64 0.23.0 1.19 14.63 15.81 OK
r-patched-solaris-sparc 0.23.0 182.30 OK
r-patched-solaris-x86 0.23.0 38.70 OK
r-release-linux-x86_64 0.23.0 1.25 14.59 15.83 OK
r-release-osx-x86_64-mavericks 0.23.0 OK
r-release-windows-ix86+x86_64 0.23.0 23.00 40.00 63.00 OK
r-oldrel-windows-ix86+x86_64 0.23.0 15.00 90.00 105.00 OK

Check Details

Version: 0.23.0
Check: compiled code
Result: NOTE
    File ‘Rfit/libs/Rfit.so’:
     Found no calls to: ‘R_registerRoutines’, ‘R_useDynamicSymbols’
    
    It is good practice to register native routines and to disable symbol
    search.
    
    See ‘Writing portable packages’ in the ‘Writing R Extensions’ manual.
Flavors: r-devel-linux-x86_64-debian-clang, r-devel-linux-x86_64-debian-gcc

Version: 0.23.0
Flags: --no-stop-on-test-error
Check: compiled code
Result: NOTE
    File ‘Rfit/libs/Rfit.so’:
     Found no calls to: ‘R_registerRoutines’, ‘R_useDynamicSymbols’
    
    It is good practice to register native routines and to disable symbol
    search.
    
    See ‘Writing portable packages’ in the ‘Writing R Extensions’ manual.
Flavors: r-devel-linux-x86_64-fedora-clang, r-devel-linux-x86_64-fedora-gcc, r-devel-macos-x86_64-clang