CRAN Package Check Results for Package Rfit

Last updated on 2017-03-29 22:47:25.

Flavor Version Tinstall Tcheck Ttotal Status Flags
r-devel-linux-x86_64-debian-clang 0.23.0 1.51 18.35 19.87 NOTE
r-devel-linux-x86_64-debian-gcc 0.23.0 1.35 17.25 18.60 NOTE
r-devel-linux-x86_64-fedora-clang 0.23.0 32.29 NOTE --no-stop-on-test-error
r-devel-linux-x86_64-fedora-gcc 0.23.0 31.51 NOTE --no-stop-on-test-error
r-devel-macos-x86_64-clang 0.23.0 28.26 NOTE --no-stop-on-test-error
r-devel-windows-ix86+x86_64 0.23.0 9.00 43.00 52.00 OK
r-patched-linux-x86_64 0.23.0 1.45 17.17 18.62 NOTE
r-patched-solaris-sparc 0.23.0 203.50 OK
r-patched-solaris-x86 0.23.0 44.30 OK
r-release-linux-x86_64 0.23.0 1.25 14.39 15.64 OK
r-release-osx-x86_64-mavericks 0.23.0 OK
r-release-windows-ix86+x86_64 0.23.0 12.00 88.00 100.00 OK
r-oldrel-windows-ix86+x86_64 0.23.0 24.00 38.00 62.00 OK

Check Details

Version: 0.23.0
Check: compiled code
Result: NOTE
    File ‘Rfit/libs/Rfit.so’:
     Found no calls to: ‘R_registerRoutines’, ‘R_useDynamicSymbols’
    
    It is good practice to register native routines and to disable symbol
    search.
    
    See ‘Writing portable packages’ in the ‘Writing R Extensions’ manual.
Flavors: r-devel-linux-x86_64-debian-clang, r-devel-linux-x86_64-debian-gcc, r-patched-linux-x86_64

Version: 0.23.0
Flags: --no-stop-on-test-error
Check: compiled code
Result: NOTE
    File ‘Rfit/libs/Rfit.so’:
     Found no calls to: ‘R_registerRoutines’, ‘R_useDynamicSymbols’
    
    It is good practice to register native routines and to disable symbol
    search.
    
    See ‘Writing portable packages’ in the ‘Writing R Extensions’ manual.
Flavors: r-devel-linux-x86_64-fedora-clang, r-devel-linux-x86_64-fedora-gcc, r-devel-macos-x86_64-clang