CRAN Package Check Results for Package Rfit

Last updated on 2015-01-30 17:52:03.

Flavor Version Tinstall Tcheck Ttotal Status Flags
r-devel-linux-x86_64-debian-clang 0.21 1.70 16.58 18.29 NOTE
r-devel-linux-x86_64-debian-gcc 0.21 1.57 16.31 17.88 NOTE
r-devel-linux-x86_64-fedora-clang 0.21 38.19 NOTE
r-devel-linux-x86_64-fedora-gcc 0.21 36.14 NOTE
r-devel-osx-x86_64-clang 0.21 40.69 NOTE
r-devel-windows-ix86+x86_64 0.21 13.00 38.00 51.00 OK
r-patched-linux-x86_64 0.21 1.79 18.35 20.14 OK
r-patched-solaris-sparc 0.21 233.50 OK
r-patched-solaris-x86 0.21 57.20 OK
r-release-linux-ix86 0.21 2.39 24.86 27.25 OK
r-release-linux-x86_64 0.21 1.76 20.05 21.82 OK
r-release-osx-x86_64-mavericks 0.21 OK
r-release-osx-x86_64-snowleopard 0.21 OK
r-release-windows-ix86+x86_64 0.21 10.00 42.00 52.00 OK
r-oldrel-windows-ix86+x86_64 0.21 10.00 42.00 52.00 OK

Check Details

Version: 0.21
Check: S3 generic/method consistency
Result: NOTE
    Found the following apparent S3 methods exported but not registered:
     rfit.default print.drop.test print.oneway.rfit print.raov print.rfit
     print.summary.oneway.rfit print.summary.rfit summary.oneway.rfit
     summary.rfit rstudent.rfit vcov.rfit
    See section ‘Registering S3 methods’ in the ‘Writing R Extensions’
    manual.
Flavors: r-devel-linux-x86_64-debian-clang, r-devel-linux-x86_64-debian-gcc, r-devel-linux-x86_64-fedora-clang, r-devel-linux-x86_64-fedora-gcc, r-devel-osx-x86_64-clang