CRAN Package Check Results for Package Rfit

Last updated on 2017-05-24 22:47:31.

Flavor Version Tinstall Tcheck Ttotal Status Flags
r-devel-linux-x86_64-debian-clang 0.23.0 1.42 17.92 19.34 NOTE
r-devel-linux-x86_64-debian-gcc 0.23.0 1.51 17.35 18.86 NOTE
r-devel-linux-x86_64-fedora-clang 0.23.0 32.50 NOTE --no-stop-on-test-error
r-devel-linux-x86_64-fedora-gcc 0.23.0 31.22 NOTE --no-stop-on-test-error
r-devel-windows-ix86+x86_64 0.23.0 11.00 46.00 57.00 OK
r-patched-linux-x86_64 0.23.0 1.42 17.38 18.81 NOTE
r-patched-solaris-sparc 0.23.0 203.50 OK
r-patched-solaris-x86 0.23.0 44.30 OK
r-release-linux-x86_64 0.23.0 1.46 17.84 19.30 NOTE
r-release-windows-ix86+x86_64 0.23.0 8.00 57.00 65.00 OK
r-release-osx-x86_64 0.23.0 OK
r-oldrel-windows-ix86+x86_64 0.23.0 13.00 55.00 68.00 OK
r-oldrel-osx-x86_64 0.23.0 OK

Check Details

Version: 0.23.0
Check: compiled code
Result: NOTE
    File ‘Rfit/libs/Rfit.so’:
     Found no calls to: ‘R_registerRoutines’, ‘R_useDynamicSymbols’
    
    It is good practice to register native routines and to disable symbol
    search.
    
    See ‘Writing portable packages’ in the ‘Writing R Extensions’ manual.
Flavors: r-devel-linux-x86_64-debian-clang, r-devel-linux-x86_64-debian-gcc, r-patched-linux-x86_64, r-release-linux-x86_64

Version: 0.23.0
Flags: --no-stop-on-test-error
Check: compiled code
Result: NOTE
    File ‘Rfit/libs/Rfit.so’:
     Found no calls to: ‘R_registerRoutines’, ‘R_useDynamicSymbols’
    
    It is good practice to register native routines and to disable symbol
    search.
    
    See ‘Writing portable packages’ in the ‘Writing R Extensions’ manual.
Flavors: r-devel-linux-x86_64-fedora-clang, r-devel-linux-x86_64-fedora-gcc