CRAN Package Check Results for Package Rfit

Last updated on 2014-04-20 09:48:22.

Flavor Version Tinstall Tcheck Ttotal Status Flags
r-devel-linux-x86_64-debian-clang 0.17 1.95 18.35 20.30 OK
r-devel-linux-x86_64-debian-gcc 0.17 1.88 18.57 20.45 OK
r-devel-linux-x86_64-fedora-clang 0.17 40.31 OK
r-devel-linux-x86_64-fedora-gcc 0.17 38.87 OK
r-devel-macosx-x86_64-clang 0.17 36.97 OK
r-devel-macosx-x86_64-gcc 0.17 ERROR
r-devel-windows-ix86+x86_64 0.17 9.00 38.00 47.00 OK
r-patched-linux-x86_64 0.17 1.93 18.79 20.72 OK
r-patched-solaris-sparc 0.17 227.50 OK
r-patched-solaris-x86 0.17 57.20 OK
r-release-linux-ix86 OK
r-release-linux-x86_64 0.17 1.90 18.16 20.07 OK
r-release-macosx-x86_64 0.17 OK
r-release-windows-ix86+x86_64 0.17 12.00 36.00 48.00 OK
r-oldrel-windows-ix86+x86_64 0.17 9.00 35.00 44.00 OK

Check Details

Version: 0.17
Check: package dependencies
Result: ERROR
    Package required but not available: ‘quantreg’
    
    See the information on DESCRIPTION files in the chapter ‘Creating R
    packages’ of the ‘Writing R Extensions’ manual.
Flavor: r-devel-macosx-x86_64-gcc