CRAN Package Check Results for Package Rfit

Last updated on 2018-05-21 13:49:42 CEST.

Flavor Version Tinstall Tcheck Ttotal Status Flags
r-devel-linux-x86_64-debian-clang 0.23.0 2.90 25.54 28.44 NOTE
r-devel-linux-x86_64-debian-gcc 0.23.0 2.53 21.55 24.08 NOTE
r-devel-linux-x86_64-fedora-clang 0.23.0 36.15 NOTE
r-devel-linux-x86_64-fedora-gcc 0.23.0 34.15 NOTE
r-devel-windows-ix86+x86_64 0.23.0 17.00 52.00 69.00 OK
r-patched-linux-x86_64 0.23.0 2.23 26.46 28.69 NOTE
r-patched-solaris-x86 0.23.0 52.80 OK
r-release-linux-x86_64 0.23.0 2.47 25.87 28.34 NOTE
r-release-windows-ix86+x86_64 0.23.0 12.00 78.00 90.00 OK
r-release-osx-x86_64 0.23.0 OK
r-oldrel-windows-ix86+x86_64 0.23.0 10.00 62.00 72.00 OK
r-oldrel-osx-x86_64 0.23.0 OK

Check Details

Version: 0.23.0
Check: compiled code
Result: NOTE
    File ‘Rfit/libs/Rfit.so’:
     Found no calls to: ‘R_registerRoutines’, ‘R_useDynamicSymbols’
    
    It is good practice to register native routines and to disable symbol
    search.
    
    See ‘Writing portable packages’ in the ‘Writing R Extensions’ manual.
Flavors: r-devel-linux-x86_64-debian-clang, r-devel-linux-x86_64-debian-gcc, r-devel-linux-x86_64-fedora-clang, r-devel-linux-x86_64-fedora-gcc, r-patched-linux-x86_64, r-release-linux-x86_64