CRAN Package Check Results for Package Rfit

Last updated on 2017-06-22 15:48:52.

Flavor Version Tinstall Tcheck Ttotal Status Flags
r-devel-linux-x86_64-debian-clang 0.23.0 1.56 18.17 19.73 NOTE
r-devel-linux-x86_64-debian-gcc 0.23.0 1.55 17.95 19.50 NOTE
r-devel-linux-x86_64-fedora-clang 0.23.0 33.00 NOTE
r-devel-linux-x86_64-fedora-gcc 0.23.0 31.49 NOTE
r-devel-windows-ix86+x86_64 0.23.0 12.00 48.00 60.00 OK
r-patched-linux-x86_64 0.23.0 1.65 18.00 19.65 NOTE
r-patched-solaris-sparc 0.23.0 203.50 OK
r-patched-solaris-x86 0.23.0 44.50 OK
r-release-linux-x86_64 0.23.0 1.50 17.98 19.49 NOTE
r-release-windows-ix86+x86_64 0.23.0 13.00 46.00 59.00 OK
r-release-osx-x86_64 0.23.0 OK
r-oldrel-windows-ix86+x86_64 0.23.0 12.00 41.00 53.00 OK
r-oldrel-osx-x86_64 0.23.0 OK

Check Details

Version: 0.23.0
Check: compiled code
Result: NOTE
    File ‘Rfit/libs/Rfit.so’:
     Found no calls to: ‘R_registerRoutines’, ‘R_useDynamicSymbols’
    
    It is good practice to register native routines and to disable symbol
    search.
    
    See ‘Writing portable packages’ in the ‘Writing R Extensions’ manual.
Flavors: r-devel-linux-x86_64-debian-clang, r-devel-linux-x86_64-debian-gcc, r-devel-linux-x86_64-fedora-clang, r-devel-linux-x86_64-fedora-gcc, r-patched-linux-x86_64, r-release-linux-x86_64