CRAN Package Check Results for Package Rfit

Last updated on 2015-07-03 07:48:14.

Flavor Version Tinstall Tcheck Ttotal Status Flags
r-devel-linux-x86_64-debian-clang 0.21 1.50 16.06 17.56 NOTE
r-devel-linux-x86_64-debian-gcc 0.21 1.44 15.46 16.90 NOTE
r-devel-linux-x86_64-fedora-clang 0.21 33.78 NOTE
r-devel-linux-x86_64-fedora-gcc 0.21 31.27 NOTE
r-devel-osx-x86_64-clang 0.21 32.73 NOTE
r-devel-windows-ix86+x86_64 0.21 9.00 34.00 43.00 NOTE
r-patched-linux-x86_64 0.21 1.57 16.89 18.46 NOTE
r-patched-solaris-sparc 0.21 201.70 NOTE
r-patched-solaris-x86 0.21 50.10 NOTE
r-release-linux-x86_64 0.21 1.55 16.74 18.28 NOTE
r-release-osx-x86_64-mavericks 0.21 OK
r-release-windows-ix86+x86_64 0.21 9.00 38.00 47.00 OK
r-oldrel-windows-ix86+x86_64 0.21 12.00 40.00 52.00 OK

Check Details

Version: 0.21
Check: S3 generic/method consistency
Result: NOTE
    Found the following apparent S3 methods exported but not registered:
     print.drop.test print.oneway.rfit print.raov print.rfit
     print.summary.oneway.rfit print.summary.rfit rfit.default
     rstudent.rfit summary.oneway.rfit summary.rfit vcov.rfit
    See section ‘Registering S3 methods’ in the ‘Writing R Extensions’
    manual.
Flavors: r-devel-linux-x86_64-debian-clang, r-devel-linux-x86_64-debian-gcc, r-devel-linux-x86_64-fedora-clang, r-devel-linux-x86_64-fedora-gcc, r-devel-osx-x86_64-clang, r-patched-linux-x86_64, r-patched-solaris-sparc, r-patched-solaris-x86, r-release-linux-x86_64

Version: 0.21
Check: R code for possible problems
Result: NOTE
    cellx: no visible global function definition for ‘model.matrix’
    confintadjust: no visible global function definition for ‘qt’
    confintadjust: no visible global function definition for ‘qtukey’
    drop.test: no visible global function definition for ‘pf’
    gettau: no visible global function definition for ‘median’
    gettau: no visible global function definition for ‘mad’
    gettauF0: no visible global function definition for ‘mad’
    jaeckel: no visible global function definition for ‘sd’
    jaeckel: no visible global function definition for ‘optim’
    kwayr: no visible global function definition for ‘pf’
    oneway.rfit: no visible global function definition for ‘model.matrix’
    oneway.rfit: no visible global function definition for ‘pt’
    print.summary.rfit: no visible global function definition for
     ‘printCoefmat’
    raov: no visible global function definition for ‘model.frame’
    raov: no visible global function definition for ‘residuals’
    raov: no visible global function definition for ‘fitted.values’
    rfit.default: no visible global function definition for ‘model.matrix’
    rfit.default: no visible global function definition for
     ‘model.response’
    rfit.default: no visible global function definition for ‘lsfit’
    rfit.default: no visible global function definition for ‘median’
    rstudent.rfit: no visible global function definition for ‘mad’
    rstudent.rfit: no visible global function definition for ‘hat’
    signedrank: no visible global function definition for ‘median’
    summary.rfit: no visible global function definition for ‘vcov’
    summary.rfit: no visible global function definition for ‘pt’
    taustar: no visible global function definition for ‘qnorm’
    Undefined global functions or variables:
     fitted.values hat lsfit mad median model.frame model.matrix
     model.response optim pf printCoefmat pt qnorm qt qtukey residuals sd
     vcov
Flavors: r-devel-linux-x86_64-debian-clang, r-devel-linux-x86_64-debian-gcc, r-devel-linux-x86_64-fedora-clang, r-devel-linux-x86_64-fedora-gcc, r-devel-windows-ix86+x86_64