CRAN Package Check Results for Package RfmriVC

Last updated on 2014-04-18 20:48:06.

Flavor Version Tinstall Tcheck Ttotal Status Flags
r-devel-linux-x86_64-debian-clang 1.0.4 4.67 41.78 46.45 NOTE
r-devel-linux-x86_64-debian-gcc NOTE
r-devel-linux-x86_64-fedora-clang 1.0.4 109.83 NOTE
r-devel-linux-x86_64-fedora-gcc 1.0.4 102.82 NOTE
r-devel-macosx-x86_64-clang 1.0.4 87.04 NOTE
r-devel-macosx-x86_64-gcc 1.0.4 NOTE
r-devel-windows-ix86+x86_64 1.0.4 10.00 60.00 70.00 NOTE
r-patched-linux-x86_64 1.0.4 3.88 41.30 45.19 NOTE
r-patched-solaris-sparc 1.0.4 555.40 NOTE
r-patched-solaris-x86 1.0.4 139.10 NOTE
r-release-linux-ix86 1.0.4 9.00 68.00 77.00 NOTE
r-release-linux-x86_64 1.0.4 3.94 41.15 45.10 NOTE
r-release-macosx-x86_64 1.0.4 NOTE
r-release-windows-ix86+x86_64 1.0.4 11.00 61.00 72.00 NOTE
r-oldrel-windows-ix86+x86_64 1.0.4 12.00 58.00 70.00 NOTE

Check Details

Version: 1.0.4
Check: dependencies in R code
Result: NOTE
    'library' or 'require' call to ‘Rniftilib’ which was already attached by Depends.
     Please remove these calls from your code.
    Packages in Depends field not imported from:
     ‘Rniftilib’ ‘methods’ ‘mgcv’ ‘mvtnorm’
     These packages need to be imported from (in the NAMESPACE file)
     for when this namespace is loaded but not attached.
    See the information on DESCRIPTION files in the chapter ‘Creating R
    packages’ of the ‘Writing R Extensions’ manual.
Flavors: r-devel-linux-x86_64-debian-clang, r-devel-linux-x86_64-debian-gcc, r-devel-linux-x86_64-fedora-clang, r-devel-linux-x86_64-fedora-gcc, r-devel-macosx-x86_64-clang, r-devel-macosx-x86_64-gcc, r-devel-windows-ix86+x86_64, r-patched-linux-x86_64, r-patched-solaris-sparc, r-patched-solaris-x86, r-release-linux-ix86, r-release-linux-x86_64, r-release-windows-ix86+x86_64, r-oldrel-windows-ix86+x86_64

Version: 1.0.4
Check: dependencies in R code
Result: NOTE
    'library' or 'require' call to 'Rniftilib' which was already attached by Depends.
     Please remove these calls from your code.
    See the information on DESCRIPTION files in the chapter 'Creating R
    packages' of the 'Writing R Extensions' manual.
Flavor: r-release-macosx-x86_64