CRAN Package Check Results for Package RfmriVC

Last updated on 2014-09-03 05:47:51.

Flavor Version Tinstall Tcheck Ttotal Status Flags
r-devel-linux-x86_64-debian-clang 1.0.4 3.64 39.08 42.73 NOTE
r-devel-linux-x86_64-debian-gcc 1.0.4 3.56 39.12 42.69 NOTE
r-devel-linux-x86_64-fedora-clang 1.0.4 103.15 NOTE
r-devel-linux-x86_64-fedora-gcc 1.0.4 99.08 NOTE
r-devel-osx-x86_64-clang 1.0.4 80.74 NOTE
r-devel-windows-ix86+x86_64 1.0.4 10.00 65.00 75.00 NOTE
r-patched-linux-x86_64 1.0.4 4.34 40.09 44.42 NOTE
r-patched-solaris-sparc 1.0.4 599.20 NOTE
r-patched-solaris-x86 1.0.4 134.00 NOTE
r-release-linux-ix86 1.0.4 4.55 51.09 55.64 NOTE
r-release-linux-x86_64 1.0.4 3.80 40.69 44.50 NOTE
r-release-osx-x86_64-mavericks 1.0.4 NOTE
r-release-osx-x86_64-snowleopard 1.0.4 NOTE
r-release-windows-ix86+x86_64 1.0.4 9.00 67.00 76.00 NOTE
r-oldrel-windows-ix86+x86_64 1.0.4 11.00 61.00 72.00 NOTE

Check Details

Version: 1.0.4
Check: dependencies in R code
Result: NOTE
    'library' or 'require' call to ‘Rniftilib’ which was already attached by Depends.
     Please remove these calls from your code.
    Packages in Depends field not imported from:
     ‘Rniftilib’ ‘methods’ ‘mgcv’ ‘mvtnorm’ ‘splines’
     These packages need to be imported from (in the NAMESPACE file)
     for when this namespace is loaded but not attached.
    See the information on DESCRIPTION files in the chapter ‘Creating R
    packages’ of the ‘Writing R Extensions’ manual.
Flavors: r-devel-linux-x86_64-debian-clang, r-devel-linux-x86_64-debian-gcc, r-devel-linux-x86_64-fedora-clang, r-devel-linux-x86_64-fedora-gcc, r-devel-osx-x86_64-clang, r-devel-windows-ix86+x86_64, r-patched-linux-x86_64, r-patched-solaris-sparc, r-patched-solaris-x86

Version: 1.0.4
Check: R code for possible problems
Result: NOTE
    E.design: no visible global function definition for ‘bs’
    fc.gamma.k: no visible global function definition for ‘rmvnorm’
    fc.zeta: no visible global function definition for ‘rmvnorm’
    loadConfig: no visible global function definition for
     ‘nifti.image.read’
    loadResults: no visible global function definition for
     ‘nifti.image.read’
    doFmriVC.Bayes,ConfigVC: no visible global function definition for
     ‘nifti.image.new’
    doFmriVC.Bayes,ConfigVC: no visible global function definition for
     ‘nifti.image.alloc.data’
    doFmriVC.Classical,ConfigVC: no visible global function definition for
     ‘nifti.image.new’
    doFmriVC.Classical,ConfigVC: no visible global function definition for
     ‘nifti.image.alloc.data’
    doFmriVC.Classical,ConfigVC: no visible global function definition for
     ‘magic’
Flavors: r-devel-linux-x86_64-debian-clang, r-devel-linux-x86_64-debian-gcc, r-devel-linux-x86_64-fedora-clang, r-devel-linux-x86_64-fedora-gcc, r-devel-osx-x86_64-clang, r-devel-windows-ix86+x86_64

Version: 1.0.4
Check: dependencies in R code
Result: NOTE
    'library' or 'require' call to ‘Rniftilib’ which was already attached by Depends.
     Please remove these calls from your code.
    Packages in Depends field not imported from:
     ‘Rniftilib’ ‘methods’ ‘mgcv’ ‘mvtnorm’
     These packages need to be imported from (in the NAMESPACE file)
     for when this namespace is loaded but not attached.
    See the information on DESCRIPTION files in the chapter ‘Creating R
    packages’ of the ‘Writing R Extensions’ manual.
Flavors: r-release-linux-ix86, r-release-linux-x86_64, r-release-osx-x86_64-mavericks, r-release-windows-ix86+x86_64, r-oldrel-windows-ix86+x86_64

Version: 1.0.4
Check: dependencies in R code
Result: NOTE
    'library' or 'require' call to 'Rniftilib' which was already attached by Depends.
     Please remove these calls from your code.
    See the information on DESCRIPTION files in the chapter 'Creating R
    packages' of the 'Writing R Extensions' manual.
Flavor: r-release-osx-x86_64-snowleopard