Last updated on 2023-03-23 10:54:42 CET.
Flavor | Version | Tinstall | Tcheck | Ttotal | Status | Flags |
---|---|---|---|---|---|---|
r-devel-linux-x86_64-debian-clang | 0.1.6 | 4.50 | 80.89 | 85.39 | OK | |
r-devel-linux-x86_64-debian-gcc | 0.1.6 | 4.39 | 61.54 | 65.93 | OK | |
r-devel-linux-x86_64-fedora-clang | 0.1.6 | 111.72 | NOTE | |||
r-devel-linux-x86_64-fedora-gcc | 0.1.6 | 113.78 | NOTE | |||
r-devel-windows-x86_64 | 0.1.6 | 22.00 | 118.00 | 140.00 | OK | |
r-patched-linux-x86_64 | 0.1.6 | 3.48 | 77.68 | 81.16 | OK | |
r-release-linux-x86_64 | 0.1.6 | 4.47 | 76.78 | 81.25 | OK | |
r-release-macos-arm64 | 0.1.6 | 42.00 | NOTE | |||
r-release-macos-x86_64 | 0.1.6 | 55.00 | NOTE | |||
r-release-windows-x86_64 | 0.1.6 | 23.00 | 115.00 | 138.00 | OK | |
r-oldrel-macos-arm64 | 0.1.6 | 43.00 | NOTE | |||
r-oldrel-macos-x86_64 | 0.1.6 | 55.00 | NOTE | |||
r-oldrel-windows-ix86+x86_64 | 0.1.6 | 12.00 | 107.00 | 119.00 | OK |
Version: 0.1.6
Check: dependencies in R code
Result: NOTE
Namespace in Imports field not imported from: ‘tidyr’
All declared Imports should be used.
Flavors: r-devel-linux-x86_64-fedora-clang, r-devel-linux-x86_64-fedora-gcc, r-release-macos-arm64, r-release-macos-x86_64, r-oldrel-macos-arm64, r-oldrel-macos-x86_64