CRAN Package Check Results for Package Rglpk

Last updated on 2015-01-31 13:48:32.

Flavor Version Tinstall Tcheck Ttotal Status Flags
r-devel-linux-x86_64-debian-clang 0.6-0 1.28 9.21 10.48 NOTE
r-devel-linux-x86_64-debian-gcc 0.6-0 1.23 9.14 10.37 NOTE
r-devel-linux-x86_64-fedora-clang 0.6-0 23.24 NOTE
r-devel-linux-x86_64-fedora-gcc 0.6-0 21.37 NOTE
r-devel-osx-x86_64-clang 0.6-0 26.96 NOTE
r-devel-windows-ix86+x86_64 0.6-0 8.00 28.00 36.00 OK
r-patched-linux-x86_64 0.6-0 1.34 11.01 12.36 OK
r-patched-solaris-sparc 0.6-0 155.60 NOTE
r-patched-solaris-x86 0.6-0 38.80 NOTE
r-release-linux-ix86 0.6-0 1.98 16.97 18.94 OK
r-release-linux-x86_64 0.6-0 1.42 10.89 12.31 OK
r-release-osx-x86_64-mavericks 0.6-0 ERROR
r-release-osx-x86_64-snowleopard 0.6-0 OK
r-release-windows-ix86+x86_64 0.6-0 7.00 26.00 33.00 OK
r-oldrel-windows-ix86+x86_64 0.6-0 8.00 35.00 43.00 OK

Check Details

Version: 0.6-0
Check: S3 generic/method consistency
Result: NOTE
    Found the following apparent S3 methods exported but not registered:
     print.MP_data_from_file
    See section ‘Registering S3 methods’ in the ‘Writing R Extensions’
    manual.
Flavors: r-devel-linux-x86_64-debian-clang, r-devel-linux-x86_64-debian-gcc, r-devel-linux-x86_64-fedora-clang, r-devel-linux-x86_64-fedora-gcc, r-devel-osx-x86_64-clang

Version: 0.6-0
Check: Rd cross-references
Result: NOTE
    Package unavailable to check Rd xrefs: ‘Rsymphony’
Flavors: r-patched-solaris-sparc, r-patched-solaris-x86

Version: 0.6-0
Check: whether package can be installed
Result: ERROR
    Installation failed.
Flavor: r-release-osx-x86_64-mavericks