CRAN Package Check Results for Package Rglpk

Last updated on 2016-02-09 16:47:09.

Flavor Version Tinstall Tcheck Ttotal Status Flags
r-devel-linux-x86_64-debian-gcc 0.6-1 1.29 8.12 9.41 OK
r-devel-linux-x86_64-fedora-clang 0.6-1 17.44 OK
r-devel-linux-x86_64-fedora-gcc 0.6-1 16.21 OK
r-devel-osx-x86_64-clang 0.6-1 21.18 OK
r-devel-windows-ix86+x86_64 0.6-1 14.00 40.00 54.00 OK
r-patched-linux-x86_64 0.6-1 1.35 9.14 10.49 OK
r-patched-solaris-sparc 0.6-1 128.60 NOTE
r-patched-solaris-x86 0.6-1 27.90 NOTE
r-release-linux-x86_64 0.6-1 1.43 9.12 10.55 OK
r-release-osx-x86_64-mavericks 0.6-1 NOTE
r-release-windows-ix86+x86_64 0.6-1 9.00 24.00 33.00 OK
r-oldrel-windows-ix86+x86_64 0.6-1 16.00 43.00 59.00 OK

Check Details

Version: 0.6-1
Check: Rd cross-references
Result: NOTE
    Package unavailable to check Rd xrefs: ‘Rsymphony’
Flavors: r-patched-solaris-sparc, r-patched-solaris-x86, r-release-osx-x86_64-mavericks