CRAN Package Check Results for Package Rglpk

Last updated on 2017-01-24 11:49:33.

Flavor Version Tinstall Tcheck Ttotal Status Flags
r-devel-linux-x86_64-debian-clang 0.6-2 1.63 11.38 13.01 OK
r-devel-linux-x86_64-debian-gcc 0.6-2 1.54 11.18 12.72 OK
r-devel-linux-x86_64-fedora-clang 0.6-2 22.34 OK --no-stop-on-test-error
r-devel-linux-x86_64-fedora-gcc 0.6-2 20.69 OK --no-stop-on-test-error
r-devel-macos-x86_64-clang 0.6-2 19.37 OK --no-stop-on-test-error
r-devel-windows-ix86+x86_64 0.6-2 30.00 35.00 65.00 OK
r-patched-linux-x86_64 0.6-2 1.35 10.13 11.47 OK
r-patched-solaris-sparc 0.6-2 123.50 NOTE
r-patched-solaris-x86 0.6-2 28.10 NOTE
r-release-linux-x86_64 0.6-2 1.55 10.56 12.11 OK
r-release-osx-x86_64-mavericks 0.6-2 NOTE
r-release-windows-ix86+x86_64 0.6-2 16.00 38.00 54.00 OK
r-oldrel-windows-ix86+x86_64 0.6-2 41.00 35.00 76.00 OK

Check Details

Version: 0.6-2
Check: Rd cross-references
Result: NOTE
    Package unavailable to check Rd xrefs: ‘Rsymphony’
Flavors: r-patched-solaris-sparc, r-patched-solaris-x86, r-release-osx-x86_64-mavericks