CRAN Package Check Results for Package Rglpk

Last updated on 2016-07-30 08:48:28.

Flavor Version Tinstall Tcheck Ttotal Status Flags
r-devel-linux-x86_64-debian-clang 0.6-2 1.57 9.52 11.09 OK
r-devel-linux-x86_64-debian-gcc 0.6-2 1.43 9.65 11.09 OK
r-devel-linux-x86_64-fedora-clang 0.6-2 17.32 OK
r-devel-linux-x86_64-fedora-gcc 0.6-2 16.10 OK
r-devel-osx-x86_64-clang 0.6-2 16.73 OK
r-devel-windows-ix86+x86_64 0.6-2 8.00 31.00 39.00 OK
r-patched-linux-x86_64 0.6-2 2.06 10.92 12.97 OK
r-patched-solaris-sparc 0.6-2 117.70 NOTE
r-patched-solaris-x86 0.6-2 26.40 NOTE
r-release-linux-x86_64 0.6-2 1.70 11.65 13.35 OK
r-release-osx-x86_64-mavericks 0.6-2 NOTE
r-release-windows-ix86+x86_64 0.6-2 11.00 47.00 58.00 OK
r-oldrel-windows-ix86+x86_64 0.6-2 12.00 34.00 46.00 OK

Check Details

Version: 0.6-2
Check: Rd cross-references
Result: NOTE
    Package unavailable to check Rd xrefs: ‘Rsymphony’
Flavors: r-patched-solaris-sparc, r-patched-solaris-x86, r-release-osx-x86_64-mavericks