CRAN Package Check Results for Package Rglpk

Last updated on 2016-09-25 03:47:24.

Flavor Version Tinstall Tcheck Ttotal Status Flags
r-devel-linux-x86_64-debian-clang 0.6-2 1.50 9.66 11.16 OK
r-devel-linux-x86_64-debian-gcc 0.6-2 1.44 9.63 11.07 OK
r-devel-linux-x86_64-fedora-clang 0.6-2 17.97 OK
r-devel-linux-x86_64-fedora-gcc 0.6-2 17.19 OK
r-devel-macos-x86_64-clang 0.6-2 17.09 OK
r-devel-windows-ix86+x86_64 0.6-2 18.00 31.00 49.00 OK
r-patched-linux-x86_64 0.6-2 1.40 9.50 10.90 OK
r-patched-solaris-sparc 0.6-2 117.70 NOTE
r-patched-solaris-x86 0.6-2 26.00 NOTE
r-release-linux-x86_64 0.6-2 1.32 9.39 10.71 OK
r-release-osx-x86_64-mavericks 0.6-2 NOTE
r-release-windows-ix86+x86_64 0.6-2 8.00 38.00 46.00 OK
r-oldrel-windows-ix86+x86_64 0.6-2 15.00 38.00 53.00 OK

Check Details

Version: 0.6-2
Check: Rd cross-references
Result: NOTE
    Package unavailable to check Rd xrefs: ‘Rsymphony’
Flavors: r-patched-solaris-sparc, r-patched-solaris-x86, r-release-osx-x86_64-mavericks