CRAN Package Check Results for Package Rglpk

Last updated on 2014-12-19 08:48:39.

Flavor Version Tinstall Tcheck Ttotal Status Flags
r-devel-linux-x86_64-debian-clang 0.6-0 1.34 10.75 12.09 OK
r-devel-linux-x86_64-debian-gcc 0.6-0 1.27 10.25 11.52 OK
r-devel-linux-x86_64-fedora-clang 0.6-0 24.93 OK
r-devel-linux-x86_64-fedora-gcc 0.6-0 22.36 OK
r-devel-osx-x86_64-clang 0.6-0 26.05 OK
r-devel-windows-ix86+x86_64 0.6-0 1.00 2.00 3.00 ERROR
r-patched-linux-x86_64 0.6-0 1.33 10.47 11.80 OK
r-patched-solaris-sparc 0.6-0 137.60 NOTE
r-patched-solaris-x86 0.6-0 38.50 NOTE
r-release-linux-ix86 0.6-0 2.00 16.12 18.12 OK
r-release-linux-x86_64 0.6-0 1.35 10.40 11.75 OK
r-release-osx-x86_64-mavericks 0.6-0 ERROR
r-release-osx-x86_64-snowleopard 0.6-0 OK
r-release-windows-ix86+x86_64 0.6-0 7.00 26.00 33.00 OK
r-oldrel-windows-ix86+x86_64 0.6-0 8.00 35.00 43.00 OK

Check Details

Version: 0.6-0
Check: whether package can be installed
Result: ERROR
    Installation failed.
Flavors: r-devel-windows-ix86+x86_64, r-release-osx-x86_64-mavericks

Version: 0.6-0
Check: Rd cross-references
Result: NOTE
    Package unavailable to check Rd xrefs: ‘Rsymphony’
Flavors: r-patched-solaris-sparc, r-patched-solaris-x86