CRAN Package Check Results for Package Rglpk

Last updated on 2017-06-29 17:50:29.

Flavor Version Tinstall Tcheck Ttotal Status Flags
r-devel-linux-x86_64-debian-clang 0.6-3 1.85 12.34 14.19 OK
r-devel-linux-x86_64-debian-gcc 0.6-3 1.56 12.32 13.88 OK
r-devel-linux-x86_64-fedora-clang 0.6-3 22.64 OK
r-devel-linux-x86_64-fedora-gcc 0.6-3 21.62 OK
r-devel-windows-ix86+x86_64 0.6-3 19.00 48.00 67.00 OK
r-patched-linux-x86_64 0.6-3 1.64 11.94 13.57 OK
r-patched-solaris-sparc 0.6-3 139.50 NOTE
r-patched-solaris-x86 0.6-3 33.10 NOTE
r-release-linux-x86_64 0.6-3 2.07 12.13 14.21 OK
r-release-windows-ix86+x86_64 0.6-3 21.00 49.00 70.00 OK
r-release-osx-x86_64 0.6-3 ERROR
r-oldrel-windows-ix86+x86_64 0.6-3 11.00 33.00 44.00 OK
r-oldrel-osx-x86_64 0.6-3 NOTE

Check Details

Version: 0.6-3
Check: Rd cross-references
Result: NOTE
    Package unavailable to check Rd xrefs: ‘Rsymphony’
Flavors: r-patched-solaris-sparc, r-patched-solaris-x86, r-oldrel-osx-x86_64

Version: 0.6-3
Check: whether package can be installed
Result: ERROR
    Installation failed.
Flavor: r-release-osx-x86_64