CRAN Package Check Results for Package Rglpk

Last updated on 2015-07-04 09:48:13.

Flavor Version Tinstall Tcheck Ttotal Status Flags
r-devel-linux-x86_64-debian-clang 0.6-1 1.91 9.34 11.25 OK
r-devel-linux-x86_64-debian-gcc 0.6-1 1.29 8.74 10.03 OK
r-devel-linux-x86_64-fedora-clang 0.6-1 18.84 OK
r-devel-linux-x86_64-fedora-gcc 0.6-1 18.11 OK
r-devel-osx-x86_64-clang 0.6-1 20.95 OK
r-devel-windows-ix86+x86_64 0.6-1 11.00 26.00 37.00 OK
r-patched-linux-x86_64 0.6-1 1.32 9.87 11.19 OK
r-patched-solaris-sparc 0.6-1 150.90 NOTE
r-patched-solaris-x86 0.6-1 35.10 NOTE
r-release-linux-x86_64 0.6-1 1.33 9.56 10.89 OK
r-release-osx-x86_64-mavericks 0.6-1 NOTE
r-release-windows-ix86+x86_64 0.6-1 13.00 35.00 48.00 OK
r-oldrel-windows-ix86+x86_64 0.6-1 16.00 43.00 59.00 OK

Check Details

Version: 0.6-1
Check: Rd cross-references
Result: NOTE
    Package unavailable to check Rd xrefs: ‘Rsymphony’
Flavors: r-patched-solaris-sparc, r-patched-solaris-x86, r-release-osx-x86_64-mavericks