CRAN Package Check Results for Package Rglpk

Last updated on 2014-07-22 11:51:24.

Flavor Version Tinstall Tcheck Ttotal Status Flags
r-devel-linux-x86_64-debian-clang 0.6-0 1.18 9.80 10.98 OK
r-devel-linux-x86_64-debian-gcc 0.6-0 1.23 9.72 10.94 OK
r-devel-linux-x86_64-fedora-clang 0.6-0 23.76 OK
r-devel-linux-x86_64-fedora-gcc 0.6-0 21.50 OK
r-devel-osx-x86_64-clang 0.6-0 25.43 OK
r-devel-windows-ix86+x86_64 0.6-0 7.00 28.00 35.00 OK
r-patched-linux-x86_64 0.6-0 1.24 10.08 11.32 OK
r-patched-solaris-sparc 0.6-0 135.30 NOTE
r-patched-solaris-x86 0.6-0 36.60 NOTE
r-release-linux-ix86 0.6-0 2.00 16.25 18.24 OK
r-release-linux-x86_64 0.6-0 1.34 10.24 11.59 OK
r-release-osx-x86_64-mavericks 0.6-0 ERROR
r-release-osx-x86_64-snowleopard 0.6-0 OK
r-release-windows-ix86+x86_64 0.6-0 10.00 27.00 37.00 OK
r-oldrel-windows-ix86+x86_64 0.6-0 8.00 35.00 43.00 OK

Check Details

Version: 0.6-0
Check: Rd cross-references
Result: NOTE
    Package unavailable to check Rd xrefs: ‘Rsymphony’
Flavors: r-patched-solaris-sparc, r-patched-solaris-x86

Version: 0.6-0
Check: whether package can be installed
Result: ERROR
    Installation failed.
    See ‘/Builds/CRAN-QA-Simon/packages/mavericks-x86_64/results/3.1/Rglpk.Rcheck/00install.out’ for details.
Flavor: r-release-osx-x86_64-mavericks