CRAN Package Check Results for Package Rglpk

Last updated on 2016-06-27 19:49:40.

Flavor Version Tinstall Tcheck Ttotal Status Flags
r-devel-linux-x86_64-debian-gcc 0.6-2 1.38 9.34 10.71 OK
r-devel-linux-x86_64-fedora-clang 0.6-2 17.61 OK
r-devel-linux-x86_64-fedora-gcc 0.6-2 16.23 OK
r-devel-osx-x86_64-clang 0.6-2 16.88 OK
r-devel-windows-ix86+x86_64 0.6-2 10.00 29.00 39.00 OK
r-patched-linux-x86_64 0.6-2 1.46 10.12 11.58 OK
r-patched-solaris-sparc 0.6-2 119.80 NOTE
r-patched-solaris-x86 0.6-2 26.60 NOTE
r-release-linux-x86_64 0.6-2 1.46 9.39 10.85 OK
r-release-osx-x86_64-mavericks 0.6-2 NOTE
r-release-windows-ix86+x86_64 0.6-2 11.00 47.00 58.00 OK
r-oldrel-windows-ix86+x86_64 0.6-2 12.00 34.00 46.00 OK

Check Details

Version: 0.6-2
Check: Rd cross-references
Result: NOTE
    Package unavailable to check Rd xrefs: ‘Rsymphony’
Flavors: r-patched-solaris-sparc, r-patched-solaris-x86, r-release-osx-x86_64-mavericks