CRAN Package Check Results for Package Rglpk

Last updated on 2016-05-24 23:48:20.

Flavor Version Tinstall Tcheck Ttotal Status Flags
r-devel-linux-x86_64-debian-gcc 0.6-1 1.36 9.59 10.95 OK
r-devel-linux-x86_64-fedora-clang 0.6-1 17.71 OK
r-devel-linux-x86_64-fedora-gcc 0.6-1 16.33 OK
r-devel-osx-x86_64-clang 0.6-1 21.94 OK
r-devel-windows-ix86+x86_64 0.6-1 12.00 30.00 42.00 OK
r-patched-linux-x86_64 0.6-1 1.60 9.51 11.11 OK
r-patched-solaris-sparc 0.6-1 119.50 NOTE
r-patched-solaris-x86 0.6-1 26.30 NOTE
r-release-linux-x86_64 0.6-1 1.46 9.43 10.89 OK
r-release-osx-x86_64-mavericks 0.6-1 NOTE
r-release-windows-ix86+x86_64 0.6-1 12.00 30.00 42.00 OK
r-oldrel-windows-ix86+x86_64 0.6-1 9.00 24.00 33.00 OK

Check Details

Version: 0.6-1
Check: Rd cross-references
Result: NOTE
    Package unavailable to check Rd xrefs: ‘Rsymphony’
Flavors: r-patched-solaris-sparc, r-patched-solaris-x86, r-release-osx-x86_64-mavericks