CRAN Package Check Results for Package Rglpk

Last updated on 2014-09-22 01:48:11.

Flavor Version Tinstall Tcheck Ttotal Status Flags
r-devel-linux-x86_64-debian-clang 0.6-0 1.23 10.78 12.01 OK
r-devel-linux-x86_64-debian-gcc 0.6-0 1.38 10.15 11.53 OK
r-devel-linux-x86_64-fedora-clang 0.6-0 22.48 OK
r-devel-linux-x86_64-fedora-gcc 0.6-0 21.15 OK
r-devel-osx-x86_64-clang 0.6-0 26.88 OK
r-devel-windows-ix86+x86_64 0.6-0 8.00 26.00 34.00 OK
r-patched-linux-x86_64 0.6-0 1.26 10.16 11.43 OK
r-patched-solaris-sparc 0.6-0 143.20 NOTE
r-patched-solaris-x86 0.6-0 37.70 NOTE
r-release-linux-ix86 0.6-0 2.06 19.42 21.48 NOTE
r-release-linux-x86_64 0.6-0 1.29 11.12 12.41 OK
r-release-osx-x86_64-mavericks 0.6-0 ERROR
r-release-osx-x86_64-snowleopard 0.6-0 OK
r-release-windows-ix86+x86_64 0.6-0 10.00 27.00 37.00 OK
r-oldrel-windows-ix86+x86_64 0.6-0 8.00 35.00 43.00 OK

Check Details

Version: 0.6-0
Check: Rd cross-references
Result: NOTE
    Package unavailable to check Rd xrefs: ‘Rsymphony’
Flavors: r-patched-solaris-sparc, r-patched-solaris-x86, r-release-linux-ix86

Version: 0.6-0
Check: whether package can be installed
Result: ERROR
    Installation failed.
Flavor: r-release-osx-x86_64-mavericks