CRAN Package Check Results for Package Rglpk

Last updated on 2017-10-24 10:48:05.

Flavor Version Tinstall Tcheck Ttotal Status Flags
r-devel-linux-x86_64-debian-clang 0.6-3 1.63 13.00 14.63 OK
r-devel-linux-x86_64-debian-gcc 0.6-3 1.85 12.99 14.84 OK
r-devel-linux-x86_64-fedora-clang 0.6-3 22.80 OK
r-devel-linux-x86_64-fedora-gcc 0.6-3 21.81 OK
r-devel-windows-ix86+x86_64 0.6-3 18.00 37.00 55.00 OK
r-patched-linux-x86_64 0.6-3 1.62 12.81 14.43 OK
r-patched-solaris-x86 0.6-3 34.00 NOTE
r-release-linux-x86_64 0.6-3 1.68 12.80 14.47 OK
r-release-windows-ix86+x86_64 0.6-3 11.00 37.00 48.00 OK
r-release-osx-x86_64 0.6-3 ERROR
r-oldrel-windows-ix86+x86_64 0.6-3 11.00 33.00 44.00 OK
r-oldrel-osx-x86_64 0.6-3 NOTE

Check Details

Version: 0.6-3
Check: Rd cross-references
Result: NOTE
    Package unavailable to check Rd xrefs: ‘Rsymphony’
Flavors: r-patched-solaris-x86, r-oldrel-osx-x86_64

Version: 0.6-3
Check: whether package can be installed
Result: ERROR
    Installation failed.
Flavor: r-release-osx-x86_64