CRAN Package Check Results for Package Rglpk

Last updated on 2014-04-24 03:47:52.

Flavor Version Tinstall Tcheck Ttotal Status Flags
r-devel-linux-x86_64-debian-clang 0.5-2 1.71 15.99 17.70 OK
r-devel-linux-x86_64-debian-gcc 0.5-2 1.71 15.76 17.47 OK
r-devel-linux-x86_64-fedora-clang 0.5-2 31.22 OK
r-devel-linux-x86_64-fedora-gcc 0.5-2 30.27 OK
r-devel-osx-x86_64-clang 0.5-2 24.38 OK
r-devel-osx-x86_64-gcc 0.5-2 NOTE
r-devel-windows-ix86+x86_64 0.5-2 125.00 28.00 153.00 OK
r-patched-linux-x86_64 0.5-2 1.75 15.90 17.65 OK
r-patched-solaris-sparc 0.5-2 158.00 NOTE
r-patched-solaris-x86 0.5-2 41.70 NOTE
r-release-linux-ix86 0.5-2 3.00 32.00 35.00 OK
r-release-linux-x86_64 0.5-2 1.71 15.98 17.69 OK
r-release-osx-x86_64-mavericks 0.5-2 WARN
r-release-osx-x86_64-snowleopard 0.5-2 OK
r-release-windows-ix86+x86_64 0.5-2 241.00 35.00 276.00 OK
r-oldrel-windows-ix86+x86_64 0.5-2 136.00 32.00 168.00 OK

Check Details

Version: 0.5-2
Check: Rd cross-references
Result: NOTE
    Packages unavailable to check Rd xrefs: ‘ROI’, ‘Rsymphony’
Flavor: r-devel-osx-x86_64-gcc

Version: 0.5-2
Check: Rd cross-references
Result: NOTE
    Package unavailable to check Rd xrefs: ‘Rsymphony’
Flavors: r-patched-solaris-sparc, r-patched-solaris-x86, r-release-osx-x86_64-mavericks

Version: 0.5-2
Check: PDF version of manual
Result: WARNING
    LaTeX errors when creating PDF version.
    This typically indicates Rd problems.
    LaTeX errors found:
    ! LaTeX Error: File `upquote.sty' not found.
    
    Type X to quit or <RETURN> to proceed,
    or enter new name. (Default extension: sty)
    
    6dc03d9a/Rd2.tex:8: ==> Fatal error occurred, no output PDF file produced!
Flavor: r-release-osx-x86_64-mavericks