CRAN Package Check Results for Package Rglpk

Last updated on 2018-05-22 13:46:46 CEST.

Flavor Version Tinstall Tcheck Ttotal Status Flags
r-devel-linux-x86_64-debian-clang 0.6-3 3.03 19.18 22.21 OK
r-devel-linux-x86_64-debian-gcc 0.6-3 2.37 15.16 17.53 OK
r-devel-linux-x86_64-fedora-clang 0.6-3 26.43 OK
r-devel-linux-x86_64-fedora-gcc 0.6-3 25.09 OK
r-devel-windows-ix86+x86_64 0.6-3 16.00 42.00 58.00 OK
r-patched-linux-x86_64 0.6-3 2.50 18.28 20.78 OK
r-patched-solaris-x86 0.6-3 41.90 NOTE
r-release-linux-x86_64 0.6-3 2.26 18.25 20.51 OK
r-release-windows-ix86+x86_64 0.6-3 21.00 60.00 81.00 OK
r-release-osx-x86_64 0.6-3 ERROR
r-oldrel-windows-ix86+x86_64 0.6-3 25.00 50.00 75.00 OK
r-oldrel-osx-x86_64 0.6-3 ERROR

Check Details

Version: 0.6-3
Check: Rd cross-references
Result: NOTE
    Package unavailable to check Rd xrefs: ‘Rsymphony’
Flavor: r-patched-solaris-x86

Version: 0.6-3
Check: whether package can be installed
Result: ERROR
    Installation failed.
Flavors: r-release-osx-x86_64, r-oldrel-osx-x86_64