CRAN Package Check Results for Package Rglpk

Last updated on 2015-05-28 19:47:40.

Flavor Version Tinstall Tcheck Ttotal Status Flags
r-devel-linux-x86_64-debian-clang 0.6-0 1.28 9.48 10.76 NOTE
r-devel-linux-x86_64-debian-gcc 0.6-0 1.26 9.61 10.87 NOTE
r-devel-linux-x86_64-fedora-clang 0.6-0 20.73 NOTE
r-devel-linux-x86_64-fedora-gcc 0.6-0 19.07 NOTE
r-devel-osx-x86_64-clang 0.6-0 23.89 NOTE
r-devel-windows-ix86+x86_64 0.6-0 8.00 25.00 33.00 OK
r-patched-linux-x86_64 0.6-0 1.24 9.47 10.71 NOTE
r-patched-solaris-sparc 0.6-0 135.90 NOTE
r-patched-solaris-x86 0.6-0 35.10 NOTE
r-release-linux-x86_64 0.6-0 1.23 9.53 10.76 NOTE
r-release-osx-x86_64-mavericks 0.6-0 NOTE
r-release-osx-x86_64-snowleopard 0.6-0 OK
r-release-windows-ix86+x86_64 0.6-0 6.00 26.00 32.00 OK
r-oldrel-windows-ix86+x86_64 0.6-0 13.00 29.00 42.00 OK

Check Details

Version: 0.6-0
Check: S3 generic/method consistency
Result: NOTE
    Found the following apparent S3 methods exported but not registered:
     print.MP_data_from_file
    See section ‘Registering S3 methods’ in the ‘Writing R Extensions’
    manual.
Flavors: r-devel-linux-x86_64-debian-clang, r-devel-linux-x86_64-debian-gcc, r-devel-linux-x86_64-fedora-clang, r-devel-linux-x86_64-fedora-gcc, r-devel-osx-x86_64-clang, r-patched-linux-x86_64, r-patched-solaris-sparc, r-patched-solaris-x86, r-release-linux-x86_64

Version: 0.6-0
Check: Rd cross-references
Result: NOTE
    Package unavailable to check Rd xrefs: ‘Rsymphony’
Flavors: r-patched-solaris-sparc, r-patched-solaris-x86, r-release-osx-x86_64-mavericks