Last updated on 2023-09-21 23:51:37 CEST.
Flavor | Version | Tinstall | Tcheck | Ttotal | Status | Flags |
---|---|---|---|---|---|---|
r-devel-linux-x86_64-debian-clang | 0.6-5 | 5.49 | 27.31 | 32.80 | OK | |
r-devel-linux-x86_64-debian-gcc | 0.6-5 | 3.71 | 20.74 | 24.45 | OK | |
r-devel-linux-x86_64-fedora-clang | 0.6-5 | 40.93 | NOTE | |||
r-devel-linux-x86_64-fedora-gcc | 0.6-5 | 41.03 | OK | |||
r-devel-windows-x86_64 | 0.6-5 | 13.00 | 51.00 | 64.00 | OK | |
r-patched-linux-x86_64 | 0.6-5 | 4.19 | 26.07 | 30.26 | OK | |
r-release-linux-x86_64 | 0.6-5 | 4.54 | 26.29 | 30.83 | OK | |
r-release-macos-arm64 | 0.6-5 | 24.00 | OK | |||
r-release-macos-x86_64 | 0.6-5 | 26.00 | OK | |||
r-release-windows-x86_64 | 0.6-5 | 14.00 | 59.00 | 73.00 | OK | |
r-oldrel-macos-arm64 | 0.6-5 | 21.00 | OK | |||
r-oldrel-macos-x86_64 | 0.6-5 | 33.00 | OK | |||
r-oldrel-windows-x86_64 | 0.6-5 | 24.00 | 57.00 | 81.00 | OK |
Version: 0.6-5
Check: Rd cross-references
Result: NOTE
Undeclared packages ‘lpSolve’, ‘ROI’, ‘Rsymphony’ in Rd xrefs
Flavor: r-devel-linux-x86_64-fedora-clang