CRAN Package Check Results for Package Rglpk

Last updated on 2016-08-27 05:48:56.

Flavor Version Tinstall Tcheck Ttotal Status Flags
r-devel-linux-x86_64-debian-clang 0.6-2 1.61 9.46 11.07 OK
r-devel-linux-x86_64-debian-gcc 0.6-2 2.05 12.11 14.16 OK
r-devel-linux-x86_64-fedora-clang 0.6-2 18.11 OK
r-devel-linux-x86_64-fedora-gcc 0.6-2 17.49 OK
r-devel-osx-x86_64-clang 0.6-2 16.97 OK
r-devel-windows-ix86+x86_64 0.6-2 12.00 36.00 48.00 OK
r-patched-linux-x86_64 0.6-2 1.40 9.07 10.48 OK
r-patched-solaris-sparc 0.6-2 117.70 NOTE
r-patched-solaris-x86 0.6-2 26.60 NOTE
r-release-linux-x86_64 0.6-2 1.55 9.51 11.06 OK
r-release-osx-x86_64-mavericks 0.6-2 NOTE
r-release-windows-ix86+x86_64 0.6-2 15.00 43.00 58.00 OK
r-oldrel-windows-ix86+x86_64 0.6-2 15.00 38.00 53.00 OK

Check Details

Version: 0.6-2
Check: Rd cross-references
Result: NOTE
    Package unavailable to check Rd xrefs: ‘Rsymphony’
Flavors: r-patched-solaris-sparc, r-patched-solaris-x86, r-release-osx-x86_64-mavericks