CRAN Package Check Results for Package Rglpk

Last updated on 2017-05-24 01:49:23.

Flavor Version Tinstall Tcheck Ttotal Status Flags
r-devel-linux-x86_64-debian-clang 0.6-3 1.81 12.48 14.29 OK
r-devel-linux-x86_64-debian-gcc 0.6-3 1.63 12.15 13.77 OK
r-devel-linux-x86_64-fedora-clang 0.6-3 22.29 OK --no-stop-on-test-error
r-devel-linux-x86_64-fedora-gcc 0.6-3 21.99 OK --no-stop-on-test-error
r-devel-windows-ix86+x86_64 0.6-3 24.00 48.00 72.00 OK
r-patched-linux-x86_64 0.6-3 1.57 12.06 13.63 OK
r-patched-solaris-sparc 0.6-3 139.50 NOTE
r-patched-solaris-x86 0.6-3 29.50 NOTE
r-release-linux-x86_64 0.6-3 1.67 11.95 13.62 OK
r-release-windows-ix86+x86_64 0.6-3 21.00 49.00 70.00 OK
r-release-osx-x86_64 0.6-3 ERROR
r-oldrel-windows-ix86+x86_64 0.6-3 11.00 33.00 44.00 OK
r-oldrel-osx-x86_64 0.6-3 NOTE

Check Details

Version: 0.6-3
Check: Rd cross-references
Result: NOTE
    Package unavailable to check Rd xrefs: ‘Rsymphony’
Flavors: r-patched-solaris-sparc, r-patched-solaris-x86, r-oldrel-osx-x86_64

Version: 0.6-3
Check: whether package can be installed
Result: ERROR
    Installation failed.
Flavor: r-release-osx-x86_64