CRAN Package Check Results for Package Rglpk

Last updated on 2014-11-23 19:47:55.

Flavor Version Tinstall Tcheck Ttotal Status Flags
r-devel-linux-x86_64-debian-clang 0.6-0 1.29 10.56 11.85 OK
r-devel-linux-x86_64-debian-gcc 0.6-0 1.26 10.49 11.75 OK
r-devel-linux-x86_64-fedora-clang 0.6-0 24.82 OK
r-devel-linux-x86_64-fedora-gcc 0.6-0 22.17 OK
r-devel-osx-x86_64-clang 0.6-0 26.97 OK
r-devel-windows-ix86+x86_64 0.6-0 7.00 24.00 31.00 OK
r-patched-linux-x86_64 0.6-0 1.31 10.65 11.96 OK
r-patched-solaris-sparc 0.6-0 143.20 NOTE
r-patched-solaris-x86 0.6-0 38.30 NOTE
r-release-linux-ix86 0.6-0 2.01 16.25 18.26 OK
r-release-linux-x86_64 0.6-0 1.32 -2.00 -0.68 OK
r-release-osx-x86_64-mavericks 0.6-0 ERROR
r-release-osx-x86_64-snowleopard 0.6-0 OK
r-release-windows-ix86+x86_64 0.6-0 7.00 26.00 33.00 OK
r-oldrel-windows-ix86+x86_64 0.6-0 8.00 35.00 43.00 OK

Check Details

Version: 0.6-0
Check: Rd cross-references
Result: NOTE
    Package unavailable to check Rd xrefs: ‘Rsymphony’
Flavors: r-patched-solaris-sparc, r-patched-solaris-x86

Version: 0.6-0
Check: whether package can be installed
Result: ERROR
    Installation failed.
Flavor: r-release-osx-x86_64-mavericks