CRAN Package Check Results for Package Rglpk

Last updated on 2015-08-29 06:47:52.

Flavor Version Tinstall Tcheck Ttotal Status Flags
r-devel-linux-x86_64-debian-clang 0.6-1 1.35 8.98 10.33 OK
r-devel-linux-x86_64-debian-gcc 0.6-1 1.21 8.58 9.79 OK
r-devel-linux-x86_64-fedora-clang 0.6-1 19.12 OK
r-devel-linux-x86_64-fedora-gcc 0.6-1 17.86 OK
r-devel-osx-x86_64-clang 0.6-1 21.52 OK
r-devel-windows-ix86+x86_64 0.6-1 17.00 27.00 44.00 OK
r-patched-linux-x86_64 0.6-1 1.29 9.32 10.61 OK
r-patched-solaris-sparc 0.6-1 160.30 NOTE
r-patched-solaris-x86 0.6-1 36.30 NOTE
r-release-linux-x86_64 0.6-1 1.36 9.92 11.28 OK
r-release-osx-x86_64-mavericks 0.6-1 NOTE
r-release-windows-ix86+x86_64 0.6-1 15.00 34.00 49.00 OK
r-oldrel-windows-ix86+x86_64 0.6-1 16.00 43.00 59.00 OK

Check Details

Version: 0.6-1
Check: Rd cross-references
Result: NOTE
    Package unavailable to check Rd xrefs: ‘Rsymphony’
Flavors: r-patched-solaris-sparc, r-patched-solaris-x86, r-release-osx-x86_64-mavericks