CRAN Package Check Results for Package Rglpk

Last updated on 2018-01-18 14:47:42 CET.

Flavor Version Tinstall Tcheck Ttotal Status Flags
r-devel-linux-x86_64-debian-clang 0.6-3 2.45 17.18 19.63 OK
r-devel-linux-x86_64-debian-gcc 0.6-3 1.77 15.39 17.16 OK
r-devel-linux-x86_64-fedora-clang 0.6-3 25.60 OK
r-devel-linux-x86_64-fedora-gcc 0.6-3 24.16 OK
r-devel-windows-ix86+x86_64 0.6-3 10.00 39.00 49.00 OK
r-patched-linux-x86_64 0.6-3 1.84 17.68 19.52 OK
r-patched-solaris-x86 0.6-3 38.70 NOTE
r-release-linux-x86_64 0.6-3 2.11 17.71 19.82 OK
r-release-windows-ix86+x86_64 0.6-3 15.00 35.00 50.00 OK
r-release-osx-x86_64 0.6-3 ERROR
r-oldrel-windows-ix86+x86_64 0.6-3 11.00 33.00 44.00 OK
r-oldrel-osx-x86_64 0.6-3 NOTE

Check Details

Version: 0.6-3
Check: Rd cross-references
Result: NOTE
    Package unavailable to check Rd xrefs: ‘Rsymphony’
Flavors: r-patched-solaris-x86, r-oldrel-osx-x86_64

Version: 0.6-3
Check: whether package can be installed
Result: ERROR
    Installation failed.
Flavor: r-release-osx-x86_64