CRAN Package Check Results for Package Rglpk

Last updated on 2016-04-29 03:53:29.

Flavor Version Tinstall Tcheck Ttotal Status Flags
r-devel-linux-x86_64-debian-gcc 0.6-1 1.41 9.49 10.90 OK
r-devel-linux-x86_64-fedora-clang 0.6-1 17.50 OK
r-devel-linux-x86_64-fedora-gcc 0.6-1 16.32 OK
r-devel-osx-x86_64-clang 0.6-1 21.74 OK
r-devel-windows-ix86+x86_64 0.6-1 8.00 29.00 37.00 OK
r-patched-linux-x86_64 0.6-1 1.50 9.45 10.95 OK
r-patched-solaris-sparc 0.6-1 116.50 NOTE
r-patched-solaris-x86 0.6-1 26.20 NOTE
r-release-linux-x86_64 0.6-1 1.42 9.93 11.35 OK
r-release-osx-x86_64-mavericks 0.6-1 NOTE
r-release-windows-ix86+x86_64 0.6-1 9.00 24.00 33.00 OK
r-oldrel-windows-ix86+x86_64 0.6-1 16.00 43.00 59.00 OK

Check Details

Version: 0.6-1
Check: Rd cross-references
Result: NOTE
    Package unavailable to check Rd xrefs: ‘Rsymphony’
Flavors: r-patched-solaris-sparc, r-patched-solaris-x86, r-release-osx-x86_64-mavericks