CRAN Package Check Results for Package Rglpk

Last updated on 2017-02-19 23:48:32.

Flavor Version Tinstall Tcheck Ttotal Status Flags
r-devel-linux-x86_64-debian-clang 0.6-2 1.61 12.11 13.71 NOTE
r-devel-linux-x86_64-debian-gcc 0.6-2 1.56 12.07 13.63 NOTE
r-devel-linux-x86_64-fedora-clang 0.6-2 21.04 NOTE --no-stop-on-test-error
r-devel-linux-x86_64-fedora-gcc 0.6-2 20.25 NOTE --no-stop-on-test-error
r-devel-macos-x86_64-clang 0.6-2 20.09 NOTE --no-stop-on-test-error
r-devel-windows-ix86+x86_64 0.6-2 11.00 48.00 59.00 OK
r-patched-linux-x86_64 0.6-2 1.49 10.52 12.01 OK
r-patched-solaris-sparc 0.6-2 126.60 NOTE
r-patched-solaris-x86 0.6-2 25.40 NOTE
r-release-linux-x86_64 0.6-2 1.46 10.11 11.57 OK
r-release-osx-x86_64-mavericks 0.6-2 NOTE
r-release-windows-ix86+x86_64 0.6-2 16.00 38.00 54.00 OK
r-oldrel-windows-ix86+x86_64 0.6-2 41.00 35.00 76.00 OK

Check Details

Version: 0.6-2
Check: compiled code
Result: NOTE
    File ‘Rglpk/libs/Rglpk.so’:
     Found no calls to: ‘R_registerRoutines’, ‘R_useDynamicSymbols’
    
    It is good practice to register native routines and to disable symbol
    search.
    
    See ‘Writing portable packages’ in the ‘Writing R Extensions’ manual.
Flavors: r-devel-linux-x86_64-debian-clang, r-devel-linux-x86_64-debian-gcc

Version: 0.6-2
Flags: --no-stop-on-test-error
Check: compiled code
Result: NOTE
    File ‘Rglpk/libs/Rglpk.so’:
     Found no calls to: ‘R_registerRoutines’, ‘R_useDynamicSymbols’
    
    It is good practice to register native routines and to disable symbol
    search.
    
    See ‘Writing portable packages’ in the ‘Writing R Extensions’ manual.
Flavors: r-devel-linux-x86_64-fedora-clang, r-devel-linux-x86_64-fedora-gcc, r-devel-macos-x86_64-clang

Version: 0.6-2
Check: Rd cross-references
Result: NOTE
    Package unavailable to check Rd xrefs: ‘Rsymphony’
Flavors: r-patched-solaris-sparc, r-patched-solaris-x86, r-release-osx-x86_64-mavericks