CRAN Package Check Results for Package Rgnuplot

Last updated on 2019-07-21 20:47:49 CEST.

Flavor Version Tinstall Tcheck Ttotal Status Flags
r-devel-linux-x86_64-debian-clang 1.0.3 8.25 36.97 45.22 OK
r-devel-linux-x86_64-debian-gcc 1.0.3 4.85 30.41 35.26 OK
r-devel-linux-x86_64-fedora-clang 1.0.3 54.31 NOTE
r-devel-linux-x86_64-fedora-gcc 1.0.3 50.92 NOTE
r-devel-windows-ix86+x86_64 1.0.3 14.00 58.00 72.00 OK
r-patched-linux-x86_64 1.0.3 6.36 36.66 43.02 OK
r-patched-solaris-x86 1.0.3 74.30 OK
r-release-linux-x86_64 1.0.3 6.45 36.62 43.07 OK
r-release-windows-ix86+x86_64 1.0.3 13.00 78.00 91.00 OK
r-release-osx-x86_64 1.0.3 ERROR
r-oldrel-windows-ix86+x86_64 1.0.3 9.00 54.00 63.00 OK
r-oldrel-osx-x86_64 1.0.3 ERROR

Check Details

Version: 1.0.3
Check: compiled code
Result: NOTE
    File ‘Rgnuplot/libs/Rgnuplot.so’:
     Found no calls to: ‘R_registerRoutines’, ‘R_useDynamicSymbols’
    
    It is good practice to register native routines and to disable symbol
    search.
    
    See ‘Writing portable packages’ in the ‘Writing R Extensions’ manual.
Flavors: r-devel-linux-x86_64-fedora-clang, r-devel-linux-x86_64-fedora-gcc

Version: 1.0.3
Check: whether package can be installed
Result: ERROR
    Installation failed.
Flavors: r-release-osx-x86_64, r-oldrel-osx-x86_64