CRAN Package Check Results for Package Rgnuplot

Last updated on 2015-08-29 10:47:01.

Flavor Version Tinstall Tcheck Ttotal Status Flags
r-devel-linux-x86_64-debian-clang 1.0.3 2.78 17.46 20.24 OK
r-devel-linux-x86_64-debian-gcc 1.0.3 2.45 17.64 20.09 OK
r-devel-linux-x86_64-fedora-clang 1.0.3 38.61 OK
r-devel-linux-x86_64-fedora-gcc 1.0.3 35.14 OK
r-devel-osx-x86_64-clang 1.0.3 43.36 OK
r-devel-windows-ix86+x86_64 1.0.3 14.00 41.00 55.00 OK
r-patched-linux-x86_64 1.0.3 2.74 18.28 21.02 OK
r-patched-solaris-sparc 1.0.3 255.40 OK
r-patched-solaris-x86 1.0.3 55.50 OK
r-release-linux-x86_64 1.0.3 2.71 19.38 22.09 OK
r-release-osx-x86_64-mavericks 1.0.3 ERROR
r-release-windows-ix86+x86_64 1.0.3 12.00 56.00 68.00 OK
r-oldrel-windows-ix86+x86_64 1.0.3 16.00 66.00 82.00 OK

Check Details

Version: 1.0.3
Check: whether package can be installed
Result: ERROR
    Installation failed.
Flavor: r-release-osx-x86_64-mavericks