CRAN Package Check Results for Package Rgnuplot

Last updated on 2016-06-29 21:46:58.

Flavor Version Tinstall Tcheck Ttotal Status Flags
r-devel-linux-x86_64-debian-gcc 1.0.3 3.12 21.59 24.71 OK
r-devel-linux-x86_64-fedora-clang 1.0.3 37.48 OK
r-devel-linux-x86_64-fedora-gcc 1.0.3 34.30 OK
r-devel-osx-x86_64-clang 1.0.3 34.94 OK
r-devel-windows-ix86+x86_64 1.0.3 12.00 49.00 61.00 OK
r-patched-linux-x86_64 1.0.3 3.12 20.47 23.58 OK
r-patched-solaris-sparc 1.0.3 229.20 OK
r-patched-solaris-x86 1.0.3 51.20 OK
r-release-linux-x86_64 1.0.3 3.02 19.55 22.57 OK
r-release-osx-x86_64-mavericks 1.0.3 ERROR
r-release-windows-ix86+x86_64 1.0.3 10.00 68.00 78.00 OK
r-oldrel-windows-ix86+x86_64 1.0.3 11.00 39.00 50.00 OK

Check Details

Version: 1.0.3
Check: whether package can be installed
Result: ERROR
    Installation failed.
Flavor: r-release-osx-x86_64-mavericks