CRAN Package Check Results for Package Rgnuplot

Last updated on 2017-08-18 17:48:06.

Flavor Version Tinstall Tcheck Ttotal Status Flags
r-devel-linux-x86_64-debian-clang 1.0.3 4.20 24.40 28.60 NOTE
r-devel-linux-x86_64-debian-gcc 1.0.3 3.27 23.27 26.54 NOTE
r-devel-linux-x86_64-fedora-clang 1.0.3 43.57 NOTE
r-devel-linux-x86_64-fedora-gcc 1.0.3 43.67 NOTE
r-devel-windows-ix86+x86_64 1.0.3 13.00 67.00 80.00 OK
r-patched-linux-x86_64 1.0.3 3.07 23.42 26.49 NOTE
r-patched-solaris-x86 1.0.3 56.10 OK
r-release-linux-x86_64 1.0.3 3.60 23.05 26.66 NOTE
r-release-windows-ix86+x86_64 1.0.3 9.00 52.00 61.00 OK
r-release-osx-x86_64 1.0.3 ERROR
r-oldrel-windows-ix86+x86_64 1.0.3 8.00 48.00 56.00 OK
r-oldrel-osx-x86_64 1.0.3 ERROR

Check Details

Version: 1.0.3
Check: compiled code
Result: NOTE
    File ‘Rgnuplot/libs/Rgnuplot.so’:
     Found no calls to: ‘R_registerRoutines’, ‘R_useDynamicSymbols’
    
    It is good practice to register native routines and to disable symbol
    search.
    
    See ‘Writing portable packages’ in the ‘Writing R Extensions’ manual.
Flavors: r-devel-linux-x86_64-debian-clang, r-devel-linux-x86_64-debian-gcc, r-devel-linux-x86_64-fedora-clang, r-devel-linux-x86_64-fedora-gcc, r-patched-linux-x86_64, r-release-linux-x86_64

Version: 1.0.3
Check: whether package can be installed
Result: ERROR
    Installation failed.
Flavors: r-release-osx-x86_64, r-oldrel-osx-x86_64