CRAN Package Check Results for Package Rgnuplot

Last updated on 2016-08-25 09:48:26.

Flavor Version Tinstall Tcheck Ttotal Status Flags
r-devel-linux-x86_64-debian-clang 1.0.3 3.62 19.61 23.23 OK
r-devel-linux-x86_64-debian-gcc 1.0.3 2.82 20.08 22.89 OK
r-devel-linux-x86_64-fedora-clang 1.0.3 38.94 OK
r-devel-linux-x86_64-fedora-gcc 1.0.3 36.83 OK
r-devel-osx-x86_64-clang 1.0.3 34.16 OK
r-devel-windows-ix86+x86_64 1.0.3 11.00 71.00 82.00 OK
r-patched-linux-x86_64 1.0.3 2.65 19.65 22.30 OK
r-patched-solaris-sparc 1.0.3 229.20 OK
r-patched-solaris-x86 1.0.3 49.40 OK
r-release-linux-x86_64 1.0.3 2.79 20.17 22.95 OK
r-release-osx-x86_64-mavericks 1.0.3 ERROR
r-release-windows-ix86+x86_64 1.0.3 10.00 68.00 78.00 OK
r-oldrel-windows-ix86+x86_64 1.0.3 11.00 39.00 50.00 OK

Check Details

Version: 1.0.3
Check: whether package can be installed
Result: ERROR
    Installation failed.
Flavor: r-release-osx-x86_64-mavericks