CRAN Package Check Results for Package Rgnuplot

Last updated on 2016-05-26 21:49:39.

Flavor Version Tinstall Tcheck Ttotal Status Flags
r-devel-linux-x86_64-debian-gcc 1.0.3 2.86 20.43 23.28 OK
r-devel-linux-x86_64-fedora-clang 1.0.3 37.91 OK
r-devel-linux-x86_64-fedora-gcc 1.0.3 35.51 OK
r-devel-osx-x86_64-clang 1.0.3 52.04 OK
r-devel-windows-ix86+x86_64 1.0.3 8.00 47.00 55.00 OK
r-patched-linux-x86_64 1.0.3 2.92 20.41 23.33 OK
r-patched-solaris-sparc 1.0.3 231.20 OK
r-patched-solaris-x86 1.0.3 51.00 OK
r-release-linux-x86_64 1.0.3 2.78 19.49 22.27 OK
r-release-osx-x86_64-mavericks 1.0.3 ERROR
r-release-windows-ix86+x86_64 1.0.3 10.00 68.00 78.00 OK
r-oldrel-windows-ix86+x86_64 1.0.3 11.00 39.00 50.00 OK

Check Details

Version: 1.0.3
Check: whether package can be installed
Result: ERROR
    Installation failed.
    See ‘/Builds/CRAN-QA-Simon/packages/mavericks-x86_64/results/3.3/Rgnuplot.Rcheck/00install.out’ for details.
    * DONE
    Status: 1 ERROR
Flavor: r-release-osx-x86_64-mavericks