CRAN Package Check Results for Package Rgnuplot

Last updated on 2014-04-25 05:47:23.

Flavor Version Tinstall Tcheck Ttotal Status Flags
r-devel-linux-x86_64-debian-clang 1.0.1 2.92 16.51 19.43 OK
r-devel-linux-x86_64-debian-gcc 1.0.1 2.56 16.64 19.19 OK
r-devel-linux-x86_64-fedora-clang 1.0.1 36.27 OK
r-devel-linux-x86_64-fedora-gcc 1.0.1 35.58 OK
r-devel-osx-x86_64-clang 1.0.1 34.49 OK
r-devel-osx-x86_64-gcc 1.0.1 ERROR
r-devel-windows-ix86+x86_64 1.0.1 8.00 28.00 36.00 OK
r-patched-linux-x86_64 1.0.1 2.63 16.76 19.39 OK
r-patched-solaris-sparc 1.0.1 202.50 OK
r-patched-solaris-x86 1.0.1 49.60 OK
r-release-linux-ix86 1.0.1 6.00 34.00 40.00 OK
r-release-linux-x86_64 1.0.1 2.63 16.68 19.31 OK
r-release-osx-x86_64-mavericks 1.0.1 ERROR
r-release-osx-x86_64-snowleopard 1.0.1 ERROR
r-release-windows-ix86+x86_64 1.0.1 12.00 38.00 50.00 OK
r-oldrel-windows-ix86+x86_64 1.0.1 7.00 33.00 40.00 OK

Check Details

Version: 1.0.1
Check: whether package can be installed
Result: ERROR
    Installation failed.
    See ‘/Volumes/XT3/Builds/R-dev-web/QA/Simon/packages/snowleopard-x86_64/results/3.2/Rgnuplot.Rcheck/00install.out’ for details.
Flavor: r-devel-osx-x86_64-gcc

Version: 1.0.1
Check: package dependencies
Result: NOTE
    Package which this enhances but not available for checking: ‘rgdal’
Flavor: r-release-osx-x86_64-mavericks

Version: 1.0.1
Check: whether package can be installed
Result: ERROR
    Installation failed.
    See ‘/Builds/CRAN-QA-Simon/packages/mavericks-x86_64/results/3.1/Rgnuplot.Rcheck/00install.out’ for details.
Flavor: r-release-osx-x86_64-mavericks

Version: 1.0.1
Check: whether package can be installed
Result: ERROR
    Installation failed.
    See ‘/Volumes/XT3/Builds/R-dev-web/QA/Simon/packages/snowleopard-x86_64/results/3.1/Rgnuplot.Rcheck/00install.out’ for details.
Flavor: r-release-osx-x86_64-snowleopard