CRAN Package Check Results for Package Rgnuplot

Last updated on 2017-02-19 23:48:32.

Flavor Version Tinstall Tcheck Ttotal Status Flags
r-devel-linux-x86_64-debian-clang 1.0.3 3.71 22.31 26.02 NOTE
r-devel-linux-x86_64-debian-gcc 1.0.3 3.00 22.95 25.95 NOTE
r-devel-linux-x86_64-fedora-clang 1.0.3 42.36 NOTE --no-stop-on-test-error
r-devel-linux-x86_64-fedora-gcc 1.0.3 42.11 NOTE --no-stop-on-test-error
r-devel-macos-x86_64-clang 1.0.3 38.44 NOTE --no-stop-on-test-error
r-devel-windows-ix86+x86_64 1.0.3 11.00 65.00 76.00 OK
r-patched-linux-x86_64 1.0.3 3.18 21.10 24.28 OK
r-patched-solaris-sparc 1.0.3 236.40 OK
r-patched-solaris-x86 1.0.3 47.20 OK
r-release-linux-x86_64 1.0.3 3.19 21.11 24.30 OK
r-release-osx-x86_64-mavericks 1.0.3 ERROR
r-release-windows-ix86+x86_64 1.0.3 8.00 48.00 56.00 OK
r-oldrel-windows-ix86+x86_64 1.0.3 10.00 50.00 60.00 OK

Check Details

Version: 1.0.3
Check: compiled code
Result: NOTE
    File ‘Rgnuplot/libs/Rgnuplot.so’:
     Found no calls to: ‘R_registerRoutines’, ‘R_useDynamicSymbols’
    
    It is good practice to register native routines and to disable symbol
    search.
    
    See ‘Writing portable packages’ in the ‘Writing R Extensions’ manual.
Flavors: r-devel-linux-x86_64-debian-clang, r-devel-linux-x86_64-debian-gcc

Version: 1.0.3
Flags: --no-stop-on-test-error
Check: compiled code
Result: NOTE
    File ‘Rgnuplot/libs/Rgnuplot.so’:
     Found no calls to: ‘R_registerRoutines’, ‘R_useDynamicSymbols’
    
    It is good practice to register native routines and to disable symbol
    search.
    
    See ‘Writing portable packages’ in the ‘Writing R Extensions’ manual.
Flavors: r-devel-linux-x86_64-fedora-clang, r-devel-linux-x86_64-fedora-gcc, r-devel-macos-x86_64-clang

Version: 1.0.3
Check: whether package can be installed
Result: ERROR
    Installation failed.
Flavor: r-release-osx-x86_64-mavericks