CRAN Package Check Results for Package Rgnuplot

Last updated on 2016-12-07 10:48:44.

Flavor Version Tinstall Tcheck Ttotal Status Flags
r-devel-linux-x86_64-debian-clang 1.0.3 3.80 22.27 26.07 OK
r-devel-linux-x86_64-debian-gcc 1.0.3 3.30 22.10 25.40 OK
r-devel-linux-x86_64-fedora-clang 1.0.3 46.54 OK --no-stop-on-test-error
r-devel-linux-x86_64-fedora-gcc 1.0.3 43.66 OK --no-stop-on-test-error
r-devel-macos-x86_64-clang 1.0.3 38.54 OK
r-devel-windows-ix86+x86_64 1.0.3 22.00 65.00 87.00 OK
r-patched-linux-x86_64 1.0.3 2.89 20.28 23.16 OK
r-patched-solaris-sparc 1.0.3 229.20 OK
r-patched-solaris-x86 1.0.3 49.00 OK
r-release-linux-x86_64 1.0.3 3.23 20.51 23.74 OK
r-release-osx-x86_64-mavericks 1.0.3 ERROR
r-release-windows-ix86+x86_64 1.0.3 8.00 48.00 56.00 OK
r-oldrel-windows-ix86+x86_64 1.0.3 10.00 50.00 60.00 OK

Check Details

Version: 1.0.3
Check: whether package can be installed
Result: ERROR
    Installation failed.
Flavor: r-release-osx-x86_64-mavericks