CRAN Package Check Results for Package Rgnuplot

Last updated on 2019-04-24 05:48:25 CEST.

Flavor Version Tinstall Tcheck Ttotal Status Flags
r-devel-linux-x86_64-debian-clang 1.0.3 7.79 37.02 44.81 OK
r-devel-linux-x86_64-debian-gcc 1.0.3 5.57 30.15 35.72 OK
r-devel-linux-x86_64-fedora-clang 1.0.3 53.98 NOTE
r-devel-linux-x86_64-fedora-gcc 1.0.3 51.39 NOTE
r-devel-windows-ix86+x86_64 1.0.3 16.00 76.00 92.00 OK
r-patched-linux-x86_64 1.0.3 6.76 36.97 43.73 OK
r-patched-solaris-x86 1.0.3 69.00 OK
r-release-linux-x86_64 1.0.3 6.18 33.64 39.82 OK
r-release-windows-ix86+x86_64 1.0.3 9.00 54.00 63.00 OK
r-release-osx-x86_64 1.0.3 ERROR
r-oldrel-windows-ix86+x86_64 1.0.3 9.00 53.00 62.00 OK
r-oldrel-osx-x86_64 1.0.3 ERROR

Check Details

Version: 1.0.3
Check: compiled code
Result: NOTE
    File ‘Rgnuplot/libs/Rgnuplot.so’:
     Found no calls to: ‘R_registerRoutines’, ‘R_useDynamicSymbols’
    
    It is good practice to register native routines and to disable symbol
    search.
    
    See ‘Writing portable packages’ in the ‘Writing R Extensions’ manual.
Flavors: r-devel-linux-x86_64-fedora-clang, r-devel-linux-x86_64-fedora-gcc

Version: 1.0.3
Check: whether package can be installed
Result: ERROR
    Installation failed.
Flavors: r-release-osx-x86_64, r-oldrel-osx-x86_64