CRAN Package Check Results for Package Rgnuplot

Last updated on 2016-10-01 06:47:37.

Flavor Version Tinstall Tcheck Ttotal Status Flags
r-devel-linux-x86_64-debian-clang 1.0.3 3.75 21.50 25.25 OK
r-devel-linux-x86_64-debian-gcc 1.0.3 2.90 21.24 24.14 OK
r-devel-linux-x86_64-fedora-clang 1.0.3 43.46 OK
r-devel-linux-x86_64-fedora-gcc 1.0.3 37.45 OK
r-devel-macos-x86_64-clang 1.0.3 34.57 OK
r-devel-windows-ix86+x86_64 1.0.3 16.00 47.00 63.00 OK
r-patched-linux-x86_64 1.0.3 2.77 20.38 23.15 OK
r-patched-solaris-sparc 1.0.3 229.20 OK
r-patched-solaris-x86 1.0.3 48.40 OK
r-release-linux-x86_64 1.0.3 2.94 20.16 23.10 OK
r-release-osx-x86_64-mavericks 1.0.3 ERROR
r-release-windows-ix86+x86_64 1.0.3 9.00 46.00 55.00 OK
r-oldrel-windows-ix86+x86_64 1.0.3 11.00 39.00 50.00 OK

Check Details

Version: 1.0.3
Check: whether package can be installed
Result: ERROR
    Installation failed.
Flavor: r-release-osx-x86_64-mavericks