CRAN Package Check Results for Package Rgnuplot

Last updated on 2014-07-23 22:47:07.

Flavor Version Tinstall Tcheck Ttotal Status Flags
r-devel-linux-x86_64-debian-clang 1.0.1 2.92 15.55 18.47 OK
r-devel-linux-x86_64-debian-gcc 1.0.1 2.53 15.18 17.71 OK
r-devel-linux-x86_64-fedora-clang 1.0.1 37.04 OK
r-devel-linux-x86_64-fedora-gcc 1.0.1 33.89 OK
r-devel-osx-x86_64-clang 1.0.1 37.47 OK
r-devel-windows-ix86+x86_64 1.0.1 8.00 32.00 40.00 OK
r-patched-linux-x86_64 1.0.1 2.50 15.60 18.10 OK
r-patched-solaris-sparc 1.0.1 202.50 OK
r-patched-solaris-x86 1.0.1 47.60 OK
r-release-linux-ix86 1.0.1 4.75 23.37 28.12 OK
r-release-linux-x86_64 1.0.1 2.58 15.50 18.08 OK
r-release-osx-x86_64-mavericks 1.0.1 ERROR
r-release-osx-x86_64-snowleopard 1.0.1 ERROR
r-release-windows-ix86+x86_64 1.0.1 10.00 33.00 43.00 OK
r-oldrel-windows-ix86+x86_64 1.0.1 7.00 33.00 40.00 OK

Check Details

Version: 1.0.1
Check: package dependencies
Result: NOTE
    Package which this enhances but not available for checking: ‘rgdal’
Flavor: r-release-osx-x86_64-mavericks

Version: 1.0.1
Check: whether package can be installed
Result: ERROR
    Installation failed.
    See ‘/Builds/CRAN-QA-Simon/packages/mavericks-x86_64/results/3.1/Rgnuplot.Rcheck/00install.out’ for details.
Flavor: r-release-osx-x86_64-mavericks

Version: 1.0.1
Check: whether package can be installed
Result: ERROR
    Installation failed.
    See ‘/Volumes/XT3/Builds/R-dev-web/QA/Simon/packages/snowleopard-x86_64/results/3.1/Rgnuplot.Rcheck/00install.out’ for details.
Flavor: r-release-osx-x86_64-snowleopard