CRAN Package Check Results for Package Rgnuplot

Last updated on 2014-09-02 05:46:43.

Flavor Version Tinstall Tcheck Ttotal Status Flags
r-devel-linux-x86_64-debian-clang 1.0.1 2.82 15.16 17.98 OK
r-devel-linux-x86_64-debian-gcc 1.0.1 2.70 15.29 17.99 OK
r-devel-linux-x86_64-fedora-clang 1.0.1 37.94 OK
r-devel-linux-x86_64-fedora-gcc 1.0.1 32.43 OK
r-devel-osx-x86_64-clang 1.0.1 36.78 OK
r-devel-windows-ix86+x86_64 1.0.1 9.00 32.00 41.00 OK
r-patched-linux-x86_64 1.0.1 2.55 15.46 18.02 OK
r-patched-solaris-sparc 1.0.1 204.80 OK
r-patched-solaris-x86 1.0.1 47.30 OK
r-release-linux-ix86 1.0.1 4.11 25.68 29.79 OK
r-release-linux-x86_64 1.0.1 2.60 15.75 18.34 OK
r-release-osx-x86_64-mavericks 1.0.1 ERROR
r-release-osx-x86_64-snowleopard 1.0.1 ERROR
r-release-windows-ix86+x86_64 1.0.1 10.00 33.00 43.00 OK
r-oldrel-windows-ix86+x86_64 1.0.1 7.00 33.00 40.00 OK

Check Details

Version: 1.0.1
Check: package dependencies
Result: NOTE
    Package which this enhances but not available for checking: ‘rgdal’
Flavor: r-release-osx-x86_64-mavericks

Version: 1.0.1
Check: whether package can be installed
Result: ERROR
    Installation failed.
Flavors: r-release-osx-x86_64-mavericks, r-release-osx-x86_64-snowleopard