CRAN Package Check Results for Package Rgnuplot

Last updated on 2014-10-25 03:49:36.

Flavor Version Tinstall Tcheck Ttotal Status Flags
r-devel-linux-x86_64-debian-clang 1.0.1 2.95 16.19 19.14 OK
r-devel-linux-x86_64-debian-gcc 1.0.1 2.62 16.18 18.80 OK
r-devel-linux-x86_64-fedora-clang 1.0.1 35.85 OK
r-devel-linux-x86_64-fedora-gcc 1.0.1 32.98 OK
r-devel-osx-x86_64-clang 1.0.1 38.70 OK
r-devel-windows-ix86+x86_64 1.0.1 9.00 30.00 39.00 OK
r-patched-linux-x86_64 1.0.1 2.73 16.33 19.06 OK
r-patched-solaris-sparc 1.0.1 204.80 OK
r-patched-solaris-x86 1.0.1 50.40 OK
r-release-linux-ix86 1.0.1 4.12 23.50 27.61 OK
r-release-linux-x86_64 1.0.1 2.58 16.28 18.87 OK
r-release-osx-x86_64-mavericks 1.0.1 ERROR
r-release-osx-x86_64-snowleopard 1.0.1 ERROR
r-release-windows-ix86+x86_64 1.0.1 10.00 33.00 43.00 OK
r-oldrel-windows-ix86+x86_64 1.0.1 7.00 33.00 40.00 OK

Check Details

Version: 1.0.1
Check: package dependencies
Result: NOTE
    Package which this enhances but not available for checking: ‘rgdal’
Flavor: r-release-osx-x86_64-mavericks

Version: 1.0.1
Check: whether package can be installed
Result: ERROR
    Installation failed.
Flavors: r-release-osx-x86_64-mavericks, r-release-osx-x86_64-snowleopard