CRAN Package Check Results for Package Rgnuplot

Last updated on 2017-01-23 23:53:13.

Flavor Version Tinstall Tcheck Ttotal Status Flags
r-devel-linux-x86_64-debian-clang 1.0.3 3.79 22.22 26.02 OK
r-devel-linux-x86_64-debian-gcc 1.0.3 3.04 22.28 25.32 OK
r-devel-linux-x86_64-fedora-clang 1.0.3 45.54 OK --no-stop-on-test-error
r-devel-linux-x86_64-fedora-gcc 1.0.3 42.59 OK --no-stop-on-test-error
r-devel-macos-x86_64-clang 1.0.3 37.10 OK --no-stop-on-test-error
r-devel-windows-ix86+x86_64 1.0.3 11.00 51.00 62.00 OK
r-patched-linux-x86_64 1.0.3 2.93 20.91 23.84 OK
r-patched-solaris-sparc 1.0.3 236.40 OK
r-patched-solaris-x86 1.0.3 49.80 OK
r-release-linux-x86_64 1.0.3 2.84 21.07 23.92 OK
r-release-osx-x86_64-mavericks 1.0.3 ERROR
r-release-windows-ix86+x86_64 1.0.3 8.00 48.00 56.00 OK
r-oldrel-windows-ix86+x86_64 1.0.3 10.00 50.00 60.00 OK

Check Details

Version: 1.0.3
Check: whether package can be installed
Result: ERROR
    Installation failed.
Flavor: r-release-osx-x86_64-mavericks