CRAN Package Check Results for Package Rgnuplot

Last updated on 2017-04-28 21:47:35.

Flavor Version Tinstall Tcheck Ttotal Status Flags
r-devel-linux-x86_64-debian-clang 1.0.3 3.87 23.06 26.93 NOTE
r-devel-linux-x86_64-debian-gcc 1.0.3 2.96 22.72 25.69 NOTE
r-devel-linux-x86_64-fedora-clang 1.0.3 43.18 NOTE --no-stop-on-test-error
r-devel-linux-x86_64-fedora-gcc 1.0.3 42.27 NOTE --no-stop-on-test-error
r-devel-windows-ix86+x86_64 1.0.3 12.00 63.00 75.00 OK
r-patched-linux-x86_64 1.0.3 2.86 22.11 24.96 NOTE
r-patched-solaris-sparc 1.0.3 286.00 OK
r-patched-solaris-x86 1.0.3 55.70 OK
r-release-linux-x86_64 1.0.3 2.98 22.92 25.90 NOTE
r-release-windows-ix86+x86_64 1.0.3 11.00 48.00 59.00 OK
r-release-osx-x86_64 1.0.3 ERROR
r-oldrel-windows-ix86+x86_64 1.0.3 8.00 48.00 56.00 OK
r-oldrel-osx-x86_64 1.0.3 ERROR

Check Details

Version: 1.0.3
Check: compiled code
Result: NOTE
    File ‘Rgnuplot/libs/Rgnuplot.so’:
     Found no calls to: ‘R_registerRoutines’, ‘R_useDynamicSymbols’
    
    It is good practice to register native routines and to disable symbol
    search.
    
    See ‘Writing portable packages’ in the ‘Writing R Extensions’ manual.
Flavors: r-devel-linux-x86_64-debian-clang, r-devel-linux-x86_64-debian-gcc, r-patched-linux-x86_64, r-release-linux-x86_64

Version: 1.0.3
Flags: --no-stop-on-test-error
Check: compiled code
Result: NOTE
    File ‘Rgnuplot/libs/Rgnuplot.so’:
     Found no calls to: ‘R_registerRoutines’, ‘R_useDynamicSymbols’
    
    It is good practice to register native routines and to disable symbol
    search.
    
    See ‘Writing portable packages’ in the ‘Writing R Extensions’ manual.
Flavors: r-devel-linux-x86_64-fedora-clang, r-devel-linux-x86_64-fedora-gcc

Version: 1.0.3
Check: whether package can be installed
Result: ERROR
    Installation failed.
Flavors: r-release-osx-x86_64, r-oldrel-osx-x86_64