CRAN Package Check Results for Package Rgnuplot

Last updated on 2014-11-24 19:50:32.

Flavor Version Tinstall Tcheck Ttotal Status Flags
r-devel-linux-x86_64-debian-clang 1.0.1 2.99 16.04 19.02 OK
r-devel-linux-x86_64-debian-gcc 1.0.1 2.64 16.00 18.65 OK
r-devel-linux-x86_64-fedora-clang 1.0.1 36.46 OK
r-devel-linux-x86_64-fedora-gcc 1.0.1 34.76 OK
r-devel-osx-x86_64-clang 1.0.1 41.71 OK
r-devel-windows-ix86+x86_64 1.0.1 9.00 31.00 40.00 OK
r-patched-linux-x86_64 1.0.1 2.69 16.95 19.64 OK
r-patched-solaris-sparc 1.0.1 204.80 OK
r-patched-solaris-x86 1.0.1 48.50 OK
r-release-linux-ix86 1.0.1 4.08 22.74 26.82 OK
r-release-linux-x86_64 1.0.1 2.63 16.37 19.00 OK
r-release-osx-x86_64-mavericks 1.0.1 ERROR
r-release-osx-x86_64-snowleopard 1.0.1 ERROR
r-release-windows-ix86+x86_64 1.0.1 8.00 33.00 41.00 OK
r-oldrel-windows-ix86+x86_64 1.0.1 7.00 33.00 40.00 OK

Check Details

Version: 1.0.1
Check: package dependencies
Result: NOTE
    Package which this enhances but not available for checking: ‘rgdal’
Flavor: r-release-osx-x86_64-mavericks

Version: 1.0.1
Check: whether package can be installed
Result: ERROR
    Installation failed.
Flavors: r-release-osx-x86_64-mavericks, r-release-osx-x86_64-snowleopard