CRAN Package Check Results for Package Rgnuplot

Last updated on 2016-07-31 06:47:39.

Flavor Version Tinstall Tcheck Ttotal Status Flags
r-devel-linux-x86_64-debian-clang 1.0.3 3.43 20.00 23.43 OK
r-devel-linux-x86_64-debian-gcc 1.0.3 2.74 20.21 22.95 OK
r-devel-linux-x86_64-fedora-clang 1.0.3 37.06 OK
r-devel-linux-x86_64-fedora-gcc 1.0.3 34.50 OK
r-devel-osx-x86_64-clang 1.0.3 34.16 OK
r-devel-windows-ix86+x86_64 1.0.3 8.00 49.00 57.00 OK
r-patched-linux-x86_64 1.0.3 2.90 19.62 22.52 OK
r-patched-solaris-sparc 1.0.3 229.20 OK
r-patched-solaris-x86 1.0.3 48.60 OK
r-release-linux-x86_64 1.0.3 3.67 23.56 27.23 OK
r-release-osx-x86_64-mavericks 1.0.3 ERROR
r-release-windows-ix86+x86_64 1.0.3 10.00 68.00 78.00 OK
r-oldrel-windows-ix86+x86_64 1.0.3 11.00 39.00 50.00 OK

Check Details

Version: 1.0.3
Check: whether package can be installed
Result: ERROR
    Installation failed.
Flavor: r-release-osx-x86_64-mavericks