CRAN Package Check Results for Package RgoogleMaps

Last updated on 2015-04-01 02:48:26.

Flavor Version Tinstall Tcheck Ttotal Status Flags
r-devel-linux-x86_64-debian-clang 1.2.0.7 2.90 25.23 28.13 ERROR
r-devel-linux-x86_64-debian-gcc 1.2.0.7 0.89 25.21 26.10 OK
r-devel-linux-x86_64-fedora-clang 1.2.0.7 44.17 OK
r-devel-linux-x86_64-fedora-gcc 1.2.0.7 41.16 OK
r-devel-osx-x86_64-clang 1.2.0.7 41.13 OK
r-prerel-windows-ix86+x86_64 1.2.0.7 6.00 30.00 36.00 OK
r-prerel-linux-x86_64 1.2.0.7 0.95 24.31 25.26 OK
r-prerel-solaris-sparc 1.2.0.7 223.00 OK
r-prerel-solaris-x86 1.2.0.7 47.60 OK
r-release-linux-x86_64 1.2.0.7 2.99 26.41 29.40 OK
r-release-osx-x86_64-mavericks 1.2.0.7 NOTE
r-release-osx-x86_64-snowleopard 1.2.0.7 OK
r-release-windows-ix86+x86_64 1.2.0.7 5.00 34.00 39.00 OK
r-oldrel-windows-ix86+x86_64 1.2.0.7 7.00 37.00 44.00 OK

Check Details

Version: 1.2.0.7
Check: examples
Result: ERROR
    Running examples in ‘RgoogleMaps-Ex.R’ failed
    The error most likely occurred in:
    
    > ### Name: getGeoCode
    > ### Title: geocoding utility
    > ### Aliases: getGeoCode
    >
    > ### ** Examples
    >
    >
    >
    > getGeoCode("Brooklyn")
     lat lon
     40.67818 -73.94416
    >
    >
    > #You can run this on the entire column of a data frame or a data table:
    >
    >
    > DF = cbind.data.frame(address=c("Berlin,Germany", "Princeton,NJ",
    +
    +
    + "cadillac+mountain+acadia+national+park"), lat = NA, lon = NA)
    >
    >
    > DF <- with(DF, data.frame(address, t(sapply(DF$address, getGeoCode))))
    Warning in readLines(con) :
     cannot open: HTTP status was '500 Internal Server Error'
    Error in fromJSON(paste(readLines(con), collapse = "")) :
     error in evaluating the argument 'content' in selecting a method for function 'fromJSON': Error in readLines(con) : cannot open the connection
    Calls: paste -> readLines
    Calls: with ... data.frame -> t -> sapply -> lapply -> FUN -> fromJSON
    Execution halted
Flavor: r-devel-linux-x86_64-debian-clang

Version: 1.2.0.7
Check: package dependencies
Result: NOTE
    Package suggested but not available for checking: ‘rgdal’
Flavor: r-release-osx-x86_64-mavericks