CRAN Package Check Results for Package RgoogleMaps

Last updated on 2014-04-23 07:55:07.

Flavor Version Tinstall Tcheck Ttotal Status Flags
r-devel-linux-x86_64-debian-clang 1.2.0.5 1.11 24.56 25.68 OK
r-devel-linux-x86_64-debian-gcc 1.2.0.5 1.09 24.64 25.73 OK
r-devel-linux-x86_64-fedora-clang 1.2.0.5 42.19 OK
r-devel-linux-x86_64-fedora-gcc 1.2.0.5 39.62 OK
r-devel-osx-x86_64-clang 1.2.0.5 40.41 OK
r-devel-osx-x86_64-gcc 1.2.0.5 NOTE
r-devel-windows-ix86+x86_64 1.2.0.5 4.00 34.00 38.00 OK
r-patched-linux-x86_64 1.2.0.5 1.06 24.05 25.11 OK
r-patched-solaris-sparc 1.2.0.5 232.70 OK
r-patched-solaris-x86 1.2.0.5 59.70 OK
r-release-linux-ix86 1.2.0.5 1.00 42.00 43.00 OK
r-release-linux-x86_64 1.2.0.5 1.21 24.44 25.65 OK
r-release-osx-x86_64-mavericks 1.2.0.5 ERROR
r-release-windows-ix86+x86_64 1.2.0.5 3.00 34.00 37.00 OK
r-oldrel-windows-ix86+x86_64 1.2.0.5 4.00 38.00 42.00 OK

Check Details

Version: 1.2.0.5
Check: package dependencies
Result: NOTE
    Package suggested but not available for checking: ‘maptools’
Flavor: r-devel-osx-x86_64-gcc

Version: 1.2.0.5
Check: package dependencies
Result: NOTE
    Packages suggested but not available for checking: ‘maptools’ ‘rgdal’
Flavor: r-release-osx-x86_64-mavericks

Version: 1.2.0.5
Check: examples
Result: ERROR
    Running examples in ‘RgoogleMaps-Ex.R’ failed
    The error most likely occurred in:
    
    > ### Name: bubbleMap
    > ### Title: Create a bubble plot of spatial data on Google Maps
    > ### Aliases: bubbleMap
    >
    > ### ** Examples
    >
    >
    >
    > library(sp)
    >
    >
    > data("meuse", package = "sp", envir = environment())
    >
    >
    > m<-bubbleMap(meuse,zcol='zinc');
    Loading required package: rgdal
    Warning in library(package, lib.loc = lib.loc, character.only = TRUE, logical.return = TRUE, :
     there is no package called ‘rgdal’
    Error in spTransform(SP, CRS("+proj=longlat +datum=WGS84")) :
     load package rgdal for spTransform methods
    Calls: bubbleMap -> spTransform -> spTransform
    Execution halted
Flavor: r-release-osx-x86_64-mavericks