CRAN Package Check Results for Package RgoogleMaps

Last updated on 2014-11-27 09:48:02.

Flavor Version Tinstall Tcheck Ttotal Status Flags
r-devel-linux-x86_64-debian-clang 1.2.0.6 1.03 27.17 28.20 NOTE
r-devel-linux-x86_64-debian-gcc 1.2.0.6 0.98 27.38 28.36 NOTE
r-devel-linux-x86_64-fedora-clang 1.2.0.6 49.86 NOTE
r-devel-linux-x86_64-fedora-gcc 1.2.0.6 49.67 NOTE
r-devel-osx-x86_64-clang 1.2.0.6 43.05 NOTE
r-devel-windows-ix86+x86_64 1.2.0.6 4.00 33.00 37.00 NOTE
r-patched-linux-x86_64 1.2.0.6 1.05 26.56 27.61 NOTE
r-patched-solaris-sparc 1.2.0.6 220.00 NOTE
r-patched-solaris-x86 1.2.0.6 53.00 NOTE
r-release-linux-ix86 1.2.0.6 1.39 30.42 31.82 NOTE
r-release-linux-x86_64 1.2.0.6 1.18 26.49 27.66 NOTE
r-release-osx-x86_64-mavericks 1.2.0.6 NOTE
r-release-osx-x86_64-snowleopard 1.2.0.6 OK
r-release-windows-ix86+x86_64 1.2.0.6 4.00 35.00 39.00 NOTE
r-oldrel-windows-ix86+x86_64 1.2.0.6 4.00 37.00 41.00 OK

Check Details

Version: 1.2.0.6
Check: R code for possible problems
Result: NOTE
    ColorMap: no visible global function definition for ‘brewer.pal’
    ColorMap: no visible global function definition for ‘plotPolys’
    DF2SpatialPointsDataFrame: no visible global function definition for
     ‘CRS’
    DF2SpatialPointsDataFrame: no visible global function definition for
     ‘coordinates<-’
    DF2SpatialPointsDataFrame: no visible global function definition for
     ‘proj4string<-’
    PlotPolysOnStaticMap: no visible global function definition for
     ‘calcCentroid’
    PlotPolysOnStaticMap: no visible global function definition for
     ‘addPolys’
    SpatialToPBS: no visible global function definition for ‘bbox’
    SpatialToPBS: no visible global function definition for ‘coordinates’
    bubbleMap: no visible global function definition for ‘CRS’
    bubbleMap: no visible global function definition for ‘spTransform’
Flavors: r-devel-linux-x86_64-debian-clang, r-devel-linux-x86_64-debian-gcc, r-devel-linux-x86_64-fedora-clang, r-devel-linux-x86_64-fedora-gcc, r-devel-osx-x86_64-clang, r-devel-windows-ix86+x86_64, r-patched-linux-x86_64, r-patched-solaris-sparc, r-patched-solaris-x86, r-release-linux-ix86, r-release-linux-x86_64, r-release-windows-ix86+x86_64

Version: 1.2.0.6
Check: package dependencies
Result: NOTE
    Packages suggested but not available for checking: ‘maptools’ ‘rgdal’
Flavor: r-release-osx-x86_64-mavericks