CRAN Package Check Results for Package RgoogleMaps

Last updated on 2014-10-21 14:48:27.

Flavor Version Tinstall Tcheck Ttotal Status Flags
r-devel-linux-x86_64-debian-clang 1.2.0.6 1.04 61.15 62.19 NOTE
r-devel-linux-x86_64-debian-gcc 1.2.0.6 1.03 26.11 27.14 NOTE
r-devel-linux-x86_64-fedora-clang 1.2.0.6 47.66 NOTE
r-devel-linux-x86_64-fedora-gcc 1.2.0.6 43.91 NOTE
r-devel-osx-x86_64-clang 1.2.0.6 43.31 NOTE
r-devel-windows-ix86+x86_64 1.2.0.6 4.00 34.00 38.00 NOTE
r-patched-linux-x86_64 1.2.0.6 1.05 27.63 28.68 NOTE
r-patched-solaris-sparc 1.2.0.6 220.00 NOTE
r-patched-solaris-x86 1.2.0.6 53.60 NOTE
r-release-linux-ix86 1.2.0.6 1.42 33.83 35.25 OK
r-release-linux-x86_64 1.2.0.6 1.06 27.55 28.61 OK
r-release-osx-x86_64-mavericks 1.2.0.6 NOTE
r-release-osx-x86_64-snowleopard 1.2.0.6 OK
r-release-windows-ix86+x86_64 1.2.0.6 3.00 39.00 42.00 OK
r-oldrel-windows-ix86+x86_64 1.2.0.6 4.00 37.00 41.00 OK

Check Details

Version: 1.2.0.6
Check: R code for possible problems
Result: NOTE
    ColorMap: no visible global function definition for ‘brewer.pal’
    ColorMap: no visible global function definition for ‘plotPolys’
    DF2SpatialPointsDataFrame: no visible global function definition for
     ‘CRS’
    DF2SpatialPointsDataFrame: no visible global function definition for
     ‘coordinates<-’
    DF2SpatialPointsDataFrame: no visible global function definition for
     ‘proj4string<-’
    PlotPolysOnStaticMap: no visible global function definition for
     ‘calcCentroid’
    PlotPolysOnStaticMap: no visible global function definition for
     ‘addPolys’
    SpatialToPBS: no visible global function definition for ‘bbox’
    SpatialToPBS: no visible global function definition for ‘coordinates’
    bubbleMap: no visible global function definition for ‘CRS’
    bubbleMap: no visible global function definition for ‘spTransform’
Flavors: r-devel-linux-x86_64-debian-clang, r-devel-linux-x86_64-debian-gcc, r-devel-linux-x86_64-fedora-clang, r-devel-linux-x86_64-fedora-gcc, r-devel-osx-x86_64-clang, r-devel-windows-ix86+x86_64, r-patched-linux-x86_64, r-patched-solaris-sparc, r-patched-solaris-x86

Version: 1.2.0.6
Check: package dependencies
Result: NOTE
    Packages suggested but not available for checking: ‘maptools’ ‘rgdal’
Flavor: r-release-osx-x86_64-mavericks