CRAN Package Check Results for Package RgoogleMaps

Last updated on 2015-05-25 18:47:07.

Flavor Version Tinstall Tcheck Ttotal Status Flags
r-devel-linux-x86_64-debian-clang 1.2.0.7 0.99 25.35 26.34 OK
r-devel-linux-x86_64-debian-gcc 1.2.0.7 0.89 24.47 25.36 OK
r-devel-linux-x86_64-fedora-clang 1.2.0.7 44.62 OK
r-devel-linux-x86_64-fedora-gcc 1.2.0.7 42.47 OK
r-devel-osx-x86_64-clang 1.2.0.7 38.82 OK
r-devel-windows-ix86+x86_64 1.2.0.7 4.00 32.00 36.00 OK
r-patched-linux-x86_64 1.2.0.7 1.00 24.95 25.94 OK
r-patched-solaris-sparc 1.2.0.7 204.20 OK
r-patched-solaris-x86 1.2.0.7 49.30 OK
r-release-linux-x86_64 1.2.0.7 0.90 25.00 25.90 OK
r-release-osx-x86_64-mavericks 1.2.0.7 NOTE
r-release-osx-x86_64-snowleopard 1.2.0.7 OK
r-release-windows-ix86+x86_64 1.2.0.7 4.00 34.00 38.00 OK
r-oldrel-windows-ix86+x86_64 1.2.0.7 4.00 35.00 39.00 OK

Check Details

Version: 1.2.0.7
Check: package dependencies
Result: NOTE
    Package suggested but not available for checking: ‘rgdal’
Flavor: r-release-osx-x86_64-mavericks