CRAN Package Check Results for Package RgoogleMaps

Last updated on 2014-09-01 14:46:38.

Flavor Version Tinstall Tcheck Ttotal Status Flags
r-devel-linux-x86_64-debian-clang 1.2.0.6 1.10 21.78 22.88 NOTE
r-devel-linux-x86_64-debian-gcc 1.2.0.6 1.02 22.05 23.06 NOTE
r-devel-linux-x86_64-fedora-clang 1.2.0.6 51.25 NOTE
r-devel-linux-x86_64-fedora-gcc 1.2.0.6 44.93 NOTE
r-devel-osx-x86_64-clang 1.2.0.6 39.60 NOTE
r-devel-windows-ix86+x86_64 1.2.0.6 4.00 34.00 38.00 NOTE
r-patched-linux-x86_64 1.2.0.6 1.03 22.99 24.02 OK
r-patched-solaris-sparc 1.2.0.6 227.80 OK
r-patched-solaris-x86 1.2.0.6 63.90 OK
r-release-linux-ix86 1.2.0.6 1.43 32.39 33.82 OK
r-release-linux-x86_64 1.2.0.6 1.05 23.23 24.28 OK
r-release-osx-x86_64-mavericks 1.2.0.6 NOTE
r-release-osx-x86_64-snowleopard 1.2.0.6 OK
r-release-windows-ix86+x86_64 1.2.0.6 3.00 33.00 36.00 OK
r-oldrel-windows-ix86+x86_64 1.2.0.6 5.00 33.00 38.00 OK

Check Details

Version: 1.2.0.6
Check: R code for possible problems
Result: NOTE
    ColorMap: no visible global function definition for ‘brewer.pal’
    ColorMap: no visible global function definition for ‘plotPolys’
    DF2SpatialPointsDataFrame: no visible global function definition for
     ‘CRS’
    DF2SpatialPointsDataFrame: no visible global function definition for
     ‘coordinates<-’
    DF2SpatialPointsDataFrame: no visible global function definition for
     ‘proj4string<-’
    PlotPolysOnStaticMap: no visible global function definition for
     ‘calcCentroid’
    PlotPolysOnStaticMap: no visible global function definition for
     ‘addPolys’
    SpatialToPBS: no visible global function definition for ‘bbox’
    SpatialToPBS: no visible global function definition for ‘coordinates’
    bubbleMap: no visible global function definition for ‘CRS’
    bubbleMap: no visible global function definition for ‘spTransform’
Flavors: r-devel-linux-x86_64-debian-clang, r-devel-linux-x86_64-debian-gcc, r-devel-linux-x86_64-fedora-clang, r-devel-linux-x86_64-fedora-gcc, r-devel-osx-x86_64-clang, r-devel-windows-ix86+x86_64

Version: 1.2.0.6
Check: package dependencies
Result: NOTE
    Packages suggested but not available for checking: ‘maptools’ ‘rgdal’
Flavor: r-release-osx-x86_64-mavericks