CRAN Package Check Results for Package RgoogleMaps

Last updated on 2014-12-20 23:47:26.

Flavor Version Tinstall Tcheck Ttotal Status Flags
r-devel-linux-x86_64-debian-clang 1.2.0.6 1.04 27.24 28.29 NOTE
r-devel-linux-x86_64-debian-gcc 1.2.0.6 0.97 26.26 27.23 NOTE
r-devel-linux-x86_64-fedora-clang 1.2.0.6 47.73 NOTE
r-devel-linux-x86_64-fedora-gcc 1.2.0.6 43.06 NOTE
r-devel-osx-x86_64-clang 1.2.0.6 41.92 NOTE
r-devel-windows-ix86+x86_64 1.2.0.6 4.00 35.00 39.00 NOTE
r-patched-linux-x86_64 1.2.0.6 1.16 26.55 27.71 NOTE
r-patched-solaris-sparc 1.2.0.6 220.00 NOTE
r-patched-solaris-x86 1.2.0.6 53.40 NOTE
r-release-linux-ix86 1.2.0.6 1.36 29.70 31.06 NOTE
r-release-linux-x86_64 1.2.0.6 1.04 27.28 28.32 NOTE
r-release-osx-x86_64-mavericks 1.2.0.6 NOTE
r-release-osx-x86_64-snowleopard 1.2.0.6 OK
r-release-windows-ix86+x86_64 1.2.0.6 5.00 34.00 39.00 NOTE
r-oldrel-windows-ix86+x86_64 1.2.0.6 5.00 38.00 43.00 OK

Check Details

Version: 1.2.0.6
Check: R code for possible problems
Result: NOTE
    ColorMap: no visible global function definition for ‘brewer.pal’
    ColorMap: no visible global function definition for ‘plotPolys’
    DF2SpatialPointsDataFrame: no visible global function definition for
     ‘CRS’
    DF2SpatialPointsDataFrame: no visible global function definition for
     ‘coordinates<-’
    DF2SpatialPointsDataFrame: no visible global function definition for
     ‘proj4string<-’
    PlotPolysOnStaticMap: no visible global function definition for
     ‘calcCentroid’
    PlotPolysOnStaticMap: no visible global function definition for
     ‘addPolys’
    SpatialToPBS: no visible global function definition for ‘bbox’
    SpatialToPBS: no visible global function definition for ‘coordinates’
    bubbleMap: no visible global function definition for ‘CRS’
    bubbleMap: no visible global function definition for ‘spTransform’
Flavors: r-devel-linux-x86_64-debian-clang, r-devel-linux-x86_64-debian-gcc, r-devel-linux-x86_64-fedora-clang, r-devel-linux-x86_64-fedora-gcc, r-devel-osx-x86_64-clang, r-devel-windows-ix86+x86_64, r-patched-linux-x86_64, r-patched-solaris-sparc, r-patched-solaris-x86, r-release-linux-ix86, r-release-linux-x86_64, r-release-windows-ix86+x86_64

Version: 1.2.0.6
Check: package dependencies
Result: NOTE
    Packages suggested but not available for checking: ‘maptools’ ‘rgdal’
Flavor: r-release-osx-x86_64-mavericks