CRAN Package Check Results for Package RgoogleMaps

Last updated on 2015-08-03 16:48:29.

Flavor Version Tinstall Tcheck Ttotal Status Flags
r-devel-linux-x86_64-debian-clang 1.2.0.7 0.91 25.49 26.40 NOTE
r-devel-linux-x86_64-debian-gcc 1.2.0.7 0.92 24.89 25.81 NOTE
r-devel-linux-x86_64-fedora-clang 1.2.0.7 43.60 NOTE
r-devel-linux-x86_64-fedora-gcc 1.2.0.7 41.38 NOTE
r-devel-osx-x86_64-clang 1.2.0.7 35.43 OK
r-devel-windows-ix86+x86_64 1.2.0.7 4.00 35.00 39.00 NOTE
r-patched-linux-x86_64 1.2.0.7 0.98 24.96 25.94 OK
r-patched-solaris-sparc 1.2.0.7 222.10 OK
r-patched-solaris-x86 1.2.0.7 48.50 OK
r-release-linux-x86_64 1.2.0.7 1.34 25.31 26.65 OK
r-release-osx-x86_64-mavericks 1.2.0.7 NOTE
r-release-windows-ix86+x86_64 1.2.0.7 5.00 34.00 39.00 OK
r-oldrel-windows-ix86+x86_64 1.2.0.7 7.00 37.00 44.00 OK

Check Details

Version: 1.2.0.7
Check: R code for possible problems
Result: NOTE
    AddAlpha: no visible global function definition for ‘col2rgb’
    AddAlpha: no visible global function definition for ‘rgb’
    ColorMap: no visible global function definition for ‘grey’
    PlotOnStaticMap: no visible global function definition for ‘dev.cur’
    PlotPolysOnStaticMap: no visible global function definition for ‘rgb’
    SpatialToPBS : <anonymous>: no visible global function definition for
     ‘slot’
    bubbleMap : PolyCol: no visible global function definition for
     ‘colorRampPalette’
    bubbleMap: no visible global function definition for ‘as’
    bubbleMap: no visible global function definition for ‘col2rgb’
    bubbleMap: no visible global function definition for ‘rgb’
    bubbleMap : <anonymous>: no visible global function definition for
     ‘rgb’
    updateusr: no visible global function definition for ‘xy.coords’
    Undefined global functions or variables:
     as col2rgb colorRampPalette dev.cur grey rgb slot xy.coords
    Consider adding
     importFrom("grDevices", "col2rgb", "colorRampPalette", "dev.cur",
     "grey", "rgb", "xy.coords")
     importFrom("methods", "as", "slot")
    to your NAMESPACE.
Flavors: r-devel-linux-x86_64-debian-clang, r-devel-linux-x86_64-debian-gcc, r-devel-linux-x86_64-fedora-clang, r-devel-linux-x86_64-fedora-gcc, r-devel-windows-ix86+x86_64

Version: 1.2.0.7
Check: package dependencies
Result: NOTE
    Package suggested but not available for checking: ‘rgdal’
Flavor: r-release-osx-x86_64-mavericks