CRAN Package Check Results for Package RgoogleMaps

Last updated on 2014-07-25 10:52:04.

Flavor Version Tinstall Tcheck Ttotal Status Flags
r-devel-linux-x86_64-debian-clang 1.2.0.6 1.12 23.72 24.84 OK
r-devel-linux-x86_64-debian-gcc 1.2.0.6 1.13 23.02 24.14 OK
r-devel-linux-x86_64-fedora-clang 1.2.0.6 49.62 OK
r-devel-linux-x86_64-fedora-gcc 1.2.0.6 47.47 OK
r-devel-osx-x86_64-clang 1.2.0.6 41.33 OK
r-devel-windows-ix86+x86_64 1.2.0.6 3.00 35.00 38.00 OK
r-patched-linux-x86_64 1.2.0.6 1.02 24.03 25.05 OK
r-patched-solaris-sparc 1.2.0.6 224.00 OK
r-patched-solaris-x86 1.2.0.6 64.30 OK
r-release-linux-ix86 1.2.0.6 1.43 31.97 33.40 OK
r-release-linux-x86_64 1.2.0.6 1.16 23.56 24.72 OK
r-release-osx-x86_64-mavericks 1.2.0.6 NOTE
r-release-osx-x86_64-snowleopard 1.2.0.6 OK
r-release-windows-ix86+x86_64 1.2.0.6 4.00 33.00 37.00 OK
r-oldrel-windows-ix86+x86_64 1.2.0.6 4.00 34.00 38.00 OK

Check Details

Version: 1.2.0.6
Check: package dependencies
Result: NOTE
    Packages suggested but not available for checking: ‘maptools’ ‘rgdal’
Flavor: r-release-osx-x86_64-mavericks