CRAN Package Check Results for Package RgoogleMaps

Last updated on 2017-12-13 07:48:42 CET.

Flavor Version Tinstall Tcheck Ttotal Status Flags
r-devel-linux-x86_64-debian-clang 1.4.1 1.25 37.78 39.03 OK
r-devel-linux-x86_64-debian-gcc 1.4.1 1.06 30.75 31.81 OK
r-devel-linux-x86_64-fedora-clang 1.4.1 46.30 OK
r-devel-linux-x86_64-fedora-gcc 1.4.1 78.46 OK
r-devel-windows-ix86+x86_64 1.4.1 9.00 43.00 52.00 ERROR
r-patched-linux-x86_64 1.4.1 1.28 38.28 39.56 OK
r-patched-solaris-x86 1.4.1 55.10 OK
r-release-linux-x86_64 1.4.1 1.27 33.65 34.92 ERROR
r-release-windows-ix86+x86_64 1.4.1 4.00 46.00 50.00 OK
r-release-osx-x86_64 1.4.1 OK
r-oldrel-windows-ix86+x86_64 1.4.1 6.00 58.00 64.00 OK
r-oldrel-osx-x86_64 1.4.1 OK

Check Details

Version: 1.4.1
Check: examples
Result: ERROR
    Running examples in 'RgoogleMaps-Ex.R' failed
    The error most likely occurred in:
    
    > ### Name: NYleukemia
    > ### Title: Upstate New York Leukemia Data
    > ### Aliases: NYleukemia
    > ### Keywords: datasets
    >
    > ### ** Examples
    >
    > data(NYleukemia)
    > population <- NYleukemia$data$population
    > cases <- NYleukemia$data$cases
    > mapNY <- GetMap(center=c(lon=-76.00365, lat=42.67456), destfile = "NYstate.png",
    + maptype = "mobile", zoom=9)
    Warning in download.file(urlStr, destfile, mode = "wb", quiet = TRUE) :
     cannot open URL 'http://maps.google.com/maps/api/staticmap?center=42.67456,-76.00365&zoom=9&size=640x640&maptype=mobile&format=png32&sensor=true': HTTP status was '403 Forbidden'
    Error in download.file(urlStr, destfile, mode = "wb", quiet = TRUE) :
     cannot open URL 'http://maps.google.com/maps/api/staticmap?center=42.67456,-76.00365&zoom=9&size=640x640&maptype=mobile&format=png32&sensor=true'
    Calls: GetMap -> download.file
    Execution halted
Flavor: r-devel-windows-ix86+x86_64

Version: 1.4.1
Check: examples
Result: ERROR
    Running examples in ‘RgoogleMaps-Ex.R’ failed
    The error most likely occurred in:
    
    > base::assign(".ptime", proc.time(), pos = "CheckExEnv")
    > ### Name: GetMap.bbox
    > ### Title: GetMap bbox
    > ### Aliases: GetMap.bbox
    >
    > ### ** Examples
    >
    >
    >
    > mymarkers <- cbind.data.frame(lat = c(38.898648,38.889112, 38.880940),
    +
    +
    + lon = c(-77.037692, -77.050273, -77.03660), size = c('tiny','tiny','tiny'),
    +
    +
    + col = c('blue', 'green', 'red'), char = c('','',''));
    >
    >
    >
    >
    >
    > ##get the bounding box:
    >
    >
    > bb <- qbbox(lat = mymarkers[,"lat"], lon = mymarkers[,"lon"]);
    >
    >
    >
    >
    >
    > ##download the map:
    >
    >
    > MyMap <- GetMap.bbox(bb$lonR, bb$latR, destfile = "DC.png", GRAYSCALE =TRUE,
    +
    +
    + markers = mymarkers);
    Warning in download.file(urlStr, destfile, mode = "wb", quiet = TRUE) :
     cannot open URL 'http://maps.google.com/maps/api/staticmap?center=38.889794,-77.0434365&zoom=15&size=640x640&maptype=mobile&format=png32&sensor=true&markers=size:1|col:1|char:1|38.898648,-77.037692&markers=size:1|col:2|char:1|38.889112,-77.050273&markers=size:1|col:3|char:1|38.88094,-77.0366': HTTP status was '403 Forbidden'
    Error in download.file(urlStr, destfile, mode = "wb", quiet = TRUE) :
     cannot open URL 'http://maps.google.com/maps/api/staticmap?center=38.889794,-77.0434365&zoom=15&size=640x640&maptype=mobile&format=png32&sensor=true&markers=size:1|col:1|char:1|38.898648,-77.037692&markers=size:1|col:2|char:1|38.889112,-77.050273&markers=size:1|col:3|char:1|38.88094,-77.0366'
    Calls: GetMap.bbox -> GetMap -> download.file
    Execution halted
Flavor: r-release-linux-x86_64