CRAN Package Check Results for Package RgoogleMaps

Last updated on 2015-01-25 16:49:21.

Flavor Version Tinstall Tcheck Ttotal Status Flags
r-devel-linux-x86_64-debian-clang 1.2.0.7 1.00 27.50 28.50 OK
r-devel-linux-x86_64-debian-gcc 1.2.0.7 0.98 26.80 27.78 OK
r-devel-linux-x86_64-fedora-clang 1.2.0.7 49.08 OK
r-devel-linux-x86_64-fedora-gcc 1.2.0.7 46.75 OK
r-devel-osx-x86_64-clang 1.2.0.7 41.89 OK
r-devel-windows-ix86+x86_64 1.2.0.7 5.00 36.00 41.00 OK
r-patched-linux-x86_64 1.2.0.7 1.03 26.42 27.45 OK
r-patched-solaris-sparc 1.2.0.7 221.00 OK
r-patched-solaris-x86 1.2.0.7 54.70 OK
r-release-linux-ix86 1.2.0.7 1.38 29.11 30.49 OK
r-release-linux-x86_64 1.2.0.7 1.04 26.11 27.16 OK
r-release-osx-x86_64-mavericks 1.2.0.7 NOTE
r-release-osx-x86_64-snowleopard 1.2.0.7 OK
r-release-windows-ix86+x86_64 1.2.0.7 3.00 37.00 40.00 OK
r-oldrel-windows-ix86+x86_64 1.2.0.7 5.00 41.00 46.00 OK

Check Details

Version: 1.2.0.7
Check: package dependencies
Result: NOTE
    Package suggested but not available for checking: ‘rgdal’
Flavor: r-release-osx-x86_64-mavericks