CRAN Package Check Results for Package RgoogleMaps

Last updated on 2015-03-05 22:47:36.

Flavor Version Tinstall Tcheck Ttotal Status Flags
r-devel-linux-x86_64-debian-clang 1.2.0.7 0.92 24.90 25.82 OK
r-devel-linux-x86_64-debian-gcc 1.2.0.7 0.89 24.55 25.44 OK
r-devel-linux-x86_64-fedora-clang 1.2.0.7 43.62 OK
r-devel-linux-x86_64-fedora-gcc 1.2.0.7 41.08 OK
r-devel-osx-x86_64-clang 1.2.0.7 38.20 OK
r-devel-windows-ix86+x86_64 1.2.0.7 4.00 29.00 33.00 ERROR
r-patched-linux-x86_64 1.2.0.7 1.48 27.62 29.10 OK
r-patched-solaris-sparc 1.2.0.7 233.30 OK
r-patched-solaris-x86 1.2.0.7 54.50 OK
r-release-linux-ix86 1.2.0.7 1.32 35.10 36.43 OK
r-release-linux-x86_64 1.2.0.7 1.00 26.58 27.58 OK
r-release-osx-x86_64-mavericks 1.2.0.7 NOTE
r-release-osx-x86_64-snowleopard 1.2.0.7 OK
r-release-windows-ix86+x86_64 1.2.0.7 4.00 35.00 39.00 OK
r-oldrel-windows-ix86+x86_64 1.2.0.7 4.00 38.00 42.00 OK

Check Details

Version: 1.2.0.7
Check: examples
Result: ERROR
    Running examples in 'RgoogleMaps-Ex.R' failed
    The error most likely occurred in:
    
    > ### Name: degreeAxis
    > ### Title: axis with degrees
    > ### Aliases: degreeAxis
    >
    > ### ** Examples
    >
    > xy = cbind(x = 2 * runif(100) - 1, y = 2 * runif(100) - 1)
    > plot(xy,xlim=c(-1,1),ylim=c(-1,1))
    > degreeAxis(1)
    Called from: degreeAxis(1)
    Browse[1]> degreeAxis(2, at = c(-1,-0.5,0,0.5,1))
    Called from: degreeAxis(2, at = c(-1, -0.5, 0, 0.5, 1))
    Browse[3]>
    debug: axis(side, at = at, labels = labels, ...)
    Browse[4]>
    Browse[1]>
    debug: axis(side, at = at, labels = labels, ...)
    Browse[2]> cleanEx()
    Browse[2]> nameEx("getGeoCode")
    Browse[2]> ### * getGeoCode
    Browse[2]>
    > flush(stderr()); flush(stdout())
    >
    > ### Name: getGeoCode
    > ### Title: geocoding utility
    > ### Aliases: getGeoCode
    >
    > ### ** Examples
    >
    > getGeoCode("Brooklyn")
     lat lon
     40.67818 -73.94416
    > #You can run this on the entire column of a data frame or a data table:
    > DF = cbind.data.frame(address=c("Berlin,Germany", "Princeton,NJ",
    + "cadillac+mountain+acadia+national+park"), lat = NA, lon = NA)
    > DF <- with(DF, data.frame(address, t(sapply(DF$address, getGeoCode))))
    Warning in readLines(con) :
     cannot open: HTTP status was '500 Internal Server Error'
    Error in fromJSON(paste(readLines(con), collapse = "")) :
     error in evaluating the argument 'content' in selecting a method for function 'fromJSON': Error in readLines(con) : cannot open the connection
    Calls: paste -> readLines
    Calls: with ... data.frame -> t -> sapply -> lapply -> FUN -> fromJSON
    Execution halted
Flavor: r-devel-windows-ix86+x86_64

Version: 1.2.0.7
Check: package dependencies
Result: NOTE
    Package suggested but not available for checking: ‘rgdal’
Flavor: r-release-osx-x86_64-mavericks