CRAN Package Check Results for Package RgoogleMaps

Last updated on 2018-02-24 23:49:15 CET.

Flavor Version Tinstall Tcheck Ttotal Status Flags
r-devel-linux-x86_64-debian-clang 1.4.1 2.75 36.99 39.74 OK
r-devel-linux-x86_64-debian-gcc 1.4.1 1.86 26.70 28.56 ERROR
r-devel-linux-x86_64-fedora-clang 1.4.1 47.00 OK
r-devel-linux-x86_64-fedora-gcc 1.4.1 46.54 OK
r-devel-windows-ix86+x86_64 1.4.1 6.00 62.00 68.00 OK
r-patched-linux-x86_64 1.4.1 1.41 34.73 36.14 ERROR
r-patched-solaris-x86 1.4.1 55.40 OK
r-release-linux-x86_64 1.4.1 1.18 38.28 39.46 OK
r-release-windows-ix86+x86_64 1.4.1 4.00 61.00 65.00 OK
r-release-osx-x86_64 1.4.1 OK
r-oldrel-windows-ix86+x86_64 1.4.1 3.00 47.00 50.00 OK
r-oldrel-osx-x86_64 1.4.1 OK

Check Details

Version: 1.4.1
Check: examples
Result: ERROR
    Running examples in ‘RgoogleMaps-Ex.R’ failed
    The error most likely occurred in:
    
    > base::assign(".ptime", proc.time(), pos = "CheckExEnv")
    > ### Name: GetMap
    > ### Title: download a static map from the Google server
    > ### Aliases: GetMap
    >
    > ### ** Examples
    >
    >
    >
    > lat = c(40.702147,40.718217,40.711614);
    >
    >
    > lon = c(-74.012318,-74.015794,-73.998284);
    >
    >
    > center = c(mean(lat), mean(lon));
    >
    >
    > zoom <- min(MaxZoom(range(lat), range(lon)));
    >
    >
    > #this overhead is taken care of implicitly by GetMap.bbox();
    >
    >
    > markers = paste0("&markers=color:blue|label:S|40.702147,-74.015794&markers=color:",
    +
    +
    + "green|label:G|40.711614,-74.012318&markers=color:red|color:red|",
    +
    +
    + "label:C|40.718217,-73.998284")
    >
    >
    > MyMap <- GetMap(center=center, zoom=zoom,markers=markers);
    Warning in download.file(urlStr, destfile, mode = "wb", quiet = TRUE) :
     cannot open URL 'http://maps.google.com/maps/api/staticmap?center=40.7106593333333,-74.0087986666667&zoom=15&size=640x640&maptype=mobile&format=png32&sensor=true&markers=color:blue|label:S|40.702147,-74.015794&markers=color:green|label:G|40.711614,-74.012318&markers=color:red|color:red|label:C|40.718217,-73.998284': HTTP status was '403 Forbidden'
    Error in download.file(urlStr, destfile, mode = "wb", quiet = TRUE) :
     cannot open URL 'http://maps.google.com/maps/api/staticmap?center=40.7106593333333,-74.0087986666667&zoom=15&size=640x640&maptype=mobile&format=png32&sensor=true&markers=color:blue|label:S|40.702147,-74.015794&markers=color:green|label:G|40.711614,-74.012318&markers=color:red|color:red|label:C|40.718217,-73.998284'
    Calls: GetMap -> download.file
    Execution halted
Flavor: r-devel-linux-x86_64-debian-gcc

Version: 1.4.1
Check: examples
Result: ERROR
    Running examples in ‘RgoogleMaps-Ex.R’ failed
    The error most likely occurred in:
    
    > base::assign(".ptime", proc.time(), pos = "CheckExEnv")
    > ### Name: GetMap.bbox
    > ### Title: GetMap bbox
    > ### Aliases: GetMap.bbox
    >
    > ### ** Examples
    >
    >
    >
    > mymarkers <- cbind.data.frame(lat = c(38.898648,38.889112, 38.880940),
    +
    +
    + lon = c(-77.037692, -77.050273, -77.03660), size = c('tiny','tiny','tiny'),
    +
    +
    + col = c('blue', 'green', 'red'), char = c('','',''));
    >
    >
    >
    >
    >
    > ##get the bounding box:
    >
    >
    > bb <- qbbox(lat = mymarkers[,"lat"], lon = mymarkers[,"lon"]);
    >
    >
    >
    >
    >
    > ##download the map:
    >
    >
    > MyMap <- GetMap.bbox(bb$lonR, bb$latR, destfile = "DC.png", GRAYSCALE =TRUE,
    +
    +
    + markers = mymarkers);
    Warning in download.file(urlStr, destfile, mode = "wb", quiet = TRUE) :
     cannot open URL 'http://maps.google.com/maps/api/staticmap?center=38.889794,-77.0434365&zoom=15&size=640x640&maptype=mobile&format=png32&sensor=true&markers=size:1|col:1|char:1|38.898648,-77.037692&markers=size:1|col:2|char:1|38.889112,-77.050273&markers=size:1|col:3|char:1|38.88094,-77.0366': HTTP status was '403 Forbidden'
    Error in download.file(urlStr, destfile, mode = "wb", quiet = TRUE) :
     cannot open URL 'http://maps.google.com/maps/api/staticmap?center=38.889794,-77.0434365&zoom=15&size=640x640&maptype=mobile&format=png32&sensor=true&markers=size:1|col:1|char:1|38.898648,-77.037692&markers=size:1|col:2|char:1|38.889112,-77.050273&markers=size:1|col:3|char:1|38.88094,-77.0366'
    Calls: GetMap.bbox -> GetMap -> download.file
    Execution halted
Flavor: r-patched-linux-x86_64