CRAN Package Check Results for Package RidgeFusion

Last updated on 2019-05-27 05:47:50 CEST.

Flavor Version Tinstall Tcheck Ttotal Status Flags
r-devel-linux-x86_64-debian-clang 1.0-3 2.33 27.04 29.37 NOTE
r-devel-linux-x86_64-debian-gcc 1.0-3 2.12 21.25 23.37 NOTE
r-devel-linux-x86_64-fedora-clang 1.0-3 34.77 NOTE
r-devel-linux-x86_64-fedora-gcc 1.0-3 34.08 NOTE
r-devel-windows-ix86+x86_64 1.0-3 13.00 54.00 67.00 NOTE
r-patched-linux-x86_64 1.0-3 NOTE
r-patched-solaris-x86 1.0-3 51.80 NOTE
r-release-linux-x86_64 1.0-3 2.44 26.70 29.14 NOTE
r-release-windows-ix86+x86_64 1.0-3 7.00 53.00 60.00 NOTE
r-release-osx-x86_64 1.0-3 NOTE
r-oldrel-windows-ix86+x86_64 1.0-3 3.00 40.00 43.00 NOTE
r-oldrel-osx-x86_64 1.0-3 NOTE

Check Details

Version: 1.0-3
Check: R code for possible problems
Result: NOTE
    FusedQDA : <anonymous>: no visible global function definition for 'cov'
    RidgeFused: no visible binding for global variable 'cov2cor'
    RidgeFusedCV : <anonymous>: no visible global function definition for
     'cov'
    SSRidgeFused : <anonymous>: no visible global function definition for
     'cov'
    Undefined global functions or variables:
     cov cov2cor
    Consider adding
     importFrom("stats", "cov", "cov2cor")
    to your NAMESPACE file.
Flavors: r-devel-linux-x86_64-debian-clang, r-devel-linux-x86_64-debian-gcc, r-devel-linux-x86_64-fedora-clang, r-devel-linux-x86_64-fedora-gcc, r-devel-windows-ix86+x86_64, r-patched-linux-x86_64, r-patched-solaris-x86, r-release-linux-x86_64, r-release-windows-ix86+x86_64, r-release-osx-x86_64, r-oldrel-windows-ix86+x86_64, r-oldrel-osx-x86_64