CRAN Package Check Results for Package Riemann

Last updated on 2024-04-14 02:52:57 CEST.

Flavor Version Tinstall Tcheck Ttotal Status Flags
r-devel-linux-x86_64-debian-clang 0.1.4 335.75 247.08 582.83 NOTE
r-devel-linux-x86_64-debian-gcc 0.1.4 262.64 178.02 440.66 NOTE
r-devel-linux-x86_64-fedora-clang 0.1.4 796.63 NOTE
r-devel-linux-x86_64-fedora-gcc 0.1.4 817.95 NOTE
r-devel-windows-x86_64 0.1.4 248.00 227.00 475.00 NOTE
r-patched-linux-x86_64 0.1.4 297.03 231.22 528.25 NOTE
r-release-linux-x86_64 0.1.4 315.57 235.98 551.55 NOTE
r-release-macos-arm64 0.1.4 200.00 NOTE
r-release-macos-x86_64 0.1.4 341.00 NOTE
r-release-windows-x86_64 0.1.4 307.00 288.00 595.00 NOTE
r-oldrel-macos-arm64 0.1.4 171.00 NOTE
r-oldrel-windows-x86_64 0.1.4 304.00 247.00 551.00 OK

Check Details

Version: 0.1.4
Check: C++ specification
Result: NOTE Specified C++11: please drop specification unless essential Flavors: r-devel-linux-x86_64-debian-clang, r-devel-linux-x86_64-debian-gcc, r-devel-linux-x86_64-fedora-clang, r-devel-linux-x86_64-fedora-gcc, r-devel-windows-x86_64, r-patched-linux-x86_64, r-release-linux-x86_64, r-release-macos-arm64, r-release-macos-x86_64, r-release-windows-x86_64

Version: 0.1.4
Check: Rd files
Result: NOTE checkRd: (-1) acg.Rd:72: Escaped LaTeX specials: \& checkRd: (-1) gorilla.Rd:41: Escaped LaTeX specials: \& checkRd: (-1) grassmann.utest.Rd:63: Escaped LaTeX specials: \& checkRd: (-1) macg.Rd:71: Escaped LaTeX specials: \& checkRd: (-1) sphere.utest.Rd:47: Escaped LaTeX specials: \& checkRd: (-1) stiefel.utest.Rd:64: Escaped LaTeX specials: \& checkRd: (-1) wrap.landmark.Rd:41: Escaped LaTeX specials: \& Flavors: r-devel-linux-x86_64-debian-clang, r-devel-linux-x86_64-debian-gcc, r-devel-linux-x86_64-fedora-clang, r-devel-linux-x86_64-fedora-gcc, r-devel-windows-x86_64, r-patched-linux-x86_64, r-release-linux-x86_64, r-release-macos-arm64, r-release-macos-x86_64, r-release-windows-x86_64

Version: 0.1.4
Check: installed package size
Result: NOTE installed size is 18.6Mb sub-directories of 1Mb or more: data 1.6Mb libs 16.2Mb Flavors: r-release-macos-arm64, r-release-macos-x86_64, r-oldrel-macos-arm64