CRAN Package Check Results for Package Rinstapkg

Last updated on 2020-09-23 15:28:13 CEST.

Flavor Version Tinstall Tcheck Ttotal Status Flags
r-devel-linux-x86_64-debian-clang 0.1.0 6.30 53.49 59.79 OK
r-devel-linux-x86_64-debian-gcc 0.1.0 5.03 40.46 45.49 OK
r-devel-linux-x86_64-fedora-clang 0.1.0 80.67 NOTE
r-devel-linux-x86_64-fedora-gcc 0.1.0 70.57 NOTE
r-devel-windows-ix86+x86_64 0.1.0 15.00 79.00 94.00 OK
r-patched-linux-x86_64 0.1.0 6.70 49.34 56.04 OK
r-patched-solaris-x86 0.1.0 94.80 NOTE
r-release-linux-x86_64 0.1.0 6.67 49.21 55.88 OK
r-release-macos-x86_64 0.1.0 NOTE
r-release-windows-ix86+x86_64 0.1.0 31.00 78.00 109.00 OK
r-oldrel-macos-x86_64 0.1.0 NOTE
r-oldrel-windows-ix86+x86_64 0.1.0 8.00 63.00 71.00 OK

Check Details

Version: 0.1.0
Check: dependencies in R code
Result: NOTE
    Namespaces in Imports field not imported from:
     ‘methods’ ‘readr’
     All declared Imports should be used.
Flavors: r-devel-linux-x86_64-fedora-clang, r-devel-linux-x86_64-fedora-gcc, r-patched-solaris-x86, r-release-macos-x86_64, r-oldrel-macos-x86_64