CRAN Package Check Results for Package Rip46

Last updated on 2022-01-19 22:50:52 CET.

Flavor Version Tinstall Tcheck Ttotal Status Flags
r-devel-linux-x86_64-debian-clang 1.0.2 OK
r-devel-linux-x86_64-debian-gcc 1.0.2 15.92 29.14 45.06 OK
r-devel-linux-x86_64-fedora-clang 1.0.2 85.06 NOTE
r-devel-linux-x86_64-fedora-gcc 1.0.2 70.11 NOTE
r-patched-linux-x86_64 1.0.2 19.99 34.96 54.95 OK
r-release-linux-x86_64 1.0.2 OK
r-release-macos-arm64 1.0.2 OK
r-release-macos-x86_64 1.0.2 OK
r-oldrel-macos-x86_64 1.0.2 OK

Check Details

Version: 1.0.2
Check: compiled code
Result: NOTE
    File ‘Rip46/libs/Rip46.so’:
     Found no calls to: ‘R_registerRoutines’, ‘R_useDynamicSymbols’
    
    It is good practice to register native routines and to disable symbol
    search.
    
    See ‘Writing portable packages’ in the ‘Writing R Extensions’ manual.
Flavors: r-devel-linux-x86_64-fedora-clang, r-devel-linux-x86_64-fedora-gcc