CRAN Package Check Results for Package RiskPortfolios

Last updated on 2018-08-17 21:48:22 CEST.

Flavor Version Tinstall Tcheck Ttotal Status Flags
r-devel-linux-x86_64-debian-clang 2.1.1 1.83 48.03 49.86 OK
r-devel-linux-x86_64-debian-gcc 2.1.1 1.41 35.91 37.32 OK
r-devel-linux-x86_64-fedora-clang 2.1.1 58.92 NOTE
r-devel-linux-x86_64-fedora-gcc 2.1.1 56.30 NOTE
r-devel-windows-ix86+x86_64 2.1.1 3.00 75.00 78.00 OK
r-patched-linux-x86_64 2.1.1 2.06 45.90 47.96 OK
r-patched-solaris-x86 2.1.1 72.60 NOTE
r-release-linux-x86_64 2.1.1 1.62 45.04 46.66 OK
r-release-windows-ix86+x86_64 2.1.1 4.00 63.00 67.00 OK
r-release-osx-x86_64 2.1.1 NOTE
r-oldrel-windows-ix86+x86_64 2.1.1 2.00 151.00 153.00 OK
r-oldrel-osx-x86_64 2.1.1 NOTE

Check Details

Version: 2.1.1
Check: dependencies in R code
Result: NOTE
    Namespace in Imports field not imported from: ‘MASS’
     All declared Imports should be used.
Flavors: r-devel-linux-x86_64-fedora-clang, r-devel-linux-x86_64-fedora-gcc, r-patched-solaris-x86, r-release-osx-x86_64, r-oldrel-osx-x86_64