CRAN Package Check Results for Package RiskPortfolios

Last updated on 2018-11-19 03:48:55 CET.

Flavor Version Tinstall Tcheck Ttotal Status Flags
r-devel-linux-x86_64-debian-clang OK
r-devel-linux-x86_64-debian-gcc 2.1.2 1.37 27.76 29.13 OK
r-devel-linux-x86_64-fedora-clang 2.1.2 45.35 NOTE
r-devel-linux-x86_64-fedora-gcc 2.1.2 42.77 NOTE
r-devel-windows-ix86+x86_64 2.1.2 5.00 66.00 71.00 OK
r-patched-linux-x86_64 2.1.2 1.39 35.09 36.48 OK
r-patched-solaris-x86 2.1.2 59.80 NOTE
r-release-linux-x86_64 2.1.2 2.17 34.87 37.04 OK
r-release-windows-ix86+x86_64 2.1.2 4.00 48.00 52.00 OK
r-release-osx-x86_64 2.1.2 NOTE
r-oldrel-windows-ix86+x86_64 2.1.2 3.00 68.00 71.00 OK
r-oldrel-osx-x86_64 2.1.2 NOTE

Check Details

Version: 2.1.2
Check: dependencies in R code
Result: NOTE
    Namespace in Imports field not imported from: ‘MASS’
     All declared Imports should be used.
Flavors: r-devel-linux-x86_64-fedora-clang, r-devel-linux-x86_64-fedora-gcc, r-patched-solaris-x86, r-release-osx-x86_64, r-oldrel-osx-x86_64