CRAN Package Check Results for Package RiskPortfolios

Last updated on 2025-01-17 20:49:32 CET.

Flavor Version Tinstall Tcheck Ttotal Status Flags
r-devel-linux-x86_64-debian-clang 2.1.7 2.67 34.69 37.36 OK
r-devel-linux-x86_64-debian-gcc 2.1.7 2.12 23.88 26.00 OK
r-devel-linux-x86_64-fedora-clang 2.1.7 64.21 NOTE
r-devel-linux-x86_64-fedora-gcc 2.1.7 62.21 NOTE
r-devel-windows-x86_64 2.1.7 3.00 55.00 58.00 OK
r-patched-linux-x86_64 2.1.7 2.86 32.40 35.26 OK
r-release-linux-x86_64 2.1.7 2.70 32.93 35.63 OK
r-release-macos-arm64 2.1.7 21.00 OK
r-release-macos-x86_64 2.1.7 34.00 OK
r-release-windows-x86_64 2.1.7 3.00 53.00 56.00 OK
r-oldrel-macos-arm64 2.1.7 27.00 OK
r-oldrel-macos-x86_64 2.1.7 30.00 OK
r-oldrel-windows-x86_64 2.1.7 4.00 61.00 65.00 OK

Check Details

Version: 2.1.7
Check: dependencies in R code
Result: NOTE Namespace in Imports field not imported from: ‘MASS’ All declared Imports should be used. Flavors: r-devel-linux-x86_64-fedora-clang, r-devel-linux-x86_64-fedora-gcc