CRAN Package Check Results for Package RiskPortfolios

Last updated on 2017-11-18 15:51:26.

Flavor Version Tinstall Tcheck Ttotal Status Flags
r-devel-linux-x86_64-debian-clang 2.1.1 0.62 30.29 30.91 OK
r-devel-linux-x86_64-debian-gcc 2.1.1 0.82 29.98 30.80 OK
r-devel-linux-x86_64-fedora-clang 2.1.1 54.58 NOTE
r-devel-linux-x86_64-fedora-gcc 2.1.1 53.62 NOTE
r-devel-windows-ix86+x86_64 2.1.1 4.00 82.00 86.00 OK
r-patched-linux-x86_64 2.1.1 0.68 28.34 29.02 OK
r-patched-solaris-x86 2.1.1 67.80 NOTE
r-release-linux-x86_64 2.1.1 0.68 28.07 28.75 OK
r-release-windows-ix86+x86_64 2.1.1 3.00 76.00 79.00 OK
r-release-osx-x86_64 2.1.1 NOTE
r-oldrel-windows-ix86+x86_64 2.1.1 2.00 85.00 87.00 OK
r-oldrel-osx-x86_64 2.1.1 NOTE

Check Details

Version: 2.1.1
Check: dependencies in R code
Result: NOTE
    Namespace in Imports field not imported from: ‘MASS’
     All declared Imports should be used.
Flavors: r-devel-linux-x86_64-fedora-clang, r-devel-linux-x86_64-fedora-gcc, r-patched-solaris-x86, r-release-osx-x86_64, r-oldrel-osx-x86_64