CRAN Package Check Results for Package RiskPortfolios

Last updated on 2018-04-27 05:50:14 CEST.

Flavor Version Tinstall Tcheck Ttotal Status Flags
r-devel-linux-x86_64-debian-clang 2.1.1 2.04 41.78 43.82 OK
r-devel-linux-x86_64-debian-gcc 2.1.1 1.55 33.63 35.18 OK
r-devel-linux-x86_64-fedora-clang 2.1.1 56.68 NOTE
r-devel-linux-x86_64-fedora-gcc 2.1.1 55.24 NOTE
r-devel-windows-ix86+x86_64 2.1.1 5.00 74.00 79.00 OK
r-patched-linux-x86_64 2.1.1 1.55 45.17 46.72 OK
r-patched-solaris-x86 2.1.1 72.80 NOTE
r-release-linux-x86_64 2.1.1 1.34 45.68 47.02 OK
r-release-windows-ix86+x86_64 2.1.1 5.00 74.00 79.00 OK
r-release-osx-x86_64 2.1.1 NOTE
r-oldrel-windows-ix86+x86_64 2.1.1 2.00 69.00 71.00 OK
r-oldrel-osx-x86_64 2.1.1 NOTE

Check Details

Version: 2.1.1
Check: dependencies in R code
Result: NOTE
    Namespace in Imports field not imported from: ‘MASS’
     All declared Imports should be used.
Flavors: r-devel-linux-x86_64-fedora-clang, r-devel-linux-x86_64-fedora-gcc, r-patched-solaris-x86, r-release-osx-x86_64, r-oldrel-osx-x86_64