CRAN Package Check Results for Package RiskPortfolios

Last updated on 2018-01-22 02:49:27 CET.

Flavor Version Tinstall Tcheck Ttotal Status Flags
r-devel-linux-x86_64-debian-clang 2.1.1 0.61 50.42 51.03 OK
r-devel-linux-x86_64-debian-gcc 2.1.1 0.72 37.85 38.57 OK
r-devel-linux-x86_64-fedora-clang 2.1.1 61.88 NOTE
r-devel-linux-x86_64-fedora-gcc 2.1.1 59.56 NOTE
r-devel-windows-ix86+x86_64 2.1.1 3.00 65.00 68.00 OK
r-patched-linux-x86_64 2.1.1 0.92 48.22 49.14 OK
r-patched-solaris-x86 2.1.1 73.10 NOTE
r-release-linux-x86_64 2.1.1 1.00 49.09 50.09 OK
r-release-windows-ix86+x86_64 2.1.1 5.00 74.00 79.00 OK
r-release-osx-x86_64 2.1.1 NOTE
r-oldrel-windows-ix86+x86_64 2.1.1 4.00 61.00 65.00 OK
r-oldrel-osx-x86_64 2.1.1 NOTE

Check Details

Version: 2.1.1
Check: dependencies in R code
Result: NOTE
    Namespace in Imports field not imported from: ‘MASS’
     All declared Imports should be used.
Flavors: r-devel-linux-x86_64-fedora-clang, r-devel-linux-x86_64-fedora-gcc, r-patched-solaris-x86, r-release-osx-x86_64, r-oldrel-osx-x86_64