CRAN Package Check Results for Package Rita

Last updated on 2022-09-27 00:51:13 CEST.

Flavor Version Tinstall Tcheck Ttotal Status Flags
r-devel-linux-x86_64-debian-clang 1.2.0 2.65 38.41 41.06 OK
r-devel-linux-x86_64-debian-gcc 1.2.0 2.64 28.29 30.93 OK
r-devel-linux-x86_64-fedora-clang 1.2.0 62.30 NOTE
r-devel-linux-x86_64-fedora-gcc 1.2.0 61.16 NOTE
r-devel-windows-x86_64 1.2.0 10.00 63.00 73.00 OK
r-patched-linux-x86_64 1.2.0 3.42 35.74 39.16 OK
r-release-linux-x86_64 1.2.0 2.76 35.97 38.73 OK
r-release-macos-arm64 1.2.0 16.00 NOTE
r-release-macos-x86_64 1.2.0 26.00 NOTE
r-release-windows-x86_64 1.2.0 12.00 61.00 73.00 OK
r-oldrel-macos-arm64 1.2.0 18.00 NOTE
r-oldrel-macos-x86_64 1.2.0 26.00 NOTE
r-oldrel-windows-ix86+x86_64 1.2.0 7.00 60.00 67.00 OK

Check Details

Version: 1.2.0
Check: dependencies in R code
Result: NOTE
    Namespace in Imports field not imported from: ‘base’
     All declared Imports should be used.
Flavors: r-devel-linux-x86_64-fedora-clang, r-devel-linux-x86_64-fedora-gcc, r-release-macos-arm64, r-release-macos-x86_64, r-oldrel-macos-arm64, r-oldrel-macos-x86_64