CRAN Package Check Results for Package Ritc

Last updated on 2015-05-23 09:48:35.

Flavor Version Tinstall Tcheck Ttotal Status Flags
r-devel-linux-x86_64-debian-clang 1.0.1 0.57 9.47 10.04 NOTE
r-devel-linux-x86_64-debian-gcc 1.0.1 0.69 9.31 10.00 NOTE
r-devel-linux-x86_64-fedora-clang 1.0.1 18.98 NOTE
r-devel-linux-x86_64-fedora-gcc 1.0.1 18.52 NOTE
r-devel-osx-x86_64-clang 1.0.1 24.55 NOTE
r-devel-windows-ix86+x86_64 1.0.1 5.00 20.00 25.00 NOTE
r-patched-linux-x86_64 1.0.1 0.56 9.54 10.09 NOTE
r-patched-solaris-sparc 1.0.1 113.20 NOTE
r-patched-solaris-x86 1.0.1 29.60 NOTE
r-release-linux-x86_64 1.0.1 0.56 9.44 10.00 NOTE
r-release-osx-x86_64-mavericks 1.0.1 NOTE
r-release-osx-x86_64-snowleopard 1.0.1 NOTE
r-release-windows-ix86+x86_64 1.0.1 2.00 19.00 21.00 NOTE
r-oldrel-windows-ix86+x86_64 1.0.1 4.00 21.00 25.00 NOTE

Check Details

Version: 1.0.1
Check: dependencies in R code
Result: NOTE
    'library' or 'require' call to ‘minpack.lm’ which was already attached by Depends.
     Please remove these calls from your code.
Flavors: r-devel-linux-x86_64-debian-clang, r-devel-linux-x86_64-debian-gcc, r-devel-linux-x86_64-fedora-clang, r-devel-linux-x86_64-fedora-gcc, r-devel-osx-x86_64-clang, r-devel-windows-ix86+x86_64, r-patched-linux-x86_64, r-patched-solaris-sparc, r-patched-solaris-x86, r-release-linux-x86_64, r-release-osx-x86_64-mavericks, r-release-osx-x86_64-snowleopard, r-release-windows-ix86+x86_64, r-oldrel-windows-ix86+x86_64