CRAN Package Check Results for Package Ritc

Last updated on 2015-07-08 06:48:11.

Flavor Version Tinstall Tcheck Ttotal Status Flags
r-devel-linux-x86_64-debian-clang 1.0.1 0.54 9.25 9.79 NOTE
r-devel-linux-x86_64-debian-gcc 1.0.1 0.52 8.76 9.28 NOTE
r-devel-linux-x86_64-fedora-clang 1.0.1 18.13 NOTE
r-devel-linux-x86_64-fedora-gcc 1.0.1 17.08 NOTE
r-devel-osx-x86_64-clang 1.0.1 20.38 NOTE
r-devel-windows-ix86+x86_64 1.0.1 3.00 19.00 22.00 NOTE
r-patched-linux-x86_64 1.0.1 0.55 9.44 9.99 NOTE
r-patched-solaris-sparc 1.0.1 113.20 NOTE
r-patched-solaris-x86 1.0.1 29.20 NOTE
r-release-linux-x86_64 1.0.1 0.56 9.31 9.87 NOTE
r-release-osx-x86_64-mavericks 1.0.1 NOTE
r-release-windows-ix86+x86_64 1.0.1 3.00 19.00 22.00 NOTE
r-oldrel-windows-ix86+x86_64 1.0.1 4.00 21.00 25.00 NOTE

Check Details

Version: 1.0.1
Check: dependencies in R code
Result: NOTE
    'library' or 'require' call to ‘minpack.lm’ which was already attached by Depends.
     Please remove these calls from your code.
Flavors: r-devel-linux-x86_64-debian-clang, r-devel-linux-x86_64-debian-gcc, r-devel-linux-x86_64-fedora-clang, r-devel-linux-x86_64-fedora-gcc, r-devel-osx-x86_64-clang, r-devel-windows-ix86+x86_64, r-patched-linux-x86_64, r-patched-solaris-sparc, r-patched-solaris-x86, r-release-linux-x86_64, r-release-osx-x86_64-mavericks, r-release-windows-ix86+x86_64, r-oldrel-windows-ix86+x86_64

Version: 1.0.1
Check: R code for possible problems
Result: NOTE
    fititcdata: no visible global function definition for ‘read.csv’
    fititcdata: no visible global function definition for ‘coef’
    fititcdata: no visible global function definition for ‘pdf’
    fititcdata: no visible global function definition for ‘par’
    fititcdata: no visible global function definition for ‘plot’
    fititcdata: no visible global function definition for ‘lines’
    fititcdata: no visible global function definition for ‘text’
    fititcdata: no visible global function definition for ‘dev.off’
    fititcdata: no visible global function definition for ‘postscript’
    importorigin: no visible global function definition for ‘read.csv’
    Undefined global functions or variables:
     coef dev.off lines par pdf plot postscript read.csv text
Flavors: r-devel-linux-x86_64-debian-clang, r-devel-linux-x86_64-debian-gcc, r-devel-linux-x86_64-fedora-clang, r-devel-linux-x86_64-fedora-gcc, r-devel-windows-ix86+x86_64