CRAN Package Check Results for Package Ritc

Last updated on 2014-10-23 05:46:51.

Flavor Version Tinstall Tcheck Ttotal Status Flags
r-devel-linux-x86_64-debian-clang 1.0.1 0.70 10.54 11.23 NOTE
r-devel-linux-x86_64-debian-gcc 1.0.1 0.62 10.59 11.22 NOTE
r-devel-linux-x86_64-fedora-clang 1.0.1 21.87 NOTE
r-devel-linux-x86_64-fedora-gcc 1.0.1 20.18 NOTE
r-devel-osx-x86_64-clang 1.0.1 27.47 NOTE
r-devel-windows-ix86+x86_64 1.0.1 2.00 20.00 22.00 NOTE
r-patched-linux-x86_64 1.0.1 0.65 10.36 11.01 NOTE
r-patched-solaris-sparc 1.0.1 117.80 NOTE
r-patched-solaris-x86 1.0.1 32.40 NOTE
r-release-linux-ix86 1.0.1 0.91 16.03 16.94 NOTE
r-release-linux-x86_64 1.0.1 0.80 9.94 10.74 NOTE
r-release-osx-x86_64-mavericks 1.0.1 NOTE
r-release-osx-x86_64-snowleopard 1.0.1 NOTE
r-release-windows-ix86+x86_64 1.0.1 3.00 20.00 23.00 NOTE
r-oldrel-windows-ix86+x86_64 1.0.1 2.00 19.00 21.00 NOTE

Check Details

Version: 1.0.1
Check: dependencies in R code
Result: NOTE
    'library' or 'require' call to ‘minpack.lm’ which was already attached by Depends.
     Please remove these calls from your code.
    See the information on DESCRIPTION files in the chapter ‘Creating R
    packages’ of the ‘Writing R Extensions’ manual.
Flavors: r-devel-linux-x86_64-debian-clang, r-devel-linux-x86_64-debian-gcc, r-devel-linux-x86_64-fedora-clang, r-devel-linux-x86_64-fedora-gcc, r-devel-osx-x86_64-clang, r-devel-windows-ix86+x86_64, r-patched-linux-x86_64, r-patched-solaris-sparc, r-patched-solaris-x86, r-release-linux-ix86, r-release-linux-x86_64, r-release-osx-x86_64-mavericks, r-release-osx-x86_64-snowleopard, r-release-windows-ix86+x86_64, r-oldrel-windows-ix86+x86_64