CRAN Package Check Results for Package Ritc

Last updated on 2016-05-06 17:47:25.

Flavor Version Tinstall Tcheck Ttotal Status Flags
r-devel-linux-x86_64-debian-gcc 1.0.1 0.61 9.95 10.56 NOTE
r-devel-linux-x86_64-fedora-clang 1.0.1 16.97 NOTE
r-devel-linux-x86_64-fedora-gcc 1.0.1 15.70 NOTE
r-devel-osx-x86_64-clang 1.0.1 22.73 NOTE
r-devel-windows-ix86+x86_64 1.0.1 2.00 29.00 31.00 NOTE
r-patched-linux-x86_64 1.0.1 0.60 9.98 10.58 NOTE
r-patched-solaris-sparc 1.0.1 95.90 NOTE
r-patched-solaris-x86 1.0.1 23.20 NOTE
r-release-linux-x86_64 1.0.1 0.59 9.49 10.08 NOTE
r-release-osx-x86_64-mavericks 1.0.1 NOTE
r-release-windows-ix86+x86_64 1.0.1 2.00 29.00 31.00 NOTE
r-oldrel-windows-ix86+x86_64 1.0.1 5.00 25.00 30.00 NOTE

Check Details

Version: 1.0.1
Check: dependencies in R code
Result: NOTE
    'library' or 'require' call to ‘minpack.lm’ which was already attached by Depends.
     Please remove these calls from your code.
Flavors: r-devel-linux-x86_64-debian-gcc, r-devel-linux-x86_64-fedora-clang, r-devel-linux-x86_64-fedora-gcc, r-devel-osx-x86_64-clang, r-devel-windows-ix86+x86_64, r-patched-linux-x86_64, r-patched-solaris-sparc, r-patched-solaris-x86, r-release-linux-x86_64, r-release-osx-x86_64-mavericks, r-release-windows-ix86+x86_64, r-oldrel-windows-ix86+x86_64

Version: 1.0.1
Check: R code for possible problems
Result: NOTE
    fititcdata: no visible global function definition for ‘read.csv’
    fititcdata: no visible global function definition for ‘coef’
    fititcdata: no visible global function definition for ‘pdf’
    fititcdata: no visible global function definition for ‘par’
    fititcdata: no visible global function definition for ‘plot’
    fititcdata: no visible global function definition for ‘lines’
    fititcdata: no visible global function definition for ‘text’
    fititcdata: no visible global function definition for ‘dev.off’
    fititcdata: no visible global function definition for ‘postscript’
    importorigin: no visible global function definition for ‘read.csv’
    Undefined global functions or variables:
     coef dev.off lines par pdf plot postscript read.csv text
    Consider adding
     importFrom("grDevices", "dev.off", "pdf", "postscript")
     importFrom("graphics", "lines", "par", "plot", "text")
     importFrom("stats", "coef")
     importFrom("utils", "read.csv")
    to your NAMESPACE file.
Flavors: r-devel-linux-x86_64-debian-gcc, r-devel-linux-x86_64-fedora-clang, r-devel-linux-x86_64-fedora-gcc, r-devel-osx-x86_64-clang, r-devel-windows-ix86+x86_64, r-patched-linux-x86_64, r-patched-solaris-sparc, r-patched-solaris-x86, r-release-linux-x86_64, r-release-osx-x86_64-mavericks, r-release-windows-ix86+x86_64