CRAN Package Check Results for Package Ritc

Last updated on 2014-11-23 19:47:55.

Flavor Version Tinstall Tcheck Ttotal Status Flags
r-devel-linux-x86_64-debian-clang 1.0.1 0.62 11.18 11.80 NOTE
r-devel-linux-x86_64-debian-gcc 1.0.1 0.61 10.19 10.80 NOTE
r-devel-linux-x86_64-fedora-clang 1.0.1 23.15 NOTE
r-devel-linux-x86_64-fedora-gcc 1.0.1 21.29 NOTE
r-devel-osx-x86_64-clang 1.0.1 27.32 NOTE
r-devel-windows-ix86+x86_64 1.0.1 3.00 21.00 24.00 NOTE
r-patched-linux-x86_64 1.0.1 0.63 10.58 11.20 NOTE
r-patched-solaris-sparc 1.0.1 117.80 NOTE
r-patched-solaris-x86 1.0.1 32.40 NOTE
r-release-linux-ix86 1.0.1 0.94 16.22 17.16 NOTE
r-release-linux-x86_64 1.0.1 0.64 10.34 10.97 NOTE
r-release-osx-x86_64-mavericks 1.0.1 NOTE
r-release-osx-x86_64-snowleopard 1.0.1 NOTE
r-release-windows-ix86+x86_64 1.0.1 3.00 20.00 23.00 NOTE
r-oldrel-windows-ix86+x86_64 1.0.1 2.00 19.00 21.00 NOTE

Check Details

Version: 1.0.1
Check: dependencies in R code
Result: NOTE
    'library' or 'require' call to ‘minpack.lm’ which was already attached by Depends.
     Please remove these calls from your code.
    See the information on DESCRIPTION files in the chapter ‘Creating R
    packages’ of the ‘Writing R Extensions’ manual.
Flavors: r-devel-linux-x86_64-debian-clang, r-devel-linux-x86_64-debian-gcc, r-devel-linux-x86_64-fedora-clang, r-devel-linux-x86_64-fedora-gcc, r-devel-osx-x86_64-clang, r-devel-windows-ix86+x86_64, r-patched-linux-x86_64, r-patched-solaris-sparc, r-patched-solaris-x86, r-release-linux-ix86, r-release-linux-x86_64, r-release-osx-x86_64-mavericks, r-release-osx-x86_64-snowleopard, r-release-windows-ix86+x86_64, r-oldrel-windows-ix86+x86_64