CRAN Package Check Results for Package Ritc

Last updated on 2014-04-18 05:48:11.

Flavor Version Tinstall Tcheck Ttotal Status Flags
r-devel-linux-x86_64-debian-clang 1.0.1 0.64 9.74 10.38 NOTE
r-devel-linux-x86_64-debian-gcc NOTE
r-devel-linux-x86_64-fedora-clang 1.0.1 21.25 NOTE
r-devel-linux-x86_64-fedora-gcc 1.0.1 19.83 NOTE
r-devel-macosx-x86_64-clang 1.0.1 24.76 NOTE
r-devel-macosx-x86_64-gcc 1.0.1 NOTE
r-devel-windows-ix86+x86_64 1.0.1 2.00 23.00 25.00 NOTE
r-patched-linux-x86_64 1.0.1 0.63 10.02 10.66 NOTE
r-patched-solaris-sparc 1.0.1 118.70 NOTE
r-patched-solaris-x86 1.0.1 30.90 NOTE
r-release-linux-ix86 1.0.1 2.00 23.00 25.00 NOTE
r-release-linux-x86_64 1.0.1 0.62 9.87 10.49 NOTE
r-release-macosx-x86_64 1.0.1 NOTE
r-release-windows-ix86+x86_64 1.0.1 4.00 25.00 29.00 NOTE
r-oldrel-windows-ix86+x86_64 1.0.1 2.00 19.00 21.00 NOTE

Check Details

Version: 1.0.1
Check: dependencies in R code
Result: NOTE
    'library' or 'require' call to ‘minpack.lm’ which was already attached by Depends.
     Please remove these calls from your code.
    See the information on DESCRIPTION files in the chapter ‘Creating R
    packages’ of the ‘Writing R Extensions’ manual.
Flavors: r-devel-linux-x86_64-debian-clang, r-devel-linux-x86_64-debian-gcc, r-devel-linux-x86_64-fedora-clang, r-devel-linux-x86_64-fedora-gcc, r-devel-macosx-x86_64-clang, r-devel-macosx-x86_64-gcc, r-devel-windows-ix86+x86_64, r-patched-linux-x86_64, r-patched-solaris-sparc, r-patched-solaris-x86, r-release-linux-ix86, r-release-linux-x86_64, r-release-macosx-x86_64, r-release-windows-ix86+x86_64, r-oldrel-windows-ix86+x86_64