CRAN Package Check Results for Package Rjms

Last updated on 2014-04-25 05:47:24.

Flavor Version Tinstall Tcheck Ttotal Status Flags
r-devel-linux-x86_64-debian-clang 0.0.5 1.90 21.61 23.51 NOTE
r-devel-linux-x86_64-debian-gcc 0.0.5 2.00 21.67 23.66 NOTE
r-devel-linux-x86_64-fedora-clang 0.0.5 48.25 NOTE
r-devel-linux-x86_64-fedora-gcc 0.0.5 44.88 NOTE
r-devel-osx-x86_64-clang 0.0.5 41.24 NOTE
r-devel-osx-x86_64-gcc 0.0.5 NOTE
r-devel-windows-ix86+x86_64 0.0.5 5.00 34.00 39.00 NOTE
r-patched-linux-x86_64 0.0.5 1.86 21.43 23.29 NOTE
r-patched-solaris-sparc 0.0.5 274.60 NOTE
r-patched-solaris-x86 0.0.5 66.90 NOTE
r-release-linux-ix86 0.0.5 3.00 38.00 41.00 NOTE
r-release-linux-x86_64 0.0.5 2.05 21.96 24.01 NOTE
r-release-osx-x86_64-mavericks 0.0.5 WARN
r-release-osx-x86_64-snowleopard 0.0.5 NOTE
r-release-windows-ix86+x86_64 0.0.5 8.00 47.00 55.00 NOTE
r-oldrel-windows-ix86+x86_64 0.0.5 5.00 37.00 42.00 NOTE

Check Details

Version: 0.0.5
Check: DESCRIPTION meta-information
Result: NOTE
    Packages listed in more than one of Depends, Imports, Suggests, Enhances:
     ‘rJava’ ‘Rjmsjars’
    A package should be listed in only one of these fields.
Flavors: r-devel-linux-x86_64-debian-clang, r-devel-linux-x86_64-debian-gcc, r-devel-linux-x86_64-fedora-clang, r-devel-linux-x86_64-fedora-gcc, r-devel-osx-x86_64-clang, r-devel-osx-x86_64-gcc, r-devel-windows-ix86+x86_64, r-patched-linux-x86_64, r-patched-solaris-sparc, r-patched-solaris-x86, r-release-linux-ix86, r-release-linux-x86_64, r-release-osx-x86_64-mavericks, r-release-osx-x86_64-snowleopard, r-release-windows-ix86+x86_64, r-oldrel-windows-ix86+x86_64

Version: 0.0.5
Check: PDF version of manual
Result: WARNING
    LaTeX errors when creating PDF version.
    This typically indicates Rd problems.
    LaTeX errors found:
    ! LaTeX Error: File `upquote.sty' not found.
    
    Type X to quit or <RETURN> to proceed,
    or enter new name. (Default extension: sty)
    
    297a2f0/Rd2.tex:8: ==> Fatal error occurred, no output PDF file produced!
Flavor: r-release-osx-x86_64-mavericks