CRAN Package Check Results for Package Rjms

Last updated on 2014-07-22 11:51:24.

Flavor Version Tinstall Tcheck Ttotal Status Flags
r-devel-linux-x86_64-debian-clang 0.0.5 1.80 20.90 22.70 NOTE
r-devel-linux-x86_64-debian-gcc 0.0.5 1.73 20.18 21.91 NOTE
r-devel-linux-x86_64-fedora-clang 0.0.5 49.41 NOTE
r-devel-linux-x86_64-fedora-gcc 0.0.5 44.82 NOTE
r-devel-osx-x86_64-clang 0.0.5 44.35 NOTE
r-devel-windows-ix86+x86_64 0.0.5 6.00 38.00 44.00 NOTE
r-patched-linux-x86_64 0.0.5 1.76 20.40 22.16 NOTE
r-patched-solaris-sparc 0.0.5 274.60 NOTE
r-patched-solaris-x86 0.0.5 69.20 NOTE
r-release-linux-ix86 0.0.5 2.22 27.66 29.88 NOTE
r-release-linux-x86_64 0.0.5 2.19 21.01 23.20 NOTE
r-release-osx-x86_64-mavericks 0.0.5 NOTE
r-release-osx-x86_64-snowleopard 0.0.5 NOTE
r-release-windows-ix86+x86_64 0.0.5 7.00 36.00 43.00 NOTE
r-oldrel-windows-ix86+x86_64 0.0.5 5.00 37.00 42.00 NOTE

Check Details

Version: 0.0.5
Check: DESCRIPTION meta-information
Result: NOTE
    Packages listed in more than one of Depends, Imports, Suggests, Enhances:
     ‘rJava’ ‘Rjmsjars’
    A package should be listed in only one of these fields.
Flavors: r-devel-linux-x86_64-debian-clang, r-devel-linux-x86_64-debian-gcc, r-devel-linux-x86_64-fedora-clang, r-devel-linux-x86_64-fedora-gcc, r-devel-osx-x86_64-clang, r-devel-windows-ix86+x86_64, r-patched-linux-x86_64, r-patched-solaris-sparc, r-patched-solaris-x86, r-release-linux-ix86, r-release-linux-x86_64, r-release-osx-x86_64-mavericks, r-release-osx-x86_64-snowleopard, r-release-windows-ix86+x86_64, r-oldrel-windows-ix86+x86_64