CRAN Package Check Results for Package Rjms

Last updated on 2014-09-02 08:47:24.

Flavor Version Tinstall Tcheck Ttotal Status Flags
r-release-linux-ix86 0.0.5 2.24 27.99 30.22 NOTE

Check Details

Version: 0.0.5
Check: DESCRIPTION meta-information
Result: NOTE
    Packages listed in more than one of Depends, Imports, Suggests, Enhances:
     ‘rJava’ ‘Rjmsjars’
    A package should be listed in only one of these fields.
Flavor: r-release-linux-ix86