CRAN Package Check Results for Package Rjmsjars

Last updated on 2014-08-23 11:50:55.

Flavor Version Tinstall Tcheck Ttotal Status Flags
r-devel-linux-x86_64-debian-clang 0.0.1 1.70 14.52 16.22 NOTE
r-devel-linux-x86_64-debian-gcc 0.0.1 1.62 13.92 15.54 NOTE
r-devel-linux-x86_64-fedora-clang 0.0.1 32.95 NOTE
r-devel-linux-x86_64-fedora-gcc 0.0.1 30.63 NOTE
r-devel-osx-x86_64-clang 0.0.1 30.25 NOTE
r-devel-windows-ix86+x86_64 0.0.1 5.00 22.00 27.00 NOTE
r-patched-linux-x86_64 0.0.1 1.71 14.16 15.87 NOTE
r-patched-solaris-sparc 0.0.1 191.70 NOTE
r-patched-solaris-x86 0.0.1 46.50 NOTE
r-release-linux-ix86 0.0.1 2.19 18.96 21.14 NOTE
r-release-linux-x86_64 0.0.1 1.75 14.92 16.68 NOTE
r-release-osx-x86_64-mavericks 0.0.1 NOTE
r-release-osx-x86_64-snowleopard 0.0.1 NOTE
r-release-windows-ix86+x86_64 0.0.1 7.00 24.00 31.00 NOTE
r-oldrel-windows-ix86+x86_64 0.0.1 5.00 24.00 29.00 NOTE

Check Details

Version: 0.0.1
Check: DESCRIPTION meta-information
Result: NOTE
    Package listed in more than one of Depends, Imports, Suggests, Enhances:
     ‘rJava’
    A package should be listed in only one of these fields.
Flavors: r-devel-linux-x86_64-debian-clang, r-devel-linux-x86_64-debian-gcc, r-devel-linux-x86_64-fedora-clang, r-devel-linux-x86_64-fedora-gcc, r-devel-osx-x86_64-clang, r-devel-windows-ix86+x86_64, r-patched-linux-x86_64, r-patched-solaris-sparc, r-patched-solaris-x86, r-release-linux-ix86, r-release-linux-x86_64, r-release-osx-x86_64-mavericks, r-release-osx-x86_64-snowleopard, r-release-windows-ix86+x86_64, r-oldrel-windows-ix86+x86_64

Version: 0.0.1
Check: top-level files
Result: NOTE
    File
     LICENSE
    is not mentioned in the DESCRIPTION file.
Flavors: r-devel-linux-x86_64-debian-clang, r-devel-linux-x86_64-debian-gcc, r-devel-linux-x86_64-fedora-clang, r-devel-linux-x86_64-fedora-gcc, r-devel-osx-x86_64-clang, r-devel-windows-ix86+x86_64, r-patched-linux-x86_64, r-patched-solaris-sparc, r-patched-solaris-x86, r-release-linux-ix86, r-release-linux-x86_64, r-release-osx-x86_64-mavericks, r-release-osx-x86_64-snowleopard, r-release-windows-ix86+x86_64, r-oldrel-windows-ix86+x86_64