CRAN Package Check Results for Package Rjmsjars

Last updated on 2014-07-25 17:48:07.

Flavor Version Tinstall Tcheck Ttotal Status Flags
r-devel-linux-x86_64-debian-clang 0.0.1 1.70 14.93 16.63 NOTE
r-devel-linux-x86_64-debian-gcc 0.0.1 1.67 14.16 15.82 NOTE
r-devel-linux-x86_64-fedora-clang 0.0.1 33.13 NOTE
r-devel-linux-x86_64-fedora-gcc 0.0.1 30.20 NOTE
r-devel-osx-x86_64-clang 0.0.1 29.56 NOTE
r-devel-windows-ix86+x86_64 0.0.1 5.00 25.00 30.00 NOTE
r-patched-linux-x86_64 0.0.1 1.72 14.24 15.96 NOTE
r-patched-solaris-sparc 0.0.1 194.40 NOTE
r-patched-solaris-x86 0.0.1 49.30 NOTE
r-release-linux-ix86 0.0.1 2.50 18.87 21.38 NOTE
r-release-linux-x86_64 0.0.1 1.74 14.28 16.01 NOTE
r-release-osx-x86_64-mavericks 0.0.1 NOTE
r-release-osx-x86_64-snowleopard 0.0.1 NOTE
r-release-windows-ix86+x86_64 0.0.1 7.00 24.00 31.00 NOTE
r-oldrel-windows-ix86+x86_64 0.0.1 5.00 24.00 29.00 NOTE

Check Details

Version: 0.0.1
Check: DESCRIPTION meta-information
Result: NOTE
    Package listed in more than one of Depends, Imports, Suggests, Enhances:
     ‘rJava’
    A package should be listed in only one of these fields.
Flavors: r-devel-linux-x86_64-debian-clang, r-devel-linux-x86_64-debian-gcc, r-devel-linux-x86_64-fedora-clang, r-devel-linux-x86_64-fedora-gcc, r-devel-osx-x86_64-clang, r-devel-windows-ix86+x86_64, r-patched-linux-x86_64, r-patched-solaris-sparc, r-patched-solaris-x86, r-release-linux-ix86, r-release-linux-x86_64, r-release-osx-x86_64-mavericks, r-release-osx-x86_64-snowleopard, r-release-windows-ix86+x86_64, r-oldrel-windows-ix86+x86_64

Version: 0.0.1
Check: top-level files
Result: NOTE
    File
     LICENSE
    is not mentioned in the DESCRIPTION file.
Flavors: r-devel-linux-x86_64-debian-clang, r-devel-linux-x86_64-debian-gcc, r-devel-linux-x86_64-fedora-clang, r-devel-linux-x86_64-fedora-gcc, r-devel-osx-x86_64-clang, r-devel-windows-ix86+x86_64, r-patched-linux-x86_64, r-patched-solaris-sparc, r-patched-solaris-x86, r-release-linux-ix86, r-release-linux-x86_64, r-release-osx-x86_64-mavericks, r-release-osx-x86_64-snowleopard, r-release-windows-ix86+x86_64, r-oldrel-windows-ix86+x86_64