CRAN Package Check Results for Package Rjmsjars

Last updated on 2014-09-02 17:46:58.

Flavor Version Tinstall Tcheck Ttotal Status Flags
r-release-linux-ix86 0.0.1 2.19 19.01 21.20 NOTE

Check Details

Version: 0.0.1
Check: DESCRIPTION meta-information
Result: NOTE
    Package listed in more than one of Depends, Imports, Suggests, Enhances:
     ‘rJava’
    A package should be listed in only one of these fields.
Flavor: r-release-linux-ix86

Version: 0.0.1
Check: top-level files
Result: NOTE
    File
     LICENSE
    is not mentioned in the DESCRIPTION file.
Flavor: r-release-linux-ix86