CRAN Package Check Results for Package Rjpstatdb

Last updated on 2014-04-23 12:48:26.

Flavor Version Tinstall Tcheck Ttotal Status Flags
r-devel-linux-x86_64-debian-clang 0.1 1.66 19.31 20.97 NOTE
r-devel-linux-x86_64-debian-gcc 0.1 1.66 19.46 21.11 NOTE
r-devel-linux-x86_64-fedora-clang 0.1 45.74 NOTE
r-devel-linux-x86_64-fedora-gcc 0.1 42.92 NOTE
r-devel-osx-x86_64-clang 0.1 38.91 NOTE
r-devel-osx-x86_64-gcc 0.1 ERROR
r-devel-windows-ix86+x86_64 0.1 5.00 30.00 35.00 NOTE
r-patched-linux-x86_64 0.1 1.60 19.49 21.09 NOTE
r-patched-solaris-sparc 0.1 243.70 NOTE
r-patched-solaris-x86 0.1 59.80 NOTE
r-release-linux-ix86 0.1 2.00 37.00 39.00 NOTE
r-release-linux-x86_64 0.1 1.55 19.43 20.98 NOTE
r-release-osx-x86_64-mavericks 0.1 WARN
r-release-osx-x86_64-snowleopard 0.1 OK
r-release-windows-ix86+x86_64 0.1 7.00 41.00 48.00 NOTE
r-oldrel-windows-ix86+x86_64 0.1 4.00 33.00 37.00 NOTE

Check Details

Version: 0.1
Check: dependencies in R code
Result: NOTE
    Packages in Depends field not imported from:
     ‘RCurl’ ‘XML’ ‘methods’
     These packages need to be imported from (in the NAMESPACE file)
     for when this namespace is loaded but not attached.
    See the information on DESCRIPTION files in the chapter ‘Creating R
    packages’ of the ‘Writing R Extensions’ manual.
Flavors: r-devel-linux-x86_64-debian-clang, r-devel-linux-x86_64-debian-gcc, r-devel-linux-x86_64-fedora-clang, r-devel-linux-x86_64-fedora-gcc, r-devel-osx-x86_64-clang, r-devel-windows-ix86+x86_64, r-patched-linux-x86_64, r-patched-solaris-sparc, r-patched-solaris-x86, r-release-linux-ix86, r-release-linux-x86_64, r-release-osx-x86_64-mavericks, r-release-windows-ix86+x86_64, r-oldrel-windows-ix86+x86_64

Version: 0.1
Check: package dependencies
Result: ERROR
    Package required but not available: ‘XML’
    
    See the information on DESCRIPTION files in the chapter ‘Creating R
    packages’ of the ‘Writing R Extensions’ manual.
Flavor: r-devel-osx-x86_64-gcc

Version: 0.1
Check: PDF version of manual
Result: WARNING
    LaTeX errors when creating PDF version.
    This typically indicates Rd problems.
    LaTeX errors found:
    ! LaTeX Error: File `upquote.sty' not found.
    
    Type X to quit or <RETURN> to proceed,
    or enter new name. (Default extension: sty)
    
    8c59a2/Rd2.tex:8: ==> Fatal error occurred, no output PDF file produced!
Flavor: r-release-osx-x86_64-mavericks