CRAN Package Check Results for Package Rjpstatdb

Last updated on 2015-03-04 11:47:44.

Flavor Version Tinstall Tcheck Ttotal Status Flags
r-devel-linux-x86_64-debian-clang 0.1 1.16 15.64 16.80 NOTE
r-devel-linux-x86_64-debian-gcc 0.1 1.14 14.87 16.01 NOTE
r-devel-linux-x86_64-fedora-clang 0.1 33.52 NOTE
r-devel-linux-x86_64-fedora-gcc 0.1 31.89 NOTE
r-devel-osx-x86_64-clang 0.1 34.29 NOTE
r-devel-windows-ix86+x86_64 0.1 4.00 27.00 31.00 NOTE
r-patched-linux-x86_64 0.1 1.49 18.59 20.08 NOTE
r-patched-solaris-sparc 0.1 253.40 NOTE
r-patched-solaris-x86 0.1 59.00 NOTE
r-release-linux-ix86 0.1 1.76 25.41 27.16 NOTE
r-release-linux-x86_64 0.1 1.54 18.74 20.28 NOTE
r-release-osx-x86_64-mavericks 0.1 NOTE
r-release-osx-x86_64-snowleopard 0.1 OK
r-release-windows-ix86+x86_64 0.1 5.00 28.00 33.00 NOTE
r-oldrel-windows-ix86+x86_64 0.1 5.00 29.00 34.00 NOTE

Check Details

Version: 0.1
Check: DESCRIPTION meta-information
Result: NOTE
    Malformed Description field: should contain one or more complete sentences.
Flavors: r-devel-linux-x86_64-debian-clang, r-devel-linux-x86_64-debian-gcc, r-devel-linux-x86_64-fedora-clang, r-devel-linux-x86_64-fedora-gcc, r-devel-osx-x86_64-clang, r-devel-windows-ix86+x86_64

Version: 0.1
Check: dependencies in R code
Result: NOTE
    Packages in Depends field not imported from:
     ‘RCurl’ ‘XML’ ‘methods’
     These packages need to be imported from (in the NAMESPACE file)
     for when this namespace is loaded but not attached.
Flavors: r-devel-linux-x86_64-debian-clang, r-devel-linux-x86_64-debian-gcc, r-devel-linux-x86_64-fedora-clang, r-devel-linux-x86_64-fedora-gcc, r-devel-osx-x86_64-clang, r-devel-windows-ix86+x86_64, r-patched-linux-x86_64, r-patched-solaris-sparc, r-patched-solaris-x86

Version: 0.1
Check: S3 generic/method consistency
Result: NOTE
    Found the following apparent S3 methods exported but not registered:
     print.jpstat
    See section ‘Registering S3 methods’ in the ‘Writing R Extensions’
    manual.
Flavors: r-devel-linux-x86_64-debian-clang, r-devel-linux-x86_64-debian-gcc, r-devel-linux-x86_64-fedora-clang, r-devel-linux-x86_64-fedora-gcc, r-devel-osx-x86_64-clang

Version: 0.1
Check: R code for possible problems
Result: NOTE
    getStatsData: no visible global function definition for ‘xmlRoot’
    getStatsData: no visible global function definition for ‘xmlTreeParse’
    getStatsData: no visible global function definition for ‘xmlValue’
    getStatsData: no visible global function definition for ‘getNodeSet’
    getStatsData: no visible global function definition for ‘xmlSApply’
    getStatsData: no visible binding for global variable ‘xmlGetAttr’
    getStatsData: no visible binding for global variable ‘xmlValue’
    getStatsList: no visible global function definition for ‘xmlRoot’
    getStatsList: no visible global function definition for ‘xmlTreeParse’
    getStatsList: no visible global function definition for ‘xmlValue’
    getStatsList: no visible binding for global variable ‘xmlGetAttr’
    getStatsList : <anonymous>: no visible global function definition for
     ‘xmlValue’
    getStatsList : <anonymous>: no visible global function definition for
     ‘xmlGetAttr’
Flavors: r-devel-linux-x86_64-debian-clang, r-devel-linux-x86_64-debian-gcc, r-devel-linux-x86_64-fedora-clang, r-devel-linux-x86_64-fedora-gcc, r-devel-osx-x86_64-clang, r-devel-windows-ix86+x86_64, r-patched-linux-x86_64, r-patched-solaris-sparc, r-patched-solaris-x86, r-release-linux-ix86, r-release-linux-x86_64, r-release-osx-x86_64-mavericks, r-release-windows-ix86+x86_64

Version: 0.1
Check: dependencies in R code
Result: NOTE
    Packages in Depends field not imported from:
     ‘RCurl’ ‘XML’ ‘methods’
     These packages need to be imported from (in the NAMESPACE file)
     for when this namespace is loaded but not attached.
    See the information on DESCRIPTION files in the chapter ‘Creating R
    packages’ of the ‘Writing R Extensions’ manual.
Flavors: r-release-linux-ix86, r-release-linux-x86_64, r-release-osx-x86_64-mavericks, r-release-windows-ix86+x86_64, r-oldrel-windows-ix86+x86_64