CRAN Package Check Results for Package Rjpstatdb

Last updated on 2015-01-29 12:48:13.

Flavor Version Tinstall Tcheck Ttotal Status Flags
r-devel-linux-x86_64-debian-clang 0.1 1.49 16.82 18.31 NOTE
r-devel-linux-x86_64-debian-gcc 0.1 1.27 16.10 17.36 NOTE
r-devel-linux-x86_64-fedora-clang 0.1 46.99 NOTE
r-devel-linux-x86_64-fedora-gcc 0.1 38.65 NOTE
r-devel-osx-x86_64-clang 0.1 41.16 NOTE
r-devel-windows-ix86+x86_64 0.1 5.00 34.00 39.00 NOTE
r-patched-linux-x86_64 0.1 1.50 18.56 20.06 NOTE
r-patched-solaris-sparc 0.1 248.50 NOTE
r-patched-solaris-x86 0.1 58.30 NOTE
r-release-linux-ix86 0.1 1.73 24.77 26.50 NOTE
r-release-linux-x86_64 0.1 1.42 18.44 19.85 NOTE
r-release-osx-x86_64-mavericks 0.1 NOTE
r-release-osx-x86_64-snowleopard 0.1 OK
r-release-windows-ix86+x86_64 0.1 5.00 28.00 33.00 NOTE
r-oldrel-windows-ix86+x86_64 0.1 5.00 29.00 34.00 NOTE

Check Details

Version: 0.1
Check: dependencies in R code
Result: NOTE
    Packages in Depends field not imported from:
     ‘RCurl’ ‘XML’ ‘methods’
     These packages need to be imported from (in the NAMESPACE file)
     for when this namespace is loaded but not attached.
Flavors: r-devel-linux-x86_64-debian-clang, r-devel-linux-x86_64-debian-gcc, r-devel-linux-x86_64-fedora-clang, r-devel-linux-x86_64-fedora-gcc, r-devel-osx-x86_64-clang, r-devel-windows-ix86+x86_64

Version: 0.1
Check: S3 generic/method consistency
Result: NOTE
    Found the following apparent S3 methods exported but not registered:
     print.jpstat
    See section ‘Registering S3 methods’ in the ‘Writing R Extensions’
    manual.
Flavors: r-devel-linux-x86_64-debian-clang, r-devel-linux-x86_64-debian-gcc, r-devel-linux-x86_64-fedora-clang, r-devel-linux-x86_64-fedora-gcc, r-devel-osx-x86_64-clang

Version: 0.1
Check: R code for possible problems
Result: NOTE
    getStatsData: no visible global function definition for ‘xmlRoot’
    getStatsData: no visible global function definition for ‘xmlTreeParse’
    getStatsData: no visible global function definition for ‘xmlValue’
    getStatsData: no visible global function definition for ‘getNodeSet’
    getStatsData: no visible global function definition for ‘xmlSApply’
    getStatsData: no visible binding for global variable ‘xmlGetAttr’
    getStatsData: no visible binding for global variable ‘xmlValue’
    getStatsList: no visible global function definition for ‘xmlRoot’
    getStatsList: no visible global function definition for ‘xmlTreeParse’
    getStatsList: no visible global function definition for ‘xmlValue’
    getStatsList: no visible binding for global variable ‘xmlGetAttr’
    getStatsList : <anonymous>: no visible global function definition for
     ‘xmlValue’
    getStatsList : <anonymous>: no visible global function definition for
     ‘xmlGetAttr’
Flavors: r-devel-linux-x86_64-debian-clang, r-devel-linux-x86_64-debian-gcc, r-devel-linux-x86_64-fedora-clang, r-devel-linux-x86_64-fedora-gcc, r-devel-osx-x86_64-clang, r-devel-windows-ix86+x86_64, r-patched-linux-x86_64, r-patched-solaris-sparc, r-patched-solaris-x86, r-release-linux-ix86, r-release-linux-x86_64, r-release-osx-x86_64-mavericks, r-release-windows-ix86+x86_64

Version: 0.1
Check: dependencies in R code
Result: NOTE
    Packages in Depends field not imported from:
     ‘RCurl’ ‘XML’ ‘methods’
     These packages need to be imported from (in the NAMESPACE file)
     for when this namespace is loaded but not attached.
    See the information on DESCRIPTION files in the chapter ‘Creating R
    packages’ of the ‘Writing R Extensions’ manual.
Flavors: r-patched-linux-x86_64, r-patched-solaris-sparc, r-patched-solaris-x86, r-release-linux-ix86, r-release-linux-x86_64, r-release-osx-x86_64-mavericks, r-release-windows-ix86+x86_64, r-oldrel-windows-ix86+x86_64