CRAN Package Check Results for Package Rjpstatdb

Last updated on 2014-07-23 17:49:04.

Flavor Version Tinstall Tcheck Ttotal Status Flags
r-devel-linux-x86_64-debian-clang 0.1 1.43 18.45 19.88 NOTE
r-devel-linux-x86_64-debian-gcc 0.1 1.42 18.15 19.57 NOTE
r-devel-linux-x86_64-fedora-clang 0.1 45.47 NOTE
r-devel-linux-x86_64-fedora-gcc 0.1 42.04 NOTE
r-devel-osx-x86_64-clang 0.1 42.11 NOTE
r-devel-windows-ix86+x86_64 0.1 5.00 33.00 38.00 NOTE
r-patched-linux-x86_64 0.1 1.44 18.11 19.55 NOTE
r-patched-solaris-sparc 0.1 243.70 NOTE
r-patched-solaris-x86 0.1 58.00 NOTE
r-release-linux-ix86 0.1 2.05 25.95 28.00 NOTE
r-release-linux-x86_64 0.1 1.49 19.16 20.65 NOTE
r-release-osx-x86_64-mavericks 0.1 NOTE
r-release-osx-x86_64-snowleopard 0.1 OK
r-release-windows-ix86+x86_64 0.1 7.00 30.00 37.00 NOTE
r-oldrel-windows-ix86+x86_64 0.1 4.00 33.00 37.00 NOTE

Check Details

Version: 0.1
Check: dependencies in R code
Result: NOTE
    Packages in Depends field not imported from:
     ‘RCurl’ ‘XML’ ‘methods’
     These packages need to be imported from (in the NAMESPACE file)
     for when this namespace is loaded but not attached.
    See the information on DESCRIPTION files in the chapter ‘Creating R
    packages’ of the ‘Writing R Extensions’ manual.
Flavors: r-devel-linux-x86_64-debian-clang, r-devel-linux-x86_64-debian-gcc, r-devel-linux-x86_64-fedora-clang, r-devel-linux-x86_64-fedora-gcc, r-devel-osx-x86_64-clang, r-devel-windows-ix86+x86_64, r-patched-linux-x86_64, r-patched-solaris-sparc, r-patched-solaris-x86, r-release-linux-ix86, r-release-linux-x86_64, r-release-osx-x86_64-mavericks, r-release-windows-ix86+x86_64, r-oldrel-windows-ix86+x86_64