CRAN Package Check Results for Package Rjpstatdb

Last updated on 2016-06-30 12:52:52.

Flavor Version Tinstall Tcheck Ttotal Status Flags
r-devel-linux-x86_64-debian-gcc 0.1 1.45 17.92 19.37 NOTE
r-devel-linux-x86_64-fedora-clang 0.1 29.06 NOTE
r-devel-linux-x86_64-fedora-gcc 0.1 27.34 NOTE
r-devel-osx-x86_64-clang 0.1 24.84 NOTE
r-devel-windows-ix86+x86_64 0.1 6.00 35.00 41.00 NOTE
r-patched-linux-x86_64 0.1 1.44 16.92 18.36 NOTE
r-patched-solaris-sparc 0.1 184.70 NOTE
r-patched-solaris-x86 0.1 43.20 NOTE
r-release-linux-x86_64 0.1 1.24 16.12 17.36 NOTE
r-release-osx-x86_64-mavericks 0.1 NOTE
r-release-windows-ix86+x86_64 0.1 5.00 50.00 55.00 NOTE
r-oldrel-windows-ix86+x86_64 0.1 4.00 35.00 39.00 NOTE

Check Details

Version: 0.1
Check: DESCRIPTION meta-information
Result: NOTE
    Malformed Description field: should contain one or more complete sentences.
Flavors: r-devel-linux-x86_64-debian-gcc, r-devel-linux-x86_64-fedora-clang, r-devel-linux-x86_64-fedora-gcc, r-devel-osx-x86_64-clang, r-devel-windows-ix86+x86_64, r-patched-linux-x86_64, r-patched-solaris-sparc, r-patched-solaris-x86, r-release-linux-x86_64, r-release-osx-x86_64-mavericks, r-release-windows-ix86+x86_64, r-oldrel-windows-ix86+x86_64

Version: 0.1
Check: dependencies in R code
Result: NOTE
    Packages in Depends field not imported from:
     ‘RCurl’ ‘XML’ ‘methods’
     These packages need to be imported from (in the NAMESPACE file)
     for when this namespace is loaded but not attached.
Flavors: r-devel-linux-x86_64-debian-gcc, r-devel-linux-x86_64-fedora-clang, r-devel-linux-x86_64-fedora-gcc, r-devel-osx-x86_64-clang, r-devel-windows-ix86+x86_64, r-patched-linux-x86_64, r-patched-solaris-sparc, r-patched-solaris-x86, r-release-linux-x86_64, r-release-osx-x86_64-mavericks, r-release-windows-ix86+x86_64, r-oldrel-windows-ix86+x86_64

Version: 0.1
Check: S3 generic/method consistency
Result: NOTE
    Found the following apparent S3 methods exported but not registered:
     print.jpstat
    See section ‘Registering S3 methods’ in the ‘Writing R Extensions’
    manual.
Flavors: r-devel-linux-x86_64-debian-gcc, r-devel-linux-x86_64-fedora-clang, r-devel-linux-x86_64-fedora-gcc, r-devel-osx-x86_64-clang, r-patched-linux-x86_64, r-patched-solaris-sparc, r-patched-solaris-x86, r-release-linux-x86_64

Version: 0.1
Check: R code for possible problems
Result: NOTE
    getStatsData: no visible global function definition for ‘xmlRoot’
    getStatsData: no visible global function definition for ‘xmlTreeParse’
    getStatsData: no visible global function definition for ‘xmlValue’
    getStatsData: no visible global function definition for ‘getNodeSet’
    getStatsData: no visible global function definition for ‘xmlSApply’
    getStatsData: no visible binding for global variable ‘xmlGetAttr’
    getStatsData: no visible binding for global variable ‘xmlValue’
    getStatsData: no visible global function definition for ‘new’
    getStatsList: no visible global function definition for ‘xmlRoot’
    getStatsList: no visible global function definition for ‘xmlTreeParse’
    getStatsList: no visible global function definition for ‘xmlValue’
    getStatsList: no visible binding for global variable ‘xmlGetAttr’
    getStatsList : <anonymous>: no visible global function definition for
     ‘xmlValue’
    getStatsList : <anonymous>: no visible global function definition for
     ‘xmlGetAttr’
    print.jpstat: no visible global function definition for ‘head’
    Undefined global functions or variables:
     getNodeSet head new xmlGetAttr xmlRoot xmlSApply xmlTreeParse
     xmlValue
    Consider adding
     importFrom("methods", "new")
     importFrom("utils", "head")
    to your NAMESPACE file (and ensure that your DESCRIPTION Imports field
    contains 'methods').
Flavors: r-devel-linux-x86_64-debian-gcc, r-devel-linux-x86_64-fedora-clang, r-devel-linux-x86_64-fedora-gcc, r-devel-osx-x86_64-clang, r-devel-windows-ix86+x86_64, r-patched-linux-x86_64, r-patched-solaris-sparc, r-patched-solaris-x86, r-release-linux-x86_64, r-release-osx-x86_64-mavericks, r-release-windows-ix86+x86_64

Version: 0.1
Check: R code for possible problems
Result: NOTE
    getStatsData: no visible global function definition for 'xmlRoot'
    getStatsData: no visible global function definition for 'xmlTreeParse'
    getStatsData: no visible global function definition for 'xmlValue'
    getStatsData: no visible global function definition for 'getNodeSet'
    getStatsData: no visible global function definition for 'xmlSApply'
    getStatsData: no visible binding for global variable 'xmlGetAttr'
    getStatsData: no visible binding for global variable 'xmlValue'
    getStatsList: no visible global function definition for 'xmlRoot'
    getStatsList: no visible global function definition for 'xmlTreeParse'
    getStatsList: no visible global function definition for 'xmlValue'
    getStatsList: no visible binding for global variable 'xmlGetAttr'
    getStatsList : <anonymous>: no visible global function definition for
     'xmlValue'
    getStatsList : <anonymous>: no visible global function definition for
     'xmlGetAttr'
Flavor: r-oldrel-windows-ix86+x86_64