CRAN Package Check Results for Package Rknots

Last updated on 2017-02-20 10:48:52.

Flavor Version Tinstall Tcheck Ttotal Status Flags
r-devel-linux-x86_64-debian-clang 1.3.2 2.57 147.00 149.56 OK
r-devel-linux-x86_64-debian-gcc 1.3.2 2.52 146.28 148.79 OK
r-devel-linux-x86_64-fedora-clang 1.3.2 343.61 OK --no-stop-on-test-error
r-devel-linux-x86_64-fedora-gcc 1.3.2 342.18 OK --no-stop-on-test-error
r-devel-macos-x86_64-clang 1.3.2 258.98 OK --no-stop-on-test-error
r-devel-windows-ix86+x86_64 1.3.2 17.00 311.00 328.00 OK
r-patched-linux-x86_64 1.3.2 2.30 159.50 161.80 OK
r-patched-solaris-sparc 1.3.2 1962.50 NOTE
r-patched-solaris-x86 1.3.2 307.60 NOTE
r-release-linux-x86_64 1.3.2 2.69 152.91 155.60 OK
r-release-osx-x86_64-mavericks 1.3.2 OK
r-release-windows-ix86+x86_64 1.3.2 9.00 278.00 287.00 OK
r-oldrel-windows-ix86+x86_64 1.3.2 9.00 282.00 291.00 OK

Check Details

Version: 1.3.2
Check: installed package size
Result: NOTE
     installed size is 5.2Mb
     sub-directories of 1Mb or more:
     data 1.0Mb
     extdata 3.1Mb
Flavors: r-patched-solaris-sparc, r-patched-solaris-x86