CRAN Package Check Results for Package Rknots

Last updated on 2017-07-26 01:56:37.

Flavor Version Tinstall Tcheck Ttotal Status Flags
r-devel-linux-x86_64-debian-clang 1.3.2 2.52 161.08 163.60 OK
r-devel-linux-x86_64-debian-gcc 1.3.2 2.49 155.97 158.46 OK
r-devel-linux-x86_64-fedora-clang 1.3.2 350.91 OK
r-devel-linux-x86_64-fedora-gcc 1.3.2 373.33 OK
r-devel-windows-ix86+x86_64 1.3.2 11.00 254.00 265.00 OK
r-patched-linux-x86_64 1.3.2 2.36 155.78 158.14 OK
r-patched-solaris-x86 1.3.2 298.10 NOTE
r-release-linux-x86_64 1.3.2 2.52 155.96 158.48 OK
r-release-windows-ix86+x86_64 1.3.2 7.00 313.00 320.00 OK
r-release-osx-x86_64 1.3.2 OK
r-oldrel-windows-ix86+x86_64 1.3.2 7.00 254.00 261.00 OK
r-oldrel-osx-x86_64 1.3.2 OK

Check Details

Version: 1.3.2
Check: installed package size
Result: NOTE
     installed size is 5.4Mb
     sub-directories of 1Mb or more:
     data 1.0Mb
     extdata 3.1Mb
Flavor: r-patched-solaris-x86