CRAN Package Check Results for Package Rknots

Last updated on 2017-03-23 23:51:06.

Flavor Version Tinstall Tcheck Ttotal Status Flags
r-devel-linux-x86_64-debian-clang 1.3.2 2.60 148.01 150.62 OK
r-devel-linux-x86_64-debian-gcc 1.3.2 2.71 149.07 151.78 OK
r-devel-linux-x86_64-fedora-clang 1.3.2 346.00 OK --no-stop-on-test-error
r-devel-linux-x86_64-fedora-gcc 1.3.2 351.37 OK --no-stop-on-test-error
r-devel-macos-x86_64-clang 1.3.2 252.97 OK --no-stop-on-test-error
r-devel-windows-ix86+x86_64 1.3.2 9.00 231.00 240.00 OK
r-patched-linux-x86_64 1.3.2 2.44 158.74 161.18 OK
r-patched-solaris-sparc 1.3.2 1727.00 NOTE
r-patched-solaris-x86 1.3.2 294.50 NOTE
r-release-linux-x86_64 1.3.2 2.36 159.71 162.07 OK
r-release-osx-x86_64-mavericks 1.3.2 OK
r-release-windows-ix86+x86_64 1.3.2 12.00 262.00 274.00 OK
r-oldrel-windows-ix86+x86_64 1.3.2 14.00 339.00 353.00 OK

Check Details

Version: 1.3.2
Check: installed package size
Result: NOTE
     installed size is 5.4Mb
     sub-directories of 1Mb or more:
     data 1.0Mb
     extdata 3.1Mb
Flavors: r-patched-solaris-sparc, r-patched-solaris-x86