CRAN Package Check Results for Package Rknots

Last updated on 2017-04-25 23:50:11.

Flavor Version Tinstall Tcheck Ttotal Status Flags
r-devel-linux-x86_64-debian-clang 1.3.2 2.51 151.03 153.54 OK
r-devel-linux-x86_64-debian-gcc 1.3.2 2.38 149.43 151.82 OK
r-devel-linux-x86_64-fedora-clang 1.3.2 349.53 OK --no-stop-on-test-error
r-devel-linux-x86_64-fedora-gcc 1.3.2 345.36 OK --no-stop-on-test-error
r-devel-windows-ix86+x86_64 1.3.2 12.00 295.00 307.00 OK
r-patched-linux-x86_64 1.3.2 2.74 150.67 153.41 OK
r-patched-solaris-sparc 1.3.2 1727.00 NOTE
r-patched-solaris-x86 1.3.2 298.00 NOTE
r-release-linux-x86_64 1.3.2 2.34 146.21 148.55 OK
r-release-windows-ix86+x86_64 1.3.2 9.00 234.00 243.00 OK
r-release-osx-x86_64 1.3.2 OK
r-oldrel-windows-ix86+x86_64 1.3.2 8.00 243.00 251.00 OK
r-oldrel-osx-x86_64 1.3.2 OK

Check Details

Version: 1.3.2
Check: installed package size
Result: NOTE
     installed size is 5.4Mb
     sub-directories of 1Mb or more:
     data 1.0Mb
     extdata 3.1Mb
Flavors: r-patched-solaris-sparc, r-patched-solaris-x86