CRAN Package Check Results for Package Rknots

Last updated on 2016-02-11 23:47:39.

Flavor Version Tinstall Tcheck Ttotal Status Flags
r-devel-linux-x86_64-debian-gcc 1.3.1 2.05 151.45 153.50 OK
r-devel-linux-x86_64-fedora-clang 1.3.1 363.35 OK
r-devel-linux-x86_64-fedora-gcc 1.3.1 356.14 OK
r-devel-osx-x86_64-clang 1.3.1 320.62 OK
r-devel-windows-ix86+x86_64 1.3.1 9.00 256.00 265.00 OK
r-patched-linux-x86_64 1.3.1 2.27 157.33 159.61 OK
r-patched-solaris-sparc 1.3.1 1944.90 NOTE
r-patched-solaris-x86 1.3.1 318.90 NOTE
r-release-linux-x86_64 1.3.1 2.32 156.50 158.83 OK
r-release-osx-x86_64-mavericks 1.3.1 OK
r-release-windows-ix86+x86_64 1.3.1 10.00 321.00 331.00 OK
r-oldrel-windows-ix86+x86_64 1.3.1 18.00 308.00 326.00 OK

Check Details

Version: 1.3.1
Check: installed package size
Result: NOTE
     installed size is 5.2Mb
     sub-directories of 1Mb or more:
     data 1.0Mb
     extdata 3.1Mb
Flavors: r-patched-solaris-sparc, r-patched-solaris-x86