CRAN Package Check Results for Package Rknots

Last updated on 2016-10-01 22:47:36.

Flavor Version Tinstall Tcheck Ttotal Status Flags
r-devel-linux-x86_64-debian-clang 1.3.1 2.49 1839.51 1842.00 FAIL
r-devel-linux-x86_64-debian-gcc 1.3.1 2.44 1838.20 1840.64 FAIL
r-devel-linux-x86_64-fedora-clang 1.3.1 1875.35 WARN
r-devel-linux-x86_64-fedora-gcc 1.3.1 1871.09 WARN
r-devel-macos-x86_64-clang 1.3.1 1865.50 WARN
r-devel-windows-ix86+x86_64 1.3.1 10.00 0.00 10.00 FAIL
r-patched-linux-x86_64 1.3.1 2.66 159.62 162.27 OK
r-patched-solaris-sparc 1.3.1 1943.30 NOTE
r-patched-solaris-x86 1.3.1 325.20 NOTE
r-release-linux-x86_64 1.3.1 2.70 161.76 164.46 OK
r-release-osx-x86_64-mavericks 1.3.1 WARN
r-release-windows-ix86+x86_64 1.3.1 8.00 307.00 315.00 OK
r-oldrel-windows-ix86+x86_64 1.3.1 10.00 280.00 290.00 OK

Check Details

Version: 1.3.1
Check: re-building of vignette outputs
Result: FAIL
    
Flavors: r-devel-linux-x86_64-debian-clang, r-devel-linux-x86_64-debian-gcc

Version: 1.3.1
Check: re-building of vignette outputs
Result: WARN
    Error in re-building vignettes:
     ...
Flavors: r-devel-linux-x86_64-fedora-clang, r-devel-linux-x86_64-fedora-gcc, r-devel-macos-x86_64-clang

Version: 1.3.1
Check: re-building of vignette outputs
Result: FAIL
    Check process probably crashed or hung up for 20 minutes ... killed
    Most likely this happened in the example checks (?),
    if not, ignore the following last lines of example output:
     .. .. .. ..$ : chr [1:4] "2" "1699" "" "414"
     .. .. .. ..$ : chr [1:3] "x" "y" "z"
     .. ..$ ends : num 2
     .. ..$ signs : num [1:2] -1 -1
     .. ..$ M : num [1:3, 1:3] 0 0 0 0 0 0 0 0 0
     ..$ :List of 4
     .. ..$ points: num [1:2, 1:3] -9.22 -17.75 -24.27 6.4 -3.88 ...
     .. .. ..- attr(*, "dimnames")=List of 2
     .. .. .. ..$ : chr [1:2] "2" "1699"
     .. .. .. ..$ : chr [1:3] "x" "y" "z"
     .. ..$ ends : num(0)
     .. ..$ signs : num [1:2] -1 -1
     .. ..$ M : num [1, 1] 0
    >
    >
    >
    > ### * <FOOTER>
    > ###
    > options(digits = 7L)
    > base::cat("Time elapsed: ", proc.time() - base::get("ptime", pos = 'CheckExEnv'),"\n")
    Time elapsed: 22.32 0.64 23.22 NA NA
    > grDevices::dev.off()
    null device
     1
    > ###
    > ### Local variables: ***
    > ### mode: outline-minor ***
    > ### outline-regexp: "\\(> \\)?### [*]+" ***
    > ### End: ***
    > quit('no')
    ======== End of example output (where/before crash/hang up occured ?) ========
Flavor: r-devel-windows-ix86+x86_64

Version: 1.3.1
Check: installed package size
Result: NOTE
     installed size is 5.2Mb
     sub-directories of 1Mb or more:
     data 1.0Mb
     extdata 3.1Mb
Flavors: r-patched-solaris-sparc, r-patched-solaris-x86

Version: 1.3.1
Check: whether package can be installed
Result: WARN
    Found the following significant warnings:
     Warning: 'rgl_init' failed, running with rgl.useNULL = TRUE
Flavor: r-release-osx-x86_64-mavericks

Version: 1.3.1
Check: dependencies in R code
Result: NOTE
    Invalid MIT-MAGIC-COOKIE-1 key
Flavor: r-release-osx-x86_64-mavericks

Version: 1.3.1
Check: S3 generic/method consistency
Result: WARN
    Invalid MIT-MAGIC-COOKIE-1 key
    See section ‘Generic functions and methods’ in the ‘Writing R
    Extensions’ manual.
Flavor: r-release-osx-x86_64-mavericks

Version: 1.3.1
Check: replacement functions
Result: WARN
    Invalid MIT-MAGIC-COOKIE-1 key
    The argument of a replacement function which corresponds to the right
    hand side must be named ‘value’.
Flavor: r-release-osx-x86_64-mavericks

Version: 1.3.1
Check: foreign function calls
Result: NOTE
    Invalid MIT-MAGIC-COOKIE-1 key
    See chapter ‘System and foreign language interfaces’ in the ‘Writing R
    Extensions’ manual.
Flavor: r-release-osx-x86_64-mavericks

Version: 1.3.1
Check: R code for possible problems
Result: NOTE
    Invalid MIT-MAGIC-COOKIE-1 key
Flavor: r-release-osx-x86_64-mavericks

Version: 1.3.1
Check: for missing documentation entries
Result: WARN
    Invalid MIT-MAGIC-COOKIE-1 key
    All user-level objects in a package should have documentation entries.
    See chapter ‘Writing R documentation files’ in the ‘Writing R
    Extensions’ manual.
Flavor: r-release-osx-x86_64-mavericks

Version: 1.3.1
Check: for code/documentation mismatches
Result: WARN
    Invalid MIT-MAGIC-COOKIE-1 key
    Invalid MIT-MAGIC-COOKIE-1 key
    Invalid MIT-MAGIC-COOKIE-1 key
Flavor: r-release-osx-x86_64-mavericks

Version: 1.3.1
Check: Rd \usage sections
Result: NOTE
    Invalid MIT-MAGIC-COOKIE-1 key
    The \usage entries for S3 methods should use the \method markup and not
    their full name.
    See chapter ‘Writing R documentation files’ in the ‘Writing R
    Extensions’ manual.
Flavor: r-release-osx-x86_64-mavericks