CRAN Package Check Results for Package Rknots

Last updated on 2016-07-27 22:47:29.

Flavor Version Tinstall Tcheck Ttotal Status Flags
r-devel-linux-x86_64-debian-clang 1.3.1 2.65 178.61 181.26 OK
r-devel-linux-x86_64-debian-gcc 1.3.1 2.71 171.90 174.61 OK
r-devel-linux-x86_64-fedora-clang 1.3.1 371.57 OK
r-devel-linux-x86_64-fedora-gcc 1.3.1 357.40 OK
r-devel-osx-x86_64-clang 1.3.1 276.64 OK
r-devel-windows-ix86+x86_64 1.3.1 12.00 361.00 373.00 OK
r-patched-linux-x86_64 1.3.1 2.49 173.17 175.66 OK
r-patched-solaris-sparc 1.3.1 1943.30 NOTE
r-patched-solaris-x86 1.3.1 311.20 NOTE
r-release-linux-x86_64 1.3.1 2.39 175.04 177.43 OK
r-release-osx-x86_64-mavericks 1.3.1 WARN
r-release-windows-ix86+x86_64 1.3.1 12.00 274.00 286.00 OK
r-oldrel-windows-ix86+x86_64 1.3.1 14.00 315.00 329.00 OK

Check Details

Version: 1.3.1
Check: installed package size
Result: NOTE
     installed size is 5.2Mb
     sub-directories of 1Mb or more:
     data 1.0Mb
     extdata 3.1Mb
Flavors: r-patched-solaris-sparc, r-patched-solaris-x86

Version: 1.3.1
Check: whether package can be installed
Result: WARN
    Found the following significant warnings:
     Warning: 'rgl_init' failed, running with rgl.useNULL = TRUE
Flavor: r-release-osx-x86_64-mavericks

Version: 1.3.1
Check: dependencies in R code
Result: NOTE
    Invalid MIT-MAGIC-COOKIE-1 key
Flavor: r-release-osx-x86_64-mavericks

Version: 1.3.1
Check: S3 generic/method consistency
Result: WARN
    Invalid MIT-MAGIC-COOKIE-1 key
    See section ‘Generic functions and methods’ in the ‘Writing R
    Extensions’ manual.
Flavor: r-release-osx-x86_64-mavericks

Version: 1.3.1
Check: replacement functions
Result: WARN
    Invalid MIT-MAGIC-COOKIE-1 key
    The argument of a replacement function which corresponds to the right
    hand side must be named ‘value’.
Flavor: r-release-osx-x86_64-mavericks

Version: 1.3.1
Check: foreign function calls
Result: NOTE
    Invalid MIT-MAGIC-COOKIE-1 key
    See chapter ‘System and foreign language interfaces’ in the ‘Writing R
    Extensions’ manual.
Flavor: r-release-osx-x86_64-mavericks

Version: 1.3.1
Check: R code for possible problems
Result: NOTE
    Invalid MIT-MAGIC-COOKIE-1 key
Flavor: r-release-osx-x86_64-mavericks

Version: 1.3.1
Check: for missing documentation entries
Result: WARN
    Invalid MIT-MAGIC-COOKIE-1 key
    All user-level objects in a package should have documentation entries.
    See chapter ‘Writing R documentation files’ in the ‘Writing R
    Extensions’ manual.
Flavor: r-release-osx-x86_64-mavericks

Version: 1.3.1
Check: for code/documentation mismatches
Result: WARN
    Invalid MIT-MAGIC-COOKIE-1 key
    Invalid MIT-MAGIC-COOKIE-1 key
    Invalid MIT-MAGIC-COOKIE-1 key
Flavor: r-release-osx-x86_64-mavericks

Version: 1.3.1
Check: Rd \usage sections
Result: NOTE
    Invalid MIT-MAGIC-COOKIE-1 key
    The \usage entries for S3 methods should use the \method markup and not
    their full name.
    See chapter ‘Writing R documentation files’ in the ‘Writing R
    Extensions’ manual.
Flavor: r-release-osx-x86_64-mavericks