CRAN Package Check Results for Package Rknots

Last updated on 2017-11-17 17:50:55.

Flavor Version Tinstall Tcheck Ttotal Status Flags
r-devel-linux-x86_64-debian-clang 1.3.2 2.44 144.54 146.97 OK
r-devel-linux-x86_64-debian-gcc 1.3.2 2.69 152.02 154.71 OK
r-devel-linux-x86_64-fedora-clang 1.3.2 353.57 OK
r-devel-linux-x86_64-fedora-gcc 1.3.2 348.03 OK
r-devel-windows-ix86+x86_64 1.3.2 17.00 315.00 332.00 OK
r-patched-linux-x86_64 1.3.2 2.90 149.15 152.05 OK
r-patched-solaris-x86 1.3.2 299.40 NOTE
r-release-linux-x86_64 1.3.2 2.79 150.33 153.11 OK
r-release-windows-ix86+x86_64 1.3.2 20.00 312.00 332.00 OK
r-release-osx-x86_64 1.3.2 OK
r-oldrel-windows-ix86+x86_64 1.3.2 9.00 345.00 354.00 OK
r-oldrel-osx-x86_64 1.3.2 OK

Check Details

Version: 1.3.2
Check: installed package size
Result: NOTE
     installed size is 5.4Mb
     sub-directories of 1Mb or more:
     data 1.0Mb
     extdata 3.1Mb
Flavor: r-patched-solaris-x86