CRAN Package Check Results for Package Rknots

Last updated on 2017-05-25 10:47:26.

Flavor Version Tinstall Tcheck Ttotal Status Flags
r-devel-linux-x86_64-debian-clang 1.3.2 2.40 143.98 146.38 OK
r-devel-linux-x86_64-debian-gcc 1.3.2 2.70 150.21 152.91 OK
r-devel-linux-x86_64-fedora-clang 1.3.2 368.38 OK --no-stop-on-test-error
r-devel-linux-x86_64-fedora-gcc 1.3.2 344.39 OK --no-stop-on-test-error
r-devel-windows-ix86+x86_64 1.3.2 8.00 277.00 285.00 OK
r-patched-linux-x86_64 1.3.2 2.66 154.09 156.75 OK
r-patched-solaris-sparc 1.3.2 1727.00 NOTE
r-patched-solaris-x86 1.3.2 301.20 NOTE
r-release-linux-x86_64 1.3.2 2.56 151.12 153.69 OK
r-release-windows-ix86+x86_64 1.3.2 11.00 258.00 269.00 OK
r-release-osx-x86_64 1.3.2 OK
r-oldrel-windows-ix86+x86_64 1.3.2 12.00 344.00 356.00 OK
r-oldrel-osx-x86_64 1.3.2 OK

Check Details

Version: 1.3.2
Check: installed package size
Result: NOTE
     installed size is 5.4Mb
     sub-directories of 1Mb or more:
     data 1.0Mb
     extdata 3.1Mb
Flavors: r-patched-solaris-sparc, r-patched-solaris-x86