CRAN Package Check Results for Package Rknots

Last updated on 2018-01-21 15:48:22 CET.

Flavor Version Tinstall Tcheck Ttotal Status Flags
r-devel-linux-x86_64-debian-clang 1.3.2 3.41 318.24 321.65 OK
r-devel-linux-x86_64-debian-gcc 1.3.2 2.94 239.16 242.10 OK
r-devel-linux-x86_64-fedora-clang 1.3.2 384.10 OK
r-devel-linux-x86_64-fedora-gcc 1.3.2 345.67 OK
r-devel-windows-ix86+x86_64 1.3.2 9.00 254.00 263.00 OK
r-patched-linux-x86_64 1.3.2 2.78 325.33 328.11 OK
r-patched-solaris-x86 1.3.2 319.10 NOTE
r-release-linux-x86_64 1.3.2 3.49 309.19 312.68 OK
r-release-windows-ix86+x86_64 1.3.2 15.00 326.00 341.00 OK
r-release-osx-x86_64 1.3.2 OK
r-oldrel-windows-ix86+x86_64 1.3.2 13.00 304.00 317.00 OK
r-oldrel-osx-x86_64 1.3.2 OK

Check Details

Version: 1.3.2
Check: installed package size
Result: NOTE
     installed size is 5.4Mb
     sub-directories of 1Mb or more:
     data 1.0Mb
     extdata 3.1Mb
Flavor: r-patched-solaris-x86