CRAN Package Check Results for Package Rknots

Last updated on 2016-12-10 02:48:20.

Flavor Version Tinstall Tcheck Ttotal Status Flags
r-devel-linux-x86_64-debian-clang 1.3.2 2.55 158.88 161.43 OK
r-devel-linux-x86_64-debian-gcc 1.3.2 2.60 147.18 149.77 OK
r-devel-linux-x86_64-fedora-clang 1.3.2 368.12 OK --no-stop-on-test-error
r-devel-linux-x86_64-fedora-gcc 1.3.2 365.36 OK --no-stop-on-test-error
r-devel-macos-x86_64-clang 1.3.2 258.00 OK --no-stop-on-test-error
r-devel-windows-ix86+x86_64 1.3.2 9.00 311.00 320.00 OK
r-patched-linux-x86_64 1.3.2 2.72 156.13 158.85 OK
r-patched-solaris-sparc 1.3.2 1835.50 NOTE
r-patched-solaris-x86 1.3.2 312.60 NOTE
r-release-linux-x86_64 1.3.2 2.55 156.84 159.39 OK
r-release-osx-x86_64-mavericks 1.3.2 OK
r-release-windows-ix86+x86_64 1.3.2 9.00 264.00 273.00 OK
r-oldrel-windows-ix86+x86_64 1.3.2 13.00 247.00 260.00 OK

Check Details

Version: 1.3.2
Check: installed package size
Result: NOTE
     installed size is 5.2Mb
     sub-directories of 1Mb or more:
     data 1.0Mb
     extdata 3.1Mb
Flavors: r-patched-solaris-sparc, r-patched-solaris-x86