CRAN Package Check Results for Package Rknots

Last updated on 2017-01-17 08:48:15.

Flavor Version Tinstall Tcheck Ttotal Status Flags
r-devel-linux-x86_64-debian-clang 1.3.2 2.61 150.95 153.57 OK
r-devel-linux-x86_64-debian-gcc 1.3.2 2.83 148.44 151.27 OK
r-devel-linux-x86_64-fedora-clang 1.3.2 337.10 OK --no-stop-on-test-error
r-devel-linux-x86_64-fedora-gcc 1.3.2 359.89 OK --no-stop-on-test-error
r-devel-macos-x86_64-clang 1.3.2 259.71 OK --no-stop-on-test-error
r-devel-windows-ix86+x86_64 1.3.2 14.00 304.00 318.00 OK
r-patched-linux-x86_64 1.3.2 2.57 157.81 160.38 OK
r-patched-solaris-sparc 1.3.2 1962.50 NOTE
r-patched-solaris-x86 1.3.2 318.00 NOTE
r-release-linux-x86_64 1.3.2 2.59 158.07 160.66 OK
r-release-osx-x86_64-mavericks 1.3.2 OK
r-release-windows-ix86+x86_64 1.3.2 11.00 342.00 353.00 OK
r-oldrel-windows-ix86+x86_64 1.3.2 9.00 276.00 285.00 OK

Check Details

Version: 1.3.2
Check: installed package size
Result: NOTE
     installed size is 5.2Mb
     sub-directories of 1Mb or more:
     data 1.0Mb
     extdata 3.1Mb
Flavors: r-patched-solaris-sparc, r-patched-solaris-x86