Last updated on 2018-04-24 17:49:28 CEST.
Flavor | Version | Tinstall | Tcheck | Ttotal | Status | Flags |
---|---|---|---|---|---|---|
r-devel-linux-x86_64-debian-clang | 1.3.2 | 6.84 | 301.24 | 308.08 | OK | |
r-devel-linux-x86_64-debian-gcc | 1.3.2 | 5.81 | 218.05 | 223.86 | OK | |
r-devel-linux-x86_64-fedora-clang | 1.3.2 | 317.20 | NOTE | |||
r-devel-linux-x86_64-fedora-gcc | 1.3.2 | 308.59 | NOTE | |||
r-devel-windows-ix86+x86_64 | 1.3.2 | 17.00 | 217.00 | 234.00 | NOTE | |
r-patched-linux-x86_64 | 1.3.2 | 6.20 | 297.97 | 304.17 | OK | |
r-patched-solaris-x86 | 1.3.2 | 301.30 | NOTE | |||
r-release-linux-x86_64 | 1.3.2 | 6.76 | 293.91 | 300.67 | OK | |
r-release-windows-ix86+x86_64 | 1.3.2 | 17.00 | 217.00 | 234.00 | NOTE | |
r-release-osx-x86_64 | 1.3.2 | NOTE | ||||
r-oldrel-windows-ix86+x86_64 | 1.3.2 | 10.00 | 252.00 | 262.00 | OK | |
r-oldrel-osx-x86_64 | 1.3.2 | OK |
Version: 1.3.2
Check: installed package size
Result: NOTE
installed size is 5.1Mb
sub-directories of 1Mb or more:
extdata 3.0Mb
Flavors: r-devel-linux-x86_64-fedora-clang, r-devel-linux-x86_64-fedora-gcc, r-devel-windows-ix86+x86_64, r-patched-solaris-x86, r-release-windows-ix86+x86_64, r-release-osx-x86_64