CRAN Package Check Results for Package Rlab

Last updated on 2015-06-30 22:47:34.

Flavor Version Tinstall Tcheck Ttotal Status Flags
r-devel-linux-x86_64-debian-clang 2.15.1 1.51 15.15 16.66 NOTE
r-devel-linux-x86_64-debian-gcc 2.15.1 1.28 14.87 16.15 NOTE
r-devel-linux-x86_64-fedora-clang 2.15.1 31.05 NOTE
r-devel-linux-x86_64-fedora-gcc 2.15.1 29.16 NOTE
r-devel-osx-x86_64-clang 2.15.1 33.57 NOTE
r-devel-windows-ix86+x86_64 2.15.1 11.00 32.00 43.00 NOTE
r-patched-linux-x86_64 2.15.1 1.82 15.71 17.53 NOTE
r-patched-solaris-sparc 2.15.1 192.70 NOTE
r-patched-solaris-x86 2.15.1 43.90 NOTE
r-release-linux-x86_64 2.15.1 1.29 15.81 17.10 NOTE
r-release-osx-x86_64-mavericks 2.15.1 NOTE
r-release-windows-ix86+x86_64 2.15.1 4.00 32.00 36.00 NOTE
r-oldrel-windows-ix86+x86_64 2.15.1 12.00 38.00 50.00 NOTE

Check Details

Version: 2.15.1
Check: DESCRIPTION meta-information
Result: NOTE
    Malformed Description field: should contain one or more complete sentences.
Flavors: r-devel-linux-x86_64-debian-clang, r-devel-linux-x86_64-debian-gcc, r-devel-linux-x86_64-fedora-clang, r-devel-linux-x86_64-fedora-gcc, r-devel-osx-x86_64-clang, r-devel-windows-ix86+x86_64, r-patched-linux-x86_64, r-patched-solaris-sparc, r-patched-solaris-x86, r-release-linux-x86_64, r-release-osx-x86_64-mavericks, r-release-windows-ix86+x86_64

Version: 2.15.1
Check: dependencies in R code
Result: NOTE
    ':::' calls which should be '::':
     ‘stats:::dexp’ ‘stats:::dgamma’ ‘stats:::dweibull’ ‘stats:::pexp’
     ‘stats:::pgamma’ ‘stats:::pweibull’ ‘stats:::qexp’ ‘stats:::qgamma’
     ‘stats:::qweibull’ ‘stats:::rexp’ ‘stats:::rgamma’ ‘stats:::rweibull’
     See the note in ?`:::` about the use of this operator.
Flavors: r-devel-linux-x86_64-debian-clang, r-devel-linux-x86_64-debian-gcc, r-devel-linux-x86_64-fedora-clang, r-devel-linux-x86_64-fedora-gcc, r-devel-osx-x86_64-clang, r-devel-windows-ix86+x86_64, r-patched-linux-x86_64, r-patched-solaris-sparc, r-patched-solaris-x86, r-release-linux-x86_64, r-release-osx-x86_64-mavericks, r-release-windows-ix86+x86_64, r-oldrel-windows-ix86+x86_64

Version: 2.15.1
Check: R code for possible problems
Result: NOTE
    US: no visible global function definition for ‘plot’
    US: no visible global function definition for ‘lines’
    bplot.obj: no visible global function definition for ‘plot’
    bplot.obj: no visible global function definition for ‘axis’
    dbern: no visible global function definition for ‘dbinom’
    describe: no visible global function definition for ‘var’
    describe: no visible global function definition for ‘quantile’
    describe.bplot: no visible global function definition for ‘quantile’
    describe2: no visible global function definition for ‘var’
    describe2: no visible global function definition for ‘quantile’
    draw.bplot: no visible global function definition for ‘quantile’
    draw.bplot: no visible global function definition for ‘lines’
    draw.bplot: no visible global function definition for ‘points’
    draw.bplot.obj: no visible global function definition for ‘lines’
    draw.bplot.obj: no visible global function definition for ‘points’
    hplot: no visible global function definition for ‘hist’
    lplot: no visible global function definition for ‘plot’
    lplot: no visible global function definition for ‘axis’
    lplot: no visible global function definition for ‘text’
    mplot: no visible global function definition for ‘interaction.plot’
    mplot: no visible global function definition for ‘title’
    nplot: no visible global function definition for ‘qnorm’
    nplot: no visible global function definition for ‘plot’
    nplot: no visible global function definition for ‘text’
    pbern: no visible global function definition for ‘pbinom’
    qbern: no visible global function definition for ‘qbinom’
    rbern: no visible global function definition for ‘rbinom’
    set.panel: no visible global function definition for ‘par’
    simulatereg: no visible binding for global variable ‘rnorm’
    world: no visible global function definition for ‘plot’
    world: no visible global function definition for ‘lines’
    xline: no visible global function definition for ‘abline’
    yline: no visible global function definition for ‘abline’
    
    Found the following calls to data() loading into the global environment:
    File ‘Rlab/R/US.R’:
     data(US.dat)
    File ‘Rlab/R/world.R’:
     data(world.dat)
    See section ‘Good practice’ in ‘?data’.
Flavors: r-devel-linux-x86_64-debian-clang, r-devel-linux-x86_64-debian-gcc, r-devel-linux-x86_64-fedora-clang

Version: 2.15.1
Check: R code for possible problems
Result: NOTE
    US: no visible global function definition for ‘plot’
    US: no visible global function definition for ‘lines’
    bplot.obj: no visible global function definition for ‘plot’
    bplot.obj: no visible global function definition for ‘axis’
    dbern: no visible global function definition for ‘dbinom’
    describe: no visible global function definition for ‘var’
    describe: no visible global function definition for ‘quantile’
    describe.bplot: no visible global function definition for ‘quantile’
    describe2: no visible global function definition for ‘var’
    describe2: no visible global function definition for ‘quantile’
    draw.bplot: no visible global function definition for ‘quantile’
    draw.bplot: no visible global function definition for ‘lines’
    draw.bplot: no visible global function definition for ‘points’
    draw.bplot.obj: no visible global function definition for ‘lines’
    draw.bplot.obj: no visible global function definition for ‘points’
    hplot: no visible global function definition for ‘hist’
    lplot: no visible global function definition for ‘plot’
    lplot: no visible global function definition for ‘axis’
    lplot: no visible global function definition for ‘text’
    mplot: no visible global function definition for ‘interaction.plot’
    mplot: no visible global function definition for ‘title’
    nplot: no visible global function definition for ‘qnorm’
    nplot: no visible global function definition for ‘plot’
    nplot: no visible global function definition for ‘text’
    pbern: no visible global function definition for ‘pbinom’
    qbern: no visible global function definition for ‘qbinom’
    rbern: no visible global function definition for ‘rbinom’
    set.panel: no visible global function definition for ‘par’
    simulatereg: no visible binding for global variable ‘rnorm’
    world: no visible global function definition for ‘plot’
    world: no visible global function definition for ‘lines’
    xline: no visible global function definition for ‘abline’
    yline: no visible global function definition for ‘abline’
Flavor: r-devel-linux-x86_64-fedora-gcc

Version: 2.15.1
Check: R code for possible problems
Result: NOTE
    Found the following calls to data() loading into the global environment:
    File ‘Rlab/R/US.R’:
     data(US.dat)
    File ‘Rlab/R/world.R’:
     data(world.dat)
    See section ‘Good practice’ in ‘?data’.
Flavors: r-devel-osx-x86_64-clang, r-patched-linux-x86_64, r-release-linux-x86_64