CRAN Package Check Results for Package Rlab

Last updated on 2014-08-02 03:51:00.

Flavor Version Tinstall Tcheck Ttotal Status Flags
r-devel-linux-x86_64-debian-clang 2.15.1 1.47 17.60 19.06 NOTE
r-devel-linux-x86_64-debian-gcc 2.15.1 1.82 17.58 19.40 NOTE
r-devel-linux-x86_64-fedora-clang 2.15.1 36.81 NOTE
r-devel-linux-x86_64-fedora-gcc 2.15.1 35.39 NOTE
r-devel-osx-x86_64-clang 2.15.1 37.46 NOTE
r-devel-windows-ix86+x86_64 2.15.1 8.00 35.00 43.00 NOTE
r-patched-linux-x86_64 2.15.1 2.21 17.70 19.92 NOTE
r-patched-solaris-sparc 2.15.1 217.00 NOTE
r-patched-solaris-x86 2.15.1 50.20 NOTE
r-release-linux-ix86 2.15.1 1.92 25.72 27.64 NOTE
r-release-linux-x86_64 2.15.1 1.47 17.61 19.08 NOTE
r-release-osx-x86_64-mavericks 2.15.1 NOTE
r-release-windows-ix86+x86_64 2.15.1 10.00 33.00 43.00 NOTE
r-oldrel-windows-ix86+x86_64 2.15.1 8.00 34.00 42.00 NOTE

Check Details

Version: 2.15.1
Check: dependencies in R code
Result: NOTE
    ':::' calls which should be '::':
     stats:::dexp stats:::dgamma stats:::dweibull stats:::pexp
     stats:::pgamma stats:::pweibull stats:::qexp stats:::qgamma
     stats:::qweibull stats:::rexp stats:::rgamma stats:::rweibull
     See the note in ?`:::` about the use of this operator.
    See the information on DESCRIPTION files in the chapter Creating R
    packages of the Writing R Extensions manual.
Flavors: r-devel-linux-x86_64-debian-clang, r-devel-linux-x86_64-debian-gcc, r-devel-linux-x86_64-fedora-clang, r-devel-linux-x86_64-fedora-gcc, r-devel-osx-x86_64-clang, r-devel-windows-ix86+x86_64, r-patched-linux-x86_64, r-patched-solaris-sparc, r-patched-solaris-x86, r-release-linux-ix86, r-release-linux-x86_64, r-release-osx-x86_64-mavericks, r-release-windows-ix86+x86_64, r-oldrel-windows-ix86+x86_64

Version: 2.15.1
Check: R code for possible problems
Result: NOTE
    Found the following calls to data() loading into the global environment:
    File Rlab/R/US.R :
     data(US.dat)
    File Rlab/R/world.R :
     data(world.dat)
    See section Good practice in ?data .
Flavors: r-devel-linux-x86_64-debian-clang, r-devel-linux-x86_64-debian-gcc, r-devel-linux-x86_64-fedora-clang, r-devel-osx-x86_64-clang, r-patched-linux-x86_64, r-release-linux-ix86, r-release-linux-x86_64