CRAN Package Check Results for Package Rlab

Last updated on 2024-02-28 11:21:02 CET.

Flavor Version Tinstall Tcheck Ttotal Status Flags
r-devel-linux-x86_64-debian-clang 4.0 4.56 65.01 69.57 NOTE
r-devel-linux-x86_64-debian-gcc 4.0 3.29 49.64 52.93 NOTE
r-devel-linux-x86_64-fedora-clang 4.0 90.15 NOTE
r-devel-linux-x86_64-fedora-gcc 4.0 84.08 NOTE
r-devel-windows-x86_64 4.0 5.00 87.00 92.00 NOTE
r-patched-linux-x86_64 4.0 5.68 64.00 69.68 NOTE
r-release-linux-x86_64 4.0 4.60 64.11 68.71 NOTE
r-release-macos-arm64 4.0 49.00 NOTE
r-release-macos-x86_64 4.0 91.00 NOTE
r-release-windows-x86_64 4.0 8.00 97.00 105.00 NOTE
r-oldrel-macos-arm64 4.0 55.00 OK
r-oldrel-windows-x86_64 4.0 27.00 104.00 131.00 OK

Check Details

Version: 4.0
Check: Rd files
Result: NOTE checkRd: (-1) Exponential.Rd:52: Escaped LaTeX specials: \& checkRd: (-1) Gamma.Rd:80: Escaped LaTeX specials: \& checkRd: (-1) college.Rd:13: Escaped LaTeX specials: \$ checkRd: (-1) college.Rd:15: Escaped LaTeX specials: \$ Flavors: r-devel-linux-x86_64-debian-clang, r-devel-linux-x86_64-debian-gcc, r-devel-linux-x86_64-fedora-clang, r-devel-linux-x86_64-fedora-gcc, r-devel-windows-x86_64, r-patched-linux-x86_64, r-release-linux-x86_64, r-release-macos-arm64, r-release-macos-x86_64, r-release-windows-x86_64