CRAN Package Check Results for Package Rlabkey

Last updated on 2014-04-24 03:47:52.

Flavor Version Tinstall Tcheck Ttotal Status Flags
r-devel-linux-x86_64-debian-clang 2.1.123 2.06 21.56 23.62 NOTE
r-devel-linux-x86_64-debian-gcc 2.1.123 2.27 21.32 23.59 NOTE
r-devel-linux-x86_64-fedora-clang 2.1.123 49.84 NOTE
r-devel-linux-x86_64-fedora-gcc 2.1.123 47.71 NOTE
r-devel-osx-x86_64-clang 2.1.123 41.94 NOTE
r-devel-osx-x86_64-gcc 2.1.123 NOTE
r-devel-windows-ix86+x86_64 2.1.123 10.00 40.00 50.00 NOTE
r-patched-linux-x86_64 2.1.123 2.05 21.42 23.48 NOTE
r-patched-solaris-sparc 2.1.123 259.40 NOTE
r-patched-solaris-x86 2.1.123 69.10 NOTE
r-release-linux-ix86 2.1.123 4.00 42.00 46.00 NOTE
r-release-linux-x86_64 2.1.123 2.18 21.23 23.41 NOTE
r-release-osx-x86_64-mavericks 2.1.123 WARN
r-release-osx-x86_64-snowleopard 2.1.123 OK
r-release-windows-ix86+x86_64 2.1.123 16.00 54.00 70.00 NOTE
r-oldrel-windows-ix86+x86_64 2.1.123 9.00 46.00 55.00 NOTE

Check Details

Version: 2.1.123
Check: dependencies in R code
Result: NOTE
    Packages in Depends field not imported from:
     ‘RCurl’ ‘rjson’
     These packages need to be imported from (in the NAMESPACE file)
     for when this namespace is loaded but not attached.
    See the information on DESCRIPTION files in the chapter ‘Creating R
    packages’ of the ‘Writing R Extensions’ manual.
Flavors: r-devel-linux-x86_64-debian-clang, r-devel-linux-x86_64-debian-gcc, r-devel-linux-x86_64-fedora-clang, r-devel-linux-x86_64-fedora-gcc, r-devel-osx-x86_64-clang, r-devel-osx-x86_64-gcc, r-devel-windows-ix86+x86_64, r-patched-linux-x86_64, r-patched-solaris-sparc, r-patched-solaris-x86, r-release-linux-ix86, r-release-linux-x86_64, r-release-osx-x86_64-mavericks, r-release-windows-ix86+x86_64, r-oldrel-windows-ix86+x86_64

Version: 2.1.123
Check: PDF version of manual
Result: WARNING
    LaTeX errors when creating PDF version.
    This typically indicates Rd problems.
    LaTeX errors found:
    ! LaTeX Error: File `upquote.sty' not found.
    
    Type X to quit or <RETURN> to proceed,
    or enter new name. (Default extension: sty)
    
    1ae5883/Rd2.tex:8: ==> Fatal error occurred, no output PDF file produced!
Flavor: r-release-osx-x86_64-mavericks