CRAN Package Check Results for Package Rlabkey

Last updated on 2017-02-23 07:48:00.

Flavor Version Tinstall Tcheck Ttotal Status Flags
r-devel-linux-x86_64-debian-clang 2.1.133 8.85 22.99 31.84 NOTE
r-devel-linux-x86_64-debian-gcc 2.1.133 8.45 22.66 31.12 NOTE
r-devel-linux-x86_64-fedora-clang 2.1.133 58.63 NOTE --no-stop-on-test-error
r-devel-linux-x86_64-fedora-gcc 2.1.133 55.33 NOTE --no-stop-on-test-error
r-devel-macos-x86_64-clang 2.1.133 46.22 NOTE --no-stop-on-test-error
r-devel-windows-ix86+x86_64 2.1.133 39.00 129.00 168.00 OK
r-patched-linux-x86_64 2.1.133 7.61 20.14 27.75 OK
r-patched-solaris-sparc 2.1.133 295.40 OK
r-patched-solaris-x86 2.1.133 62.30 OK
r-release-linux-x86_64 2.1.133 7.42 20.26 27.68 OK
r-release-osx-x86_64-mavericks 2.1.133 OK
r-release-windows-ix86+x86_64 2.1.133 40.00 115.00 155.00 OK
r-oldrel-windows-ix86+x86_64 2.1.133 36.00 76.00 112.00 OK

Check Details

Version: 2.1.133
Check: compiled code
Result: NOTE
    File ‘Rlabkey/libs/Rlabkey.so’:
     Found no call to: ‘R_useDynamicSymbols’
    
    It is good practice to register native routines and to disable symbol
    search.
    
    See ‘Writing portable packages’ in the ‘Writing R Extensions’ manual.
Flavors: r-devel-linux-x86_64-debian-clang, r-devel-linux-x86_64-debian-gcc

Version: 2.1.133
Flags: --no-stop-on-test-error
Check: compiled code
Result: NOTE
    File ‘Rlabkey/libs/Rlabkey.so’:
     Found no call to: ‘R_useDynamicSymbols’
    
    It is good practice to register native routines and to disable symbol
    search.
    
    See ‘Writing portable packages’ in the ‘Writing R Extensions’ manual.
Flavors: r-devel-linux-x86_64-fedora-clang, r-devel-linux-x86_64-fedora-gcc, r-devel-macos-x86_64-clang