CRAN Package Check Results for Package Rlabkey

Last updated on 2014-07-24 09:49:43.

Flavor Version Tinstall Tcheck Ttotal Status Flags
r-devel-linux-x86_64-debian-clang 2.1.123 2.03 20.51 22.54 NOTE
r-devel-linux-x86_64-debian-gcc 2.1.123 1.99 20.63 22.62 NOTE
r-devel-linux-x86_64-fedora-clang 2.1.123 50.48 NOTE
r-devel-linux-x86_64-fedora-gcc 2.1.123 46.85 NOTE
r-devel-osx-x86_64-clang 2.1.123 45.52 NOTE
r-devel-windows-ix86+x86_64 2.1.123 9.00 44.00 53.00 NOTE
r-patched-linux-x86_64 2.1.123 2.08 20.22 22.30 NOTE
r-patched-solaris-sparc 2.1.123 259.40 NOTE
r-patched-solaris-x86 2.1.123 64.90 NOTE
r-release-linux-ix86 2.1.123 3.12 29.11 32.23 NOTE
r-release-linux-x86_64 2.1.123 2.11 21.23 23.34 NOTE
r-release-osx-x86_64-mavericks 2.1.123 NOTE
r-release-osx-x86_64-snowleopard 2.1.123 OK
r-release-windows-ix86+x86_64 2.1.123 13.00 43.00 56.00 NOTE
r-oldrel-windows-ix86+x86_64 2.1.123 11.00 46.00 57.00 NOTE

Check Details

Version: 2.1.123
Check: dependencies in R code
Result: NOTE
    Packages in Depends field not imported from:
     ‘RCurl’ ‘rjson’
     These packages need to be imported from (in the NAMESPACE file)
     for when this namespace is loaded but not attached.
    See the information on DESCRIPTION files in the chapter ‘Creating R
    packages’ of the ‘Writing R Extensions’ manual.
Flavors: r-devel-linux-x86_64-debian-clang, r-devel-linux-x86_64-debian-gcc, r-devel-linux-x86_64-fedora-clang, r-devel-linux-x86_64-fedora-gcc, r-devel-osx-x86_64-clang, r-devel-windows-ix86+x86_64, r-patched-linux-x86_64, r-patched-solaris-sparc, r-patched-solaris-x86, r-release-linux-ix86, r-release-linux-x86_64, r-release-osx-x86_64-mavericks, r-release-windows-ix86+x86_64, r-oldrel-windows-ix86+x86_64