CRAN Package Check Results for Package Rlabkey

Last updated on 2017-12-13 23:14:40 CET.

Flavor Version Tinstall Tcheck Ttotal Status Flags
r-devel-linux-x86_64-debian-clang 2.1.136 12.75 23.33 36.08 FAIL
r-devel-linux-x86_64-debian-gcc 2.1.136 11.79 21.49 33.28 FAIL
r-devel-linux-x86_64-fedora-clang 2.1.136 60.03 OK
r-devel-linux-x86_64-fedora-gcc 2.1.136 58.69 OK
r-devel-windows-ix86+x86_64 2.1.136 50.00 90.00 140.00 OK
r-patched-linux-x86_64 2.1.136 13.89 35.91 49.80 OK
r-patched-solaris-x86 2.1.136 71.80 OK
r-release-linux-x86_64 2.1.136 14.78 35.55 50.33 OK
r-release-windows-ix86+x86_64 2.1.136 32.00 115.00 147.00 OK
r-release-osx-x86_64 2.1.136 OK
r-oldrel-windows-ix86+x86_64 2.1.136 45.00 106.00 151.00 OK
r-oldrel-osx-x86_64 2.1.136 OK

Check Details

Version: 2.1.136
Check: pragmas in C/C++ headers and code
Result: FAIL
    
Flavors: r-devel-linux-x86_64-debian-clang, r-devel-linux-x86_64-debian-gcc