CRAN Package Check Results for Package Rlabkey

Last updated on 2014-09-01 23:46:51.

Flavor Version Tinstall Tcheck Ttotal Status Flags
r-devel-linux-x86_64-debian-clang 2.1.125 2.16 21.06 23.22 OK
r-devel-linux-x86_64-debian-gcc 2.1.125 2.10 20.54 22.64 OK
r-devel-linux-x86_64-fedora-clang 2.1.125 27.22 OK
r-devel-linux-x86_64-fedora-gcc 2.1.125 46.73 OK
r-devel-osx-x86_64-clang 2.1.125 45.84 OK
r-devel-windows-ix86+x86_64 2.1.125 10.00 43.00 53.00 OK
r-patched-linux-x86_64 2.1.125 2.00 21.00 23.00 OK
r-patched-solaris-sparc 2.1.125 249.50 OK
r-patched-solaris-x86 2.1.125 56.90 OK
r-release-linux-ix86 2.1.123 2.89 29.53 32.42 NOTE
r-release-linux-x86_64 2.1.125 2.06 21.62 23.68 OK
r-release-osx-x86_64-mavericks 2.1.125 OK
r-release-osx-x86_64-snowleopard 2.1.125 OK
r-release-windows-ix86+x86_64 2.1.125 11.00 44.00 55.00 OK
r-oldrel-windows-ix86+x86_64 2.1.125 11.00 50.00 61.00 OK

Check Details

Version: 2.1.123
Check: dependencies in R code
Result: NOTE
    Packages in Depends field not imported from:
     ‘RCurl’ ‘rjson’
     These packages need to be imported from (in the NAMESPACE file)
     for when this namespace is loaded but not attached.
    See the information on DESCRIPTION files in the chapter ‘Creating R
    packages’ of the ‘Writing R Extensions’ manual.
Flavor: r-release-linux-ix86