CRAN Package Check Results for Package Rlabkey

Last updated on 2015-07-31 23:47:59.

Flavor Version Tinstall Tcheck Ttotal Status Flags
r-devel-linux-x86_64-debian-clang 2.1.127 1.74 22.15 23.88 NOTE
r-devel-linux-x86_64-debian-gcc 2.1.127 2.64 22.19 24.83 NOTE
r-devel-linux-x86_64-fedora-clang 2.1.127 46.44 NOTE
r-devel-linux-x86_64-fedora-gcc 2.1.127 44.22 NOTE
r-devel-osx-x86_64-clang 2.1.127 38.67 OK
r-devel-windows-ix86+x86_64 2.1.127 11.00 42.00 53.00 NOTE
r-patched-linux-x86_64 2.1.127 1.78 21.85 23.63 OK
r-patched-solaris-sparc 2.1.127 252.80 OK
r-patched-solaris-x86 2.1.127 55.20 OK
r-release-linux-x86_64 2.1.127 1.88 21.44 23.32 OK
r-release-osx-x86_64-mavericks 2.1.127 OK
r-release-windows-ix86+x86_64 2.1.127 11.00 40.00 51.00 OK
r-oldrel-windows-ix86+x86_64 2.1.127 12.00 44.00 56.00 OK

Check Details

Version: 2.1.127
Check: R code for possible problems
Result: NOTE
    getQueryInfo: no visible global function definition for ‘URLdecode’
    getQueryInfo: no visible global function definition for ‘URLencode’
    getQueryLists: no visible global function definition for ‘URLdecode’
    getQueryLists: no visible global function definition for ‘URLencode’
    labkey.deleteRows: no visible global function definition for
     ‘URLdecode’
    labkey.deleteRows: no visible global function definition for
     ‘URLencode’
    labkey.executeSql: no visible global function definition for
     ‘URLdecode’
    labkey.executeSql: no visible global function definition for
     ‘URLencode’
    labkey.getFolders: no visible global function definition for
     ‘URLdecode’
    labkey.getFolders: no visible global function definition for
     ‘URLencode’
    labkey.getSchemas: no visible global function definition for
     ‘URLdecode’
    labkey.getSchemas: no visible global function definition for
     ‘URLencode’
    labkey.importRows: no visible global function definition for
     ‘URLdecode’
    labkey.importRows: no visible global function definition for
     ‘URLencode’
    labkey.insertRows: no visible global function definition for
     ‘URLdecode’
    labkey.insertRows: no visible global function definition for
     ‘URLencode’
    labkey.saveBatch: no visible global function definition for ‘URLdecode’
    labkey.saveBatch: no visible global function definition for ‘URLencode’
    labkey.selectRows: no visible global function definition for
     ‘URLdecode’
    labkey.selectRows: no visible global function definition for
     ‘URLencode’
    labkey.updateRows: no visible global function definition for
     ‘URLdecode’
    labkey.updateRows: no visible global function definition for
     ‘URLencode’
    Undefined global functions or variables:
     URLdecode URLencode
    Consider adding
     importFrom("utils", "URLdecode", "URLencode")
    to your NAMESPACE.
Flavors: r-devel-linux-x86_64-debian-clang, r-devel-linux-x86_64-debian-gcc, r-devel-linux-x86_64-fedora-clang, r-devel-linux-x86_64-fedora-gcc

Version: 2.1.127
Check: R code for possible problems
Result: NOTE
    .onLoad: no visible global function definition for 'winMenuAddItem'
    .onUnload: no visible global function definition for 'winMenuItems'
    .onUnload: no visible global function definition for 'winMenuDelItem'
    getQueryInfo: no visible global function definition for 'URLdecode'
    getQueryInfo: no visible global function definition for 'URLencode'
    getQueryLists: no visible global function definition for 'URLdecode'
    getQueryLists: no visible global function definition for 'URLencode'
    labkey.deleteRows: no visible global function definition for
     'URLdecode'
    labkey.deleteRows: no visible global function definition for
     'URLencode'
    labkey.executeSql: no visible global function definition for
     'URLdecode'
    labkey.executeSql: no visible global function definition for
     'URLencode'
    labkey.getFolders: no visible global function definition for
     'URLdecode'
    labkey.getFolders: no visible global function definition for
     'URLencode'
    labkey.getSchemas: no visible global function definition for
     'URLdecode'
    labkey.getSchemas: no visible global function definition for
     'URLencode'
    labkey.importRows: no visible global function definition for
     'URLdecode'
    labkey.importRows: no visible global function definition for
     'URLencode'
    labkey.insertRows: no visible global function definition for
     'URLdecode'
    labkey.insertRows: no visible global function definition for
     'URLencode'
    labkey.saveBatch: no visible global function definition for 'URLdecode'
    labkey.saveBatch: no visible global function definition for 'URLencode'
    labkey.selectRows: no visible global function definition for
     'URLdecode'
    labkey.selectRows: no visible global function definition for
     'URLencode'
    labkey.updateRows: no visible global function definition for
     'URLdecode'
    labkey.updateRows: no visible global function definition for
     'URLencode'
    Undefined global functions or variables:
     URLdecode URLencode winMenuAddItem winMenuDelItem winMenuItems
    Consider adding
     importFrom("utils", "URLdecode", "URLencode", "winMenuAddItem",
     "winMenuDelItem", "winMenuItems")
    to your NAMESPACE.
Flavor: r-devel-windows-ix86+x86_64