CRAN Package Check Results for Package Rlabkey

Last updated on 2014-08-22 11:48:06.

Flavor Version Tinstall Tcheck Ttotal Status Flags
r-devel-linux-x86_64-debian-clang 2.1.123 1.97 20.70 22.66 NOTE
r-devel-linux-x86_64-debian-gcc 2.1.123 1.92 20.31 22.24 NOTE
r-devel-linux-x86_64-fedora-clang 2.1.123 48.46 NOTE
r-devel-linux-x86_64-fedora-gcc 2.1.123 45.65 NOTE
r-devel-osx-x86_64-clang 2.1.123 45.56 NOTE
r-devel-windows-ix86+x86_64 2.1.123 9.00 41.00 50.00 NOTE
r-patched-linux-x86_64 2.1.123 2.01 20.62 22.64 NOTE
r-patched-solaris-sparc 2.1.123 252.50 NOTE
r-patched-solaris-x86 2.1.123 64.00 NOTE
r-release-linux-ix86 2.1.123 2.86 31.24 34.10 NOTE
r-release-linux-x86_64 2.1.123 1.99 21.33 23.32 NOTE
r-release-osx-x86_64-mavericks 2.1.123 NOTE
r-release-osx-x86_64-snowleopard 2.1.123 OK
r-release-windows-ix86+x86_64 2.1.123 10.00 57.00 67.00 NOTE
r-oldrel-windows-ix86+x86_64 2.1.123 19.00 45.00 64.00 NOTE

Check Details

Version: 2.1.123
Check: dependencies in R code
Result: NOTE
    Packages in Depends field not imported from:
     ‘RCurl’ ‘rjson’
     These packages need to be imported from (in the NAMESPACE file)
     for when this namespace is loaded but not attached.
    See the information on DESCRIPTION files in the chapter ‘Creating R
    packages’ of the ‘Writing R Extensions’ manual.
Flavors: r-devel-linux-x86_64-debian-clang, r-devel-linux-x86_64-debian-gcc, r-devel-linux-x86_64-fedora-clang, r-devel-linux-x86_64-fedora-gcc, r-devel-osx-x86_64-clang, r-devel-windows-ix86+x86_64, r-patched-linux-x86_64, r-patched-solaris-sparc, r-patched-solaris-x86, r-release-linux-ix86, r-release-linux-x86_64, r-release-osx-x86_64-mavericks, r-release-windows-ix86+x86_64, r-oldrel-windows-ix86+x86_64

Version: 2.1.123
Check: R code for possible problems
Result: NOTE
    getQueryInfo: no visible global function definition for ‘curlUnescape’
    getQueryInfo: no visible global function definition for ‘curlEscape’
    getQueryInfo: no visible global function definition for
     ‘basicTextGatherer’
    getQueryInfo: no visible global function definition for ‘curlOptions’
    getQueryInfo: no visible global function definition for ‘getCurlHandle’
    getQueryInfo: no visible global function definition for ‘getURI’
    getQueryInfo: no visible global function definition for ‘getCurlInfo’
    getQueryLists: no visible global function definition for ‘curlUnescape’
    getQueryLists: no visible global function definition for ‘curlEscape’
    getQueryLists: no visible global function definition for
     ‘basicTextGatherer’
    getQueryLists: no visible global function definition for ‘curlOptions’
    getQueryLists: no visible global function definition for
     ‘getCurlHandle’
    getQueryLists: no visible global function definition for ‘getURI’
    getQueryLists: no visible global function definition for ‘getCurlInfo’
    labkey.deleteRows: no visible global function definition for ‘toJSON’
    labkey.deleteRows: no visible global function definition for
     ‘basicTextGatherer’
    labkey.deleteRows: no visible global function definition for
     ‘getCurlHandle’
    labkey.deleteRows: no visible global function definition for
     ‘curlOptions’
    labkey.deleteRows: no visible global function definition for
     ‘curlPerform’
    labkey.deleteRows: no visible global function definition for
     ‘getCurlInfo’
    labkey.executeSql: no visible global function definition for
     ‘curlUnescape’
    labkey.executeSql: no visible global function definition for
     ‘curlEscape’
    labkey.executeSql: no visible global function definition for
     ‘basicTextGatherer’
    labkey.executeSql: no visible global function definition for
     ‘getCurlHandle’
    labkey.executeSql: no visible global function definition for
     ‘curlOptions’
    labkey.executeSql: no visible global function definition for ‘postForm’
    labkey.executeSql: no visible global function definition for
     ‘getCurlInfo’
    labkey.getFolders: no visible global function definition for
     ‘basicTextGatherer’
    labkey.getFolders: no visible global function definition for
     ‘getCurlHandle’
    labkey.getFolders: no visible global function definition for
     ‘curlOptions’
    labkey.getFolders: no visible global function definition for ‘getURI’
    labkey.getFolders: no visible global function definition for
     ‘getCurlInfo’
    labkey.getSchemas: no visible global function definition for
     ‘basicTextGatherer’
    labkey.getSchemas: no visible global function definition for
     ‘curlOptions’
    labkey.getSchemas: no visible global function definition for
     ‘getCurlHandle’
    labkey.getSchemas: no visible global function definition for ‘getURI’
    labkey.getSchemas: no visible global function definition for
     ‘getCurlInfo’
    labkey.importRows: no visible global function definition for ‘toJSON’
    labkey.importRows: no visible global function definition for
     ‘basicTextGatherer’
    labkey.importRows: no visible global function definition for
     ‘getCurlHandle’
    labkey.importRows: no visible global function definition for
     ‘curlOptions’
    labkey.importRows: no visible global function definition for
     ‘curlPerform’
    labkey.importRows: no visible global function definition for
     ‘getCurlInfo’
    labkey.insertRows: no visible global function definition for ‘toJSON’
    labkey.insertRows: no visible global function definition for
     ‘basicTextGatherer’
    labkey.insertRows: no visible global function definition for
     ‘getCurlHandle’
    labkey.insertRows: no visible global function definition for
     ‘curlOptions’
    labkey.insertRows: no visible global function definition for
     ‘curlPerform’
    labkey.insertRows: no visible global function definition for
     ‘getCurlInfo’
    labkey.saveBatch: no visible global function definition for
     ‘curlUnescape’
    labkey.saveBatch: no visible global function definition for
     ‘curlEscape’
    labkey.saveBatch: no visible global function definition for
     ‘basicTextGatherer’
    labkey.saveBatch: no visible global function definition for
     ‘getCurlHandle’
    labkey.saveBatch: no visible global function definition for
     ‘curlOptions’
    labkey.saveBatch: no visible global function definition for ‘getURI’
    labkey.saveBatch: no visible global function definition for
     ‘getCurlInfo’
    labkey.saveBatch: no visible global function definition for ‘toJSON’
    labkey.saveBatch: no visible global function definition for
     ‘curlPerform’
    labkey.selectRows: no visible global function definition for
     ‘curlUnescape’
    labkey.selectRows: no visible global function definition for
     ‘curlEscape’
    labkey.selectRows: no visible global function definition for
     ‘basicTextGatherer’
    labkey.selectRows: no visible global function definition for
     ‘curlOptions’
    labkey.selectRows: no visible global function definition for
     ‘getCurlHandle’
    labkey.selectRows: no visible global function definition for ‘getURI’
    labkey.selectRows: no visible global function definition for
     ‘getCurlInfo’
    labkey.updateRows: no visible global function definition for ‘toJSON’
    labkey.updateRows: no visible global function definition for
     ‘basicTextGatherer’
    labkey.updateRows: no visible global function definition for
     ‘getCurlHandle’
    labkey.updateRows: no visible global function definition for
     ‘curlOptions’
    labkey.updateRows: no visible global function definition for
     ‘curlPerform’
    labkey.updateRows: no visible global function definition for
     ‘getCurlInfo’
    makeFilter: no visible global function definition for ‘curlEscape’
Flavors: r-devel-linux-x86_64-fedora-clang, r-devel-linux-x86_64-fedora-gcc, r-devel-osx-x86_64-clang