CRAN Package Check Results for Package Rlof

Last updated on 2017-03-27 03:50:04.

Flavor Version Tinstall Tcheck Ttotal Status Flags
r-devel-linux-x86_64-debian-clang 1.1.1 1.02 11.62 12.64 NOTE
r-devel-linux-x86_64-debian-gcc 1.1.1 1.14 11.07 12.22 NOTE
r-devel-linux-x86_64-fedora-clang 1.1.1 19.90 NOTE --no-stop-on-test-error
r-devel-linux-x86_64-fedora-gcc 1.1.1 20.94 NOTE --no-stop-on-test-error
r-devel-macos-x86_64-clang 1.1.1 18.78 NOTE --no-stop-on-test-error
r-devel-windows-ix86+x86_64 1.1.1 6.00 54.00 60.00 OK
r-patched-linux-x86_64 1.1.1 0.94 11.36 12.29 NOTE
r-patched-solaris-sparc 1.1.1 149.90 OK
r-patched-solaris-x86 1.1.1 29.00 OK
r-release-linux-x86_64 1.1.1 0.90 9.57 10.46 OK
r-release-osx-x86_64-mavericks 1.1.1 OK
r-release-windows-ix86+x86_64 1.1.1 10.00 31.00 41.00 OK
r-oldrel-windows-ix86+x86_64 1.1.1 6.00 28.00 34.00 OK

Check Details

Version: 1.1.1
Check: compiled code
Result: NOTE
    File ‘Rlof/libs/Rlof.so’:
     Found no calls to: ‘R_registerRoutines’, ‘R_useDynamicSymbols’
    
    It is good practice to register native routines and to disable symbol
    search.
    
    See ‘Writing portable packages’ in the ‘Writing R Extensions’ manual.
Flavors: r-devel-linux-x86_64-debian-clang, r-devel-linux-x86_64-debian-gcc, r-patched-linux-x86_64

Version: 1.1.1
Flags: --no-stop-on-test-error
Check: compiled code
Result: NOTE
    File ‘Rlof/libs/Rlof.so’:
     Found no calls to: ‘R_registerRoutines’, ‘R_useDynamicSymbols’
    
    It is good practice to register native routines and to disable symbol
    search.
    
    See ‘Writing portable packages’ in the ‘Writing R Extensions’ manual.
Flavors: r-devel-linux-x86_64-fedora-clang, r-devel-linux-x86_64-fedora-gcc, r-devel-macos-x86_64-clang