CRAN Package Check Results for Package Rlof

Last updated on 2017-08-23 09:47:35.

Flavor Version Tinstall Tcheck Ttotal Status Flags
r-devel-linux-x86_64-debian-clang 1.1.1 1.09 11.99 13.08 NOTE
r-devel-linux-x86_64-debian-gcc 1.1.1 1.10 11.56 12.66 NOTE
r-devel-linux-x86_64-fedora-clang 1.1.1 20.14 NOTE
r-devel-linux-x86_64-fedora-gcc 1.1.1 19.45 NOTE
r-devel-windows-ix86+x86_64 1.1.1 5.00 47.00 52.00 OK
r-patched-linux-x86_64 1.1.1 1.06 12.53 13.59 NOTE
r-patched-solaris-x86 1.1.1 29.40 OK
r-release-linux-x86_64 1.1.1 0.96 11.86 12.82 NOTE
r-release-windows-ix86+x86_64 1.1.1 6.00 40.00 46.00 OK
r-release-osx-x86_64 1.1.1 OK
r-oldrel-windows-ix86+x86_64 1.1.1 8.00 46.00 54.00 OK
r-oldrel-osx-x86_64 1.1.1 OK

Check Details

Version: 1.1.1
Check: compiled code
Result: NOTE
    File ‘Rlof/libs/Rlof.so’:
     Found no calls to: ‘R_registerRoutines’, ‘R_useDynamicSymbols’
    
    It is good practice to register native routines and to disable symbol
    search.
    
    See ‘Writing portable packages’ in the ‘Writing R Extensions’ manual.
Flavors: r-devel-linux-x86_64-debian-clang, r-devel-linux-x86_64-debian-gcc, r-devel-linux-x86_64-fedora-clang, r-devel-linux-x86_64-fedora-gcc, r-patched-linux-x86_64, r-release-linux-x86_64