CRAN Package Check Results for Package Rlof

Last updated on 2017-06-26 21:49:53.

Flavor Version Tinstall Tcheck Ttotal Status Flags
r-devel-linux-x86_64-debian-clang 1.1.1 1.06 11.62 12.67 NOTE
r-devel-linux-x86_64-debian-gcc 1.1.1 1.05 11.41 12.46 NOTE
r-devel-linux-x86_64-fedora-clang 1.1.1 20.06 NOTE
r-devel-linux-x86_64-fedora-gcc 1.1.1 19.36 NOTE
r-devel-windows-ix86+x86_64 1.1.1 8.00 54.00 62.00 OK
r-patched-linux-x86_64 1.1.1 0.99 11.27 12.27 NOTE
r-patched-solaris-sparc 1.1.1 149.90 OK
r-patched-solaris-x86 1.1.1 29.60 OK
r-release-linux-x86_64 1.1.1 1.01 11.48 12.49 NOTE
r-release-windows-ix86+x86_64 1.1.1 9.00 44.00 53.00 OK
r-release-osx-x86_64 1.1.1 OK
r-oldrel-windows-ix86+x86_64 1.1.1 7.00 43.00 50.00 OK
r-oldrel-osx-x86_64 1.1.1 OK

Check Details

Version: 1.1.1
Check: compiled code
Result: NOTE
    File ‘Rlof/libs/Rlof.so’:
     Found no calls to: ‘R_registerRoutines’, ‘R_useDynamicSymbols’
    
    It is good practice to register native routines and to disable symbol
    search.
    
    See ‘Writing portable packages’ in the ‘Writing R Extensions’ manual.
Flavors: r-devel-linux-x86_64-debian-clang, r-devel-linux-x86_64-debian-gcc, r-devel-linux-x86_64-fedora-clang, r-devel-linux-x86_64-fedora-gcc, r-patched-linux-x86_64, r-release-linux-x86_64