CRAN Package Check Results for Package Rlof

Last updated on 2017-10-23 14:48:57.

Flavor Version Tinstall Tcheck Ttotal Status Flags
r-devel-linux-x86_64-debian-clang 1.1.1 1.05 11.61 12.67 NOTE
r-devel-linux-x86_64-debian-gcc 1.1.1 1.14 12.47 13.62 NOTE
r-devel-linux-x86_64-fedora-clang 1.1.1 20.17 NOTE
r-devel-linux-x86_64-fedora-gcc 1.1.1 20.33 NOTE
r-devel-windows-ix86+x86_64 1.1.1 9.00 33.00 42.00 OK
r-patched-linux-x86_64 1.1.1 1.00 11.45 12.45 NOTE
r-patched-solaris-x86 1.1.1 30.00 OK
r-release-linux-x86_64 1.1.1 0.97 11.50 12.47 NOTE
r-release-windows-ix86+x86_64 1.1.1 8.00 67.00 75.00 OK
r-release-osx-x86_64 1.1.1 OK
r-oldrel-windows-ix86+x86_64 1.1.1 6.00 33.00 39.00 OK
r-oldrel-osx-x86_64 1.1.1 OK

Check Details

Version: 1.1.1
Check: compiled code
Result: NOTE
    File ‘Rlof/libs/Rlof.so’:
     Found no calls to: ‘R_registerRoutines’, ‘R_useDynamicSymbols’
    
    It is good practice to register native routines and to disable symbol
    search.
    
    See ‘Writing portable packages’ in the ‘Writing R Extensions’ manual.
Flavors: r-devel-linux-x86_64-debian-clang, r-devel-linux-x86_64-debian-gcc, r-devel-linux-x86_64-fedora-clang, r-devel-linux-x86_64-fedora-gcc, r-patched-linux-x86_64, r-release-linux-x86_64