CRAN Package Check Results for Package Rlof

Last updated on 2018-04-27 02:55:11 CEST.

Flavor Version Tinstall Tcheck Ttotal Status Flags
r-devel-linux-x86_64-debian-clang 1.1.1 1.63 16.17 17.80 NOTE
r-devel-linux-x86_64-debian-gcc 1.1.1 1.22 14.00 15.22 NOTE
r-devel-linux-x86_64-fedora-clang 1.1.1 22.78 NOTE
r-devel-linux-x86_64-fedora-gcc 1.1.1 22.35 NOTE
r-devel-windows-ix86+x86_64 1.1.1 10.00 60.00 70.00 OK
r-patched-linux-x86_64 1.1.1 1.64 17.41 19.05 NOTE
r-patched-solaris-x86 1.1.1 35.00 OK
r-release-linux-x86_64 1.1.1 1.60 17.40 19.00 NOTE
r-release-windows-ix86+x86_64 1.1.1 10.00 60.00 70.00 OK
r-release-osx-x86_64 1.1.1 OK
r-oldrel-windows-ix86+x86_64 1.1.1 6.00 32.00 38.00 OK
r-oldrel-osx-x86_64 1.1.1 OK

Check Details

Version: 1.1.1
Check: compiled code
Result: NOTE
    File ‘Rlof/libs/Rlof.so’:
     Found no calls to: ‘R_registerRoutines’, ‘R_useDynamicSymbols’
    
    It is good practice to register native routines and to disable symbol
    search.
    
    See ‘Writing portable packages’ in the ‘Writing R Extensions’ manual.
Flavors: r-devel-linux-x86_64-debian-clang, r-devel-linux-x86_64-debian-gcc, r-devel-linux-x86_64-fedora-clang, r-devel-linux-x86_64-fedora-gcc, r-patched-linux-x86_64, r-release-linux-x86_64