CRAN Package Check Results for Package Rlof

Last updated on 2021-01-17 20:46:52 CET.

Flavor Version Tinstall Tcheck Ttotal Status Flags
r-devel-linux-x86_64-debian-clang 1.1.2 2.81 22.84 25.65 OK
r-devel-linux-x86_64-debian-gcc 1.1.2 2.28 18.47 20.75 OK
r-devel-linux-x86_64-fedora-clang 1.1.2 41.40 NOTE
r-devel-linux-x86_64-fedora-gcc 1.1.2 31.35 NOTE
r-devel-windows-ix86+x86_64 1.1.2 7.00 38.00 45.00 OK
r-patched-linux-x86_64 1.1.2 2.82 22.03 24.85 OK
r-patched-solaris-x86 1.1.2 46.00 OK
r-release-linux-x86_64 1.1.2 2.81 22.04 24.85 OK
r-release-macos-x86_64 1.1.2 OK
r-release-windows-ix86+x86_64 1.1.2 7.00 37.00 44.00 OK
r-oldrel-macos-x86_64 1.1.2 OK
r-oldrel-windows-ix86+x86_64 1.1.2 8.00 35.00 43.00 OK

Additional issues

rchk

Check Details

Version: 1.1.2
Check: compiled code
Result: NOTE
    File ‘Rlof/libs/Rlof.so’:
     Found no calls to: ‘R_registerRoutines’, ‘R_useDynamicSymbols’
    
    It is good practice to register native routines and to disable symbol
    search.
    
    See ‘Writing portable packages’ in the ‘Writing R Extensions’ manual.
Flavors: r-devel-linux-x86_64-fedora-clang, r-devel-linux-x86_64-fedora-gcc