CRAN Package Check Results for Package Rlof

Last updated on 2017-04-29 23:50:45.

Flavor Version Tinstall Tcheck Ttotal Status Flags
r-devel-linux-x86_64-debian-clang 1.1.1 1.03 11.48 12.51 NOTE
r-devel-linux-x86_64-debian-gcc 1.1.1 1.00 11.18 12.18 NOTE
r-devel-linux-x86_64-fedora-clang 1.1.1 19.99 NOTE --no-stop-on-test-error
r-devel-linux-x86_64-fedora-gcc 1.1.1 19.49 NOTE --no-stop-on-test-error
r-devel-windows-ix86+x86_64 1.1.1 9.00 33.00 42.00 OK
r-patched-linux-x86_64 1.1.1 1.07 11.15 12.23 NOTE
r-patched-solaris-sparc 1.1.1 149.90 OK
r-patched-solaris-x86 1.1.1 28.80 OK
r-release-linux-x86_64 1.1.1 1.04 11.52 12.56 NOTE
r-release-windows-ix86+x86_64 1.1.1 16.00 43.00 59.00 OK
r-release-osx-x86_64 1.1.1 OK
r-oldrel-windows-ix86+x86_64 1.1.1 10.00 40.00 50.00 OK
r-oldrel-osx-x86_64 1.1.1 OK

Check Details

Version: 1.1.1
Check: compiled code
Result: NOTE
    File ‘Rlof/libs/Rlof.so’:
     Found no calls to: ‘R_registerRoutines’, ‘R_useDynamicSymbols’
    
    It is good practice to register native routines and to disable symbol
    search.
    
    See ‘Writing portable packages’ in the ‘Writing R Extensions’ manual.
Flavors: r-devel-linux-x86_64-debian-clang, r-devel-linux-x86_64-debian-gcc, r-patched-linux-x86_64, r-release-linux-x86_64

Version: 1.1.1
Flags: --no-stop-on-test-error
Check: compiled code
Result: NOTE
    File ‘Rlof/libs/Rlof.so’:
     Found no calls to: ‘R_registerRoutines’, ‘R_useDynamicSymbols’
    
    It is good practice to register native routines and to disable symbol
    search.
    
    See ‘Writing portable packages’ in the ‘Writing R Extensions’ manual.
Flavors: r-devel-linux-x86_64-fedora-clang, r-devel-linux-x86_64-fedora-gcc