CRAN Package Check Results for Package Rlof

Last updated on 2018-01-19 05:50:11 CET.

Flavor Version Tinstall Tcheck Ttotal Status Flags
r-devel-linux-x86_64-debian-clang 1.1.1 1.33 16.86 18.19 NOTE
r-devel-linux-x86_64-debian-gcc 1.1.1 1.07 14.49 15.56 NOTE
r-devel-linux-x86_64-fedora-clang 1.1.1 22.87 NOTE
r-devel-linux-x86_64-fedora-gcc 1.1.1 23.41 NOTE
r-devel-windows-ix86+x86_64 1.1.1 9.00 36.00 45.00 OK
r-patched-linux-x86_64 1.1.1 1.33 16.43 17.76 NOTE
r-patched-solaris-x86 1.1.1 33.40 OK
r-release-linux-x86_64 1.1.1 1.38 16.30 17.68 NOTE
r-release-windows-ix86+x86_64 1.1.1 5.00 36.00 41.00 OK
r-release-osx-x86_64 1.1.1 OK
r-oldrel-windows-ix86+x86_64 1.1.1 8.00 43.00 51.00 OK
r-oldrel-osx-x86_64 1.1.1 OK

Check Details

Version: 1.1.1
Check: compiled code
Result: NOTE
    File ‘Rlof/libs/Rlof.so’:
     Found no calls to: ‘R_registerRoutines’, ‘R_useDynamicSymbols’
    
    It is good practice to register native routines and to disable symbol
    search.
    
    See ‘Writing portable packages’ in the ‘Writing R Extensions’ manual.
Flavors: r-devel-linux-x86_64-debian-clang, r-devel-linux-x86_64-debian-gcc, r-devel-linux-x86_64-fedora-clang, r-devel-linux-x86_64-fedora-gcc, r-patched-linux-x86_64, r-release-linux-x86_64