CRAN Package Check Results for Package Rmalschains

Last updated on 2016-06-24 21:47:15.

Flavor Version Tinstall Tcheck Ttotal Status Flags
r-devel-linux-x86_64-debian-gcc 0.2-2 67.88 15.04 82.92 NOTE
r-devel-linux-x86_64-fedora-clang 0.2-2 157.97 NOTE
r-devel-linux-x86_64-fedora-gcc 0.2-2 105.26 NOTE
r-devel-osx-x86_64-clang 0.2-2 104.96 NOTE
r-devel-windows-ix86+x86_64 0.2-2 253.00 50.00 303.00 NOTE
r-patched-linux-x86_64 0.2-2 45.18 14.62 59.80 NOTE
r-patched-solaris-sparc 0.2-2 592.60 NOTE
r-patched-solaris-x86 0.2-2 119.50 NOTE
r-release-linux-x86_64 0.2-2 44.38 15.02 59.40 NOTE
r-release-osx-x86_64-mavericks 0.2-2 NOTE
r-release-windows-ix86+x86_64 0.2-2 240.00 36.00 276.00 NOTE
r-oldrel-windows-ix86+x86_64 0.2-2 279.00 65.00 344.00 OK

Check Details

Version: 0.2-2
Check: installed package size
Result: NOTE
     installed size is 8.5Mb
     sub-directories of 1Mb or more:
     libs 8.3Mb
Flavors: r-devel-linux-x86_64-debian-gcc, r-devel-linux-x86_64-fedora-clang, r-devel-linux-x86_64-fedora-gcc, r-patched-linux-x86_64, r-patched-solaris-sparc, r-patched-solaris-x86, r-release-linux-x86_64, r-release-osx-x86_64-mavericks

Version: 0.2-2
Check: R code for possible problems
Result: NOTE
    malschains: no visible global function definition for ‘runif’
    Undefined global functions or variables:
     runif
    Consider adding
     importFrom("stats", "runif")
    to your NAMESPACE file.
Flavors: r-devel-linux-x86_64-debian-gcc, r-devel-linux-x86_64-fedora-clang, r-devel-linux-x86_64-fedora-gcc, r-devel-osx-x86_64-clang, r-devel-windows-ix86+x86_64, r-patched-linux-x86_64, r-patched-solaris-sparc, r-patched-solaris-x86, r-release-linux-x86_64, r-release-osx-x86_64-mavericks, r-release-windows-ix86+x86_64