CRAN Package Check Results for Package Rmalschains

Last updated on 2017-08-24 02:48:36.

Flavor Version Tinstall Tcheck Ttotal Status Flags
r-devel-linux-x86_64-debian-clang 0.2-3 53.86 15.95 69.81 NOTE
r-devel-linux-x86_64-debian-gcc 0.2-3 51.48 15.00 66.47 NOTE
r-devel-linux-x86_64-fedora-clang 0.2-3 168.08 NOTE
r-devel-linux-x86_64-fedora-gcc 0.2-3 118.05 NOTE
r-devel-windows-ix86+x86_64 0.2-3 298.00 67.00 365.00 OK
r-patched-linux-x86_64 0.2-3 50.77 15.71 66.49 NOTE
r-patched-solaris-x86 0.2-3 142.60 OK
r-release-linux-x86_64 0.2-3 50.30 15.37 65.67 NOTE
r-release-windows-ix86+x86_64 0.2-3 193.00 73.00 266.00 OK
r-release-osx-x86_64 0.2-3 NOTE
r-oldrel-windows-ix86+x86_64 0.2-3 253.00 68.00 321.00 OK
r-oldrel-osx-x86_64 0.2-3 NOTE

Check Details

Version: 0.2-3
Check: compiled code
Result: NOTE
    File ‘Rmalschains/libs/Rmalschains.so’:
     Found no calls to: ‘R_registerRoutines’, ‘R_useDynamicSymbols’
    
    It is good practice to register native routines and to disable symbol
    search.
    
    See ‘Writing portable packages’ in the ‘Writing R Extensions’ manual.
Flavors: r-devel-linux-x86_64-debian-clang, r-devel-linux-x86_64-debian-gcc, r-devel-linux-x86_64-fedora-clang, r-devel-linux-x86_64-fedora-gcc, r-patched-linux-x86_64, r-release-linux-x86_64

Version: 0.2-3
Check: installed package size
Result: NOTE
     installed size is 7.3Mb
     sub-directories of 1Mb or more:
     libs 7.1Mb
Flavors: r-devel-linux-x86_64-fedora-clang, r-devel-linux-x86_64-fedora-gcc, r-release-osx-x86_64, r-oldrel-osx-x86_64