CRAN Package Check Results for Package Rmalschains

Last updated on 2015-08-29 20:48:15.

Flavor Version Tinstall Tcheck Ttotal Status Flags
r-devel-linux-x86_64-debian-clang 0.2-2 38.94 12.80 51.74 NOTE
r-devel-linux-x86_64-debian-gcc 0.2-2 44.56 12.73 57.28 NOTE
r-devel-linux-x86_64-fedora-clang 0.2-2 142.63 NOTE
r-devel-linux-x86_64-fedora-gcc 0.2-2 104.48 NOTE
r-devel-osx-x86_64-clang 0.2-2 104.98 OK
r-devel-windows-ix86+x86_64 0.2-2 284.00 58.00 342.00 NOTE
r-patched-linux-x86_64 0.2-2 44.65 13.49 58.14 NOTE
r-patched-solaris-sparc 0.2-2 623.00 OK
r-patched-solaris-x86 0.2-2 127.20 OK
r-release-linux-x86_64 0.2-2 45.05 13.10 58.15 NOTE
r-release-osx-x86_64-mavericks 0.2-2 NOTE
r-release-windows-ix86+x86_64 0.2-2 254.00 55.00 309.00 OK
r-oldrel-windows-ix86+x86_64 0.2-2 267.00 64.00 331.00 OK

Check Details

Version: 0.2-2
Check: installed package size
Result: NOTE
     installed size is 6.0Mb
     sub-directories of 1Mb or more:
     libs 5.9Mb
Flavors: r-devel-linux-x86_64-debian-clang, r-devel-linux-x86_64-debian-gcc, r-devel-linux-x86_64-fedora-clang, r-devel-linux-x86_64-fedora-gcc, r-patched-linux-x86_64, r-release-linux-x86_64, r-release-osx-x86_64-mavericks

Version: 0.2-2
Check: R code for possible problems
Result: NOTE
    malschains: no visible global function definition for ‘runif’
    Undefined global functions or variables:
     runif
    Consider adding
     importFrom("stats", "runif")
    to your NAMESPACE.
Flavors: r-devel-linux-x86_64-debian-clang, r-devel-linux-x86_64-debian-gcc, r-devel-linux-x86_64-fedora-clang, r-devel-linux-x86_64-fedora-gcc, r-devel-windows-ix86+x86_64