CRAN Package Check Results for Package Rmalschains

Last updated on 2014-04-18 03:47:23.

Flavor Version Tinstall Tcheck Ttotal Status Flags
r-devel-linux-x86_64-debian-clang 0.2-1 41.54 19.83 61.37 NOTE
r-devel-linux-x86_64-debian-gcc NOTE
r-devel-linux-x86_64-fedora-clang 0.2-1 152.18 NOTE
r-devel-linux-x86_64-fedora-gcc 0.2-1 118.73 NOTE
r-devel-macosx-x86_64-clang 0.2-1 91.19 NOTE
r-devel-macosx-x86_64-gcc 0.2-1 NOTE
r-devel-windows-ix86+x86_64 0.2-1 187.00 71.00 258.00 NOTE
r-patched-linux-x86_64 0.2-1 43.40 20.28 63.68 NOTE
r-patched-solaris-sparc 0.2-1 749.70 NOTE
r-patched-solaris-x86 0.2-1 153.40 NOTE
r-release-linux-ix86 0.2-1 93.00 38.00 131.00 NOTE
r-release-linux-x86_64 0.2-1 43.25 20.66 63.91 NOTE
r-release-windows-ix86+x86_64 0.2-1 308.00 73.00 381.00 NOTE
r-oldrel-windows-ix86+x86_64 0.2-1 170.00 70.00 240.00 NOTE

Check Details

Version: 0.2-1
Check: installed package size
Result: NOTE
     installed size is 5.5Mb
     sub-directories of 1Mb or more:
     libs 5.3Mb
Flavors: r-devel-linux-x86_64-debian-clang, r-devel-linux-x86_64-debian-gcc, r-devel-linux-x86_64-fedora-clang, r-devel-linux-x86_64-fedora-gcc, r-devel-macosx-x86_64-gcc, r-patched-linux-x86_64, r-patched-solaris-sparc, r-patched-solaris-x86, r-release-linux-ix86, r-release-linux-x86_64

Version: 0.2-1
Check: dependencies in R code
Result: NOTE
    Package in Depends field not imported from: ‘Rcpp’
     These packages need to be imported from (in the NAMESPACE file)
     for when this namespace is loaded but not attached.
    See the information on DESCRIPTION files in the chapter ‘Creating R
    packages’ of the ‘Writing R Extensions’ manual.
Flavors: r-devel-linux-x86_64-debian-clang, r-devel-linux-x86_64-debian-gcc, r-devel-linux-x86_64-fedora-clang, r-devel-linux-x86_64-fedora-gcc, r-devel-macosx-x86_64-clang, r-devel-macosx-x86_64-gcc, r-devel-windows-ix86+x86_64, r-patched-linux-x86_64, r-patched-solaris-sparc, r-patched-solaris-x86, r-release-linux-ix86, r-release-linux-x86_64, r-release-windows-ix86+x86_64, r-oldrel-windows-ix86+x86_64