CRAN Package Check Results for Package Rmalschains

Last updated on 2020-02-26 08:52:35 CET.

Flavor Version Tinstall Tcheck Ttotal Status Flags
r-devel-linux-x86_64-debian-clang 0.2-6 121.62 26.15 147.77 OK
r-devel-linux-x86_64-debian-gcc 0.2-6 73.21 20.41 93.62 OK
r-devel-linux-x86_64-fedora-clang 0.2-6 234.82 NOTE
r-devel-linux-x86_64-fedora-gcc 0.2-6 172.50 OK
r-devel-windows-ix86+x86_64 0.2-6 258.00 73.00 331.00 OK
r-devel-windows-ix86+x86_64-gcc8 0.2-6 275.00 78.00 353.00 OK
r-patched-linux-x86_64 0.2-6 89.56 23.67 113.23 OK
r-patched-solaris-x86 0.2-6 171.20 OK
r-release-linux-x86_64 0.2-6 87.17 23.64 110.81 OK
r-release-windows-ix86+x86_64 0.2-6 240.00 72.00 312.00 OK
r-release-osx-x86_64 0.2-6 NOTE
r-oldrel-windows-ix86+x86_64 0.2-6 315.00 68.00 383.00 OK
r-oldrel-osx-x86_64 0.2-6 NOTE

Check Details

Version: 0.2-6
Check: installed package size
Result: NOTE
     installed size is 7.4Mb
     sub-directories of 1Mb or more:
     libs 7.2Mb
Flavors: r-devel-linux-x86_64-fedora-clang, r-release-osx-x86_64, r-oldrel-osx-x86_64