CRAN Package Check Results for Package Rmalschains

Last updated on 2017-06-23 15:48:29.

Flavor Version Tinstall Tcheck Ttotal Status Flags
r-devel-linux-x86_64-debian-clang 0.2-3 55.03 15.40 70.43 NOTE
r-devel-linux-x86_64-debian-gcc 0.2-3 50.50 15.23 65.73 NOTE
r-devel-linux-x86_64-fedora-clang 0.2-3 172.44 NOTE
r-devel-linux-x86_64-fedora-gcc 0.2-3 117.03 NOTE
r-devel-windows-ix86+x86_64 0.2-3 212.00 78.00 290.00 OK
r-patched-linux-x86_64 0.2-3 44.26 14.81 59.06 NOTE
r-patched-solaris-sparc 0.2-3 601.10 OK
r-patched-solaris-x86 0.2-3 124.50 OK
r-release-linux-x86_64 0.2-3 44.95 15.53 60.47 NOTE
r-release-windows-ix86+x86_64 0.2-3 203.00 94.00 297.00 OK
r-release-osx-x86_64 0.2-3 NOTE
r-oldrel-windows-ix86+x86_64 0.2-3 279.00 84.00 363.00 OK
r-oldrel-osx-x86_64 0.2-3 NOTE

Check Details

Version: 0.2-3
Check: compiled code
Result: NOTE
    File ‘Rmalschains/libs/Rmalschains.so’:
     Found no calls to: ‘R_registerRoutines’, ‘R_useDynamicSymbols’
    
    It is good practice to register native routines and to disable symbol
    search.
    
    See ‘Writing portable packages’ in the ‘Writing R Extensions’ manual.
Flavors: r-devel-linux-x86_64-debian-clang, r-devel-linux-x86_64-debian-gcc, r-devel-linux-x86_64-fedora-clang, r-devel-linux-x86_64-fedora-gcc, r-patched-linux-x86_64, r-release-linux-x86_64

Version: 0.2-3
Check: installed package size
Result: NOTE
     installed size is 7.2Mb
     sub-directories of 1Mb or more:
     libs 7.0Mb
Flavors: r-devel-linux-x86_64-fedora-clang, r-devel-linux-x86_64-fedora-gcc, r-release-osx-x86_64, r-oldrel-osx-x86_64