CRAN Package Check Results for Package Rmalschains

Last updated on 2016-07-23 19:47:58.

Flavor Version Tinstall Tcheck Ttotal Status Flags
r-devel-linux-x86_64-debian-clang 0.2-2 72.72 16.00 88.72 NOTE
r-devel-linux-x86_64-debian-gcc 0.2-2 73.48 15.65 89.13 NOTE
r-devel-linux-x86_64-fedora-clang 0.2-2 160.56 NOTE
r-devel-linux-x86_64-fedora-gcc 0.2-2 107.20 NOTE
r-devel-osx-x86_64-clang 0.2-2 105.46 NOTE
r-devel-windows-ix86+x86_64 0.2-2 230.00 48.00 278.00 NOTE
r-patched-linux-x86_64 0.2-2 50.57 16.07 66.63 NOTE
r-patched-solaris-sparc 0.2-2 592.60 NOTE
r-patched-solaris-x86 0.2-2 118.70 NOTE
r-release-linux-x86_64 0.2-2 51.27 15.75 67.02 NOTE
r-release-osx-x86_64-mavericks 0.2-2 NOTE
r-release-windows-ix86+x86_64 0.2-2 171.00 57.00 228.00 NOTE
r-oldrel-windows-ix86+x86_64 0.2-2 237.00 51.00 288.00 OK

Check Details

Version: 0.2-2
Check: installed package size
Result: NOTE
     installed size is 6.8Mb
     sub-directories of 1Mb or more:
     libs 6.7Mb
Flavors: r-devel-linux-x86_64-debian-clang, r-devel-linux-x86_64-debian-gcc, r-devel-linux-x86_64-fedora-clang, r-devel-linux-x86_64-fedora-gcc, r-patched-linux-x86_64, r-patched-solaris-sparc, r-release-linux-x86_64, r-release-osx-x86_64-mavericks

Version: 0.2-2
Check: R code for possible problems
Result: NOTE
    malschains: no visible global function definition for ‘runif’
    Undefined global functions or variables:
     runif
    Consider adding
     importFrom("stats", "runif")
    to your NAMESPACE file.
Flavors: r-devel-linux-x86_64-debian-clang, r-devel-linux-x86_64-debian-gcc, r-devel-linux-x86_64-fedora-clang, r-devel-linux-x86_64-fedora-gcc, r-devel-osx-x86_64-clang, r-devel-windows-ix86+x86_64, r-patched-linux-x86_64, r-patched-solaris-sparc, r-patched-solaris-x86, r-release-linux-x86_64, r-release-osx-x86_64-mavericks, r-release-windows-ix86+x86_64