CRAN Package Check Results for Package Rmalschains

Last updated on 2016-02-07 07:46:56.

Flavor Version Tinstall Tcheck Ttotal Status Flags
r-devel-linux-x86_64-debian-gcc 0.2-2 43.38 12.47 55.85 NOTE
r-devel-linux-x86_64-fedora-clang 0.2-2 148.48 NOTE
r-devel-linux-x86_64-fedora-gcc 0.2-2 105.65 NOTE
r-devel-osx-x86_64-clang 0.2-2 129.17 NOTE
r-devel-windows-ix86+x86_64 0.2-2 287.00 68.00 355.00 NOTE
r-patched-linux-x86_64 0.2-2 44.26 13.34 57.60 NOTE
r-patched-solaris-sparc 0.2-2 604.60 OK
r-patched-solaris-x86 0.2-2 119.70 OK
r-release-linux-x86_64 0.2-2 43.29 13.32 56.62 NOTE
r-release-osx-x86_64-mavericks 0.2-2 NOTE
r-release-windows-ix86+x86_64 0.2-2 192.00 67.00 259.00 OK
r-oldrel-windows-ix86+x86_64 0.2-2 250.00 56.00 306.00 OK

Check Details

Version: 0.2-2
Check: installed package size
Result: NOTE
     installed size is 7.8Mb
     sub-directories of 1Mb or more:
     libs 7.6Mb
Flavors: r-devel-linux-x86_64-debian-gcc, r-devel-linux-x86_64-fedora-clang, r-devel-linux-x86_64-fedora-gcc, r-patched-linux-x86_64, r-release-linux-x86_64, r-release-osx-x86_64-mavericks

Version: 0.2-2
Check: R code for possible problems
Result: NOTE
    malschains: no visible global function definition for ‘runif’
    Undefined global functions or variables:
     runif
    Consider adding
     importFrom("stats", "runif")
    to your NAMESPACE file.
Flavors: r-devel-linux-x86_64-debian-gcc, r-devel-linux-x86_64-fedora-clang, r-devel-linux-x86_64-fedora-gcc, r-devel-osx-x86_64-clang, r-devel-windows-ix86+x86_64