CRAN Package Check Results for Package Rmalschains

Last updated on 2017-05-22 18:52:08.

Flavor Version Tinstall Tcheck Ttotal Status Flags
r-devel-linux-x86_64-debian-clang 0.2-3 53.28 15.55 68.83 NOTE
r-devel-linux-x86_64-debian-gcc 0.2-3 49.69 14.99 64.67 NOTE
r-devel-linux-x86_64-fedora-clang 0.2-3 171.25 NOTE --no-stop-on-test-error
r-devel-linux-x86_64-fedora-gcc 0.2-3 119.90 NOTE --no-stop-on-test-error
r-devel-windows-ix86+x86_64 0.2-3 329.00 82.00 411.00 OK
r-patched-linux-x86_64 0.2-3 43.15 15.14 58.29 NOTE
r-patched-solaris-sparc 0.2-3 601.10 OK
r-patched-solaris-x86 0.2-3 122.60 OK --no-stop-on-test-error
r-release-linux-x86_64 0.2-3 43.43 14.98 58.41 NOTE
r-release-windows-ix86+x86_64 0.2-3 204.00 81.00 285.00 OK
r-release-osx-x86_64 0.2-3 NOTE
r-oldrel-windows-ix86+x86_64 0.2-3 256.00 76.00 332.00 OK
r-oldrel-osx-x86_64 0.2-3 NOTE

Check Details

Version: 0.2-3
Check: compiled code
Result: NOTE
    File ‘Rmalschains/libs/Rmalschains.so’:
     Found no calls to: ‘R_registerRoutines’, ‘R_useDynamicSymbols’
    
    It is good practice to register native routines and to disable symbol
    search.
    
    See ‘Writing portable packages’ in the ‘Writing R Extensions’ manual.
Flavors: r-devel-linux-x86_64-debian-clang, r-devel-linux-x86_64-debian-gcc, r-patched-linux-x86_64, r-release-linux-x86_64

Version: 0.2-3
Flags: --no-stop-on-test-error
Check: installed package size
Result: NOTE
     installed size is 7.2Mb
     sub-directories of 1Mb or more:
     libs 7.0Mb
Flavors: r-devel-linux-x86_64-fedora-clang, r-devel-linux-x86_64-fedora-gcc

Version: 0.2-3
Flags: --no-stop-on-test-error
Check: compiled code
Result: NOTE
    File ‘Rmalschains/libs/Rmalschains.so’:
     Found no calls to: ‘R_registerRoutines’, ‘R_useDynamicSymbols’
    
    It is good practice to register native routines and to disable symbol
    search.
    
    See ‘Writing portable packages’ in the ‘Writing R Extensions’ manual.
Flavors: r-devel-linux-x86_64-fedora-clang, r-devel-linux-x86_64-fedora-gcc

Version: 0.2-3
Check: installed package size
Result: NOTE
     installed size is 6.6Mb
     sub-directories of 1Mb or more:
     libs 6.5Mb
Flavors: r-release-osx-x86_64, r-oldrel-osx-x86_64