CRAN Package Check Results for Package Rmalschains

Last updated on 2015-07-31 06:47:11.

Flavor Version Tinstall Tcheck Ttotal Status Flags
r-devel-linux-x86_64-debian-clang 0.2-2 38.49 13.58 52.07 NOTE
r-devel-linux-x86_64-debian-gcc 0.2-2 63.09 14.00 77.09 NOTE
r-devel-linux-x86_64-fedora-clang 0.2-2 144.50 NOTE
r-devel-linux-x86_64-fedora-gcc 0.2-2 106.35 NOTE
r-devel-osx-x86_64-clang 0.2-2 106.89 OK
r-devel-windows-ix86+x86_64 0.2-2 273.00 64.00 337.00 NOTE
r-patched-linux-x86_64 0.2-2 44.90 13.58 58.49 NOTE
r-patched-solaris-sparc 0.2-2 623.00 OK
r-patched-solaris-x86 0.2-2 127.50 OK
r-release-linux-x86_64 0.2-2 44.72 13.79 58.51 NOTE
r-release-osx-x86_64-mavericks 0.2-2 NOTE
r-release-windows-ix86+x86_64 0.2-2 262.00 66.00 328.00 OK
r-oldrel-windows-ix86+x86_64 0.2-2 263.00 51.00 314.00 OK

Check Details

Version: 0.2-2
Check: installed package size
Result: NOTE
     installed size is 6.0Mb
     sub-directories of 1Mb or more:
     libs 5.9Mb
Flavors: r-devel-linux-x86_64-debian-clang, r-devel-linux-x86_64-debian-gcc, r-devel-linux-x86_64-fedora-clang, r-devel-linux-x86_64-fedora-gcc, r-patched-linux-x86_64, r-release-linux-x86_64, r-release-osx-x86_64-mavericks

Version: 0.2-2
Check: R code for possible problems
Result: NOTE
    malschains: no visible global function definition for ‘runif’
    Undefined global functions or variables:
     runif
    Consider adding
     importFrom("stats", "runif")
    to your NAMESPACE.
Flavors: r-devel-linux-x86_64-debian-clang, r-devel-linux-x86_64-debian-gcc, r-devel-linux-x86_64-fedora-clang, r-devel-linux-x86_64-fedora-gcc, r-devel-windows-ix86+x86_64