CRAN Package Check Results for Package Rmalschains

Last updated on 2014-08-22 00:46:55.

Flavor Version Tinstall Tcheck Ttotal Status Flags
r-devel-linux-x86_64-debian-clang 0.2-2 32.86 15.19 48.06 NOTE
r-devel-linux-x86_64-debian-gcc 0.2-2 45.62 14.86 60.48 NOTE
r-devel-linux-x86_64-fedora-clang 0.2-2 134.35 NOTE
r-devel-linux-x86_64-fedora-gcc 0.2-2 106.94 NOTE
r-devel-osx-x86_64-clang 0.2-2 114.93 OK
r-devel-windows-ix86+x86_64 0.2-2 192.00 48.00 240.00 OK
r-patched-linux-x86_64 0.2-2 44.72 15.56 60.28 NOTE
r-patched-solaris-sparc 0.2-2 734.60 NOTE
r-patched-solaris-x86 0.2-2 149.60 NOTE
r-release-linux-ix86 0.2-2 60.88 24.26 85.14 NOTE
r-release-linux-x86_64 0.2-2 44.73 15.66 60.39 NOTE
r-release-osx-x86_64-mavericks 0.2-2 NOTE
r-release-osx-x86_64-snowleopard 0.2-2 NOTE
r-release-windows-ix86+x86_64 0.2-2 249.00 48.00 297.00 OK
r-oldrel-windows-ix86+x86_64 0.2-2 173.00 59.00 232.00 OK

Check Details

Version: 0.2-2
Check: installed package size
Result: NOTE
     installed size is 5.4Mb
     sub-directories of 1Mb or more:
     libs 5.3Mb
Flavors: r-devel-linux-x86_64-debian-clang, r-devel-linux-x86_64-debian-gcc, r-devel-linux-x86_64-fedora-clang, r-devel-linux-x86_64-fedora-gcc, r-patched-linux-x86_64, r-patched-solaris-sparc, r-patched-solaris-x86, r-release-linux-ix86, r-release-linux-x86_64, r-release-osx-x86_64-mavericks, r-release-osx-x86_64-snowleopard