CRAN Package Check Results for Package Rmalschains

Last updated on 2015-01-28 03:49:22.

Flavor Version Tinstall Tcheck Ttotal Status Flags
r-devel-linux-x86_64-debian-clang 0.2-2 35.96 14.72 50.68 NOTE
r-devel-linux-x86_64-debian-gcc 0.2-2 44.48 14.07 58.55 NOTE
r-devel-linux-x86_64-fedora-clang 0.2-2 145.53 NOTE
r-devel-linux-x86_64-fedora-gcc 0.2-2 110.24 NOTE
r-devel-osx-x86_64-clang 0.2-2 101.00 OK
r-devel-windows-ix86+x86_64 0.2-2 228.00 52.00 280.00 OK
r-patched-linux-x86_64 0.2-2 44.70 15.34 60.04 NOTE
r-patched-solaris-sparc 0.2-2 753.10 NOTE
r-patched-solaris-x86 0.2-2 153.00 NOTE
r-release-linux-ix86 0.2-2 58.36 21.55 79.92 NOTE
r-release-linux-x86_64 0.2-2 44.74 15.15 59.89 NOTE
r-release-osx-x86_64-mavericks 0.2-2 NOTE
r-release-osx-x86_64-snowleopard 0.2-2 NOTE
r-release-windows-ix86+x86_64 0.2-2 183.00 61.00 244.00 OK
r-oldrel-windows-ix86+x86_64 0.2-2 184.00 60.00 244.00 OK

Check Details

Version: 0.2-2
Check: installed package size
Result: NOTE
     installed size is 6.2Mb
     sub-directories of 1Mb or more:
     libs 6.1Mb
Flavors: r-devel-linux-x86_64-debian-clang, r-devel-linux-x86_64-debian-gcc, r-devel-linux-x86_64-fedora-clang, r-devel-linux-x86_64-fedora-gcc, r-patched-linux-x86_64, r-patched-solaris-sparc, r-patched-solaris-x86, r-release-linux-ix86, r-release-linux-x86_64, r-release-osx-x86_64-mavericks, r-release-osx-x86_64-snowleopard