CRAN Package Check Results for Package Rmalschains

Last updated on 2017-02-20 03:49:14.

Flavor Version Tinstall Tcheck Ttotal Status Flags
r-devel-linux-x86_64-debian-clang 0.2-3 50.51 14.86 65.37 NOTE
r-devel-linux-x86_64-debian-gcc 0.2-3 49.05 14.78 63.83 NOTE
r-devel-linux-x86_64-fedora-clang 0.2-3 160.35 NOTE --no-stop-on-test-error
r-devel-linux-x86_64-fedora-gcc 0.2-3 115.63 NOTE --no-stop-on-test-error
r-devel-macos-x86_64-clang 0.2-3 109.76 NOTE --no-stop-on-test-error
r-devel-windows-ix86+x86_64 0.2-3 196.00 74.00 270.00 OK
r-patched-linux-x86_64 0.2-3 43.66 12.97 56.63 OK
r-patched-solaris-sparc 0.2-3 585.00 OK
r-patched-solaris-x86 0.2-3 132.60 OK
r-release-linux-x86_64 0.2-3 42.97 13.14 56.11 OK
r-release-osx-x86_64-mavericks 0.2-3 NOTE
r-release-windows-ix86+x86_64 0.2-3 173.00 56.00 229.00 OK
r-oldrel-windows-ix86+x86_64 0.2-3 293.00 76.00 369.00 OK

Check Details

Version: 0.2-3
Check: compiled code
Result: NOTE
    File ‘Rmalschains/libs/Rmalschains.so’:
     Found no calls to: ‘R_registerRoutines’, ‘R_useDynamicSymbols’
    
    It is good practice to register native routines and to disable symbol
    search.
    
    See ‘Writing portable packages’ in the ‘Writing R Extensions’ manual.
Flavors: r-devel-linux-x86_64-debian-clang, r-devel-linux-x86_64-debian-gcc

Version: 0.2-3
Flags: --no-stop-on-test-error
Check: installed package size
Result: NOTE
     installed size is 6.9Mb
     sub-directories of 1Mb or more:
     libs 6.7Mb
Flavors: r-devel-linux-x86_64-fedora-clang, r-devel-linux-x86_64-fedora-gcc

Version: 0.2-3
Flags: --no-stop-on-test-error
Check: compiled code
Result: NOTE
    File ‘Rmalschains/libs/Rmalschains.so’:
     Found no calls to: ‘R_registerRoutines’, ‘R_useDynamicSymbols’
    
    It is good practice to register native routines and to disable symbol
    search.
    
    See ‘Writing portable packages’ in the ‘Writing R Extensions’ manual.
Flavors: r-devel-linux-x86_64-fedora-clang, r-devel-linux-x86_64-fedora-gcc, r-devel-macos-x86_64-clang

Version: 0.2-3
Check: installed package size
Result: NOTE
     installed size is 9.3Mb
     sub-directories of 1Mb or more:
     libs 9.2Mb
Flavor: r-release-osx-x86_64-mavericks