CRAN Package Check Results for Package Rmalschains

Last updated on 2016-08-29 14:47:49.

Flavor Version Tinstall Tcheck Ttotal Status Flags
r-devel-linux-x86_64-debian-clang 0.2-2 50.48 14.71 65.20 NOTE
r-devel-linux-x86_64-debian-gcc 0.2-2 49.70 13.35 63.05 NOTE
r-devel-linux-x86_64-fedora-clang 0.2-2 160.89 NOTE
r-devel-linux-x86_64-fedora-gcc 0.2-2 108.37 NOTE
r-devel-osx-x86_64-clang 0.2-2 105.42 NOTE
r-devel-windows-ix86+x86_64 0.2-2 268.00 36.00 304.00 NOTE
r-patched-linux-x86_64 0.2-2 43.02 13.50 56.52 NOTE
r-patched-solaris-sparc 0.2-2 581.10 NOTE
r-patched-solaris-x86 0.2-2 120.40 NOTE
r-release-linux-x86_64 0.2-2 42.99 13.27 56.25 NOTE
r-release-osx-x86_64-mavericks 0.2-2 NOTE
r-release-windows-ix86+x86_64 0.2-2 393.00 52.00 445.00 NOTE
r-oldrel-windows-ix86+x86_64 0.2-2 265.00 66.00 331.00 OK

Check Details

Version: 0.2-2
Check: installed package size
Result: NOTE
     installed size is 6.3Mb
     sub-directories of 1Mb or more:
     libs 6.1Mb
Flavors: r-devel-linux-x86_64-debian-clang, r-devel-linux-x86_64-debian-gcc, r-devel-linux-x86_64-fedora-clang, r-devel-linux-x86_64-fedora-gcc, r-patched-linux-x86_64, r-release-linux-x86_64, r-release-osx-x86_64-mavericks

Version: 0.2-2
Check: R code for possible problems
Result: NOTE
    malschains: no visible global function definition for ‘runif’
    Undefined global functions or variables:
     runif
    Consider adding
     importFrom("stats", "runif")
    to your NAMESPACE file.
Flavors: r-devel-linux-x86_64-debian-clang, r-devel-linux-x86_64-debian-gcc, r-devel-linux-x86_64-fedora-clang, r-devel-linux-x86_64-fedora-gcc, r-devel-osx-x86_64-clang, r-devel-windows-ix86+x86_64, r-patched-linux-x86_64, r-patched-solaris-sparc, r-patched-solaris-x86, r-release-linux-x86_64, r-release-osx-x86_64-mavericks, r-release-windows-ix86+x86_64