CRAN Package Check Results for Package Rmalschains

Last updated on 2016-05-28 11:49:26.

Flavor Version Tinstall Tcheck Ttotal Status Flags
r-devel-linux-x86_64-debian-gcc 0.2-2 65.96 14.15 80.11 NOTE
r-devel-linux-x86_64-fedora-clang 0.2-2 154.06 NOTE
r-devel-linux-x86_64-fedora-gcc 0.2-2 106.11 NOTE
r-devel-osx-x86_64-clang 0.2-2 141.51 NOTE
r-devel-windows-ix86+x86_64 0.2-2 187.00 36.00 223.00 NOTE
r-patched-linux-x86_64 0.2-2 44.22 14.49 58.70 NOTE
r-patched-solaris-sparc 0.2-2 594.20 NOTE
r-patched-solaris-x86 0.2-2 118.50 NOTE
r-release-linux-x86_64 0.2-2 44.36 14.38 58.74 NOTE
r-release-osx-x86_64-mavericks 0.2-2 NOTE
r-release-windows-ix86+x86_64 0.2-2 239.00 37.00 276.00 NOTE
r-oldrel-windows-ix86+x86_64 0.2-2 185.00 68.00 253.00 OK

Check Details

Version: 0.2-2
Check: installed package size
Result: NOTE
     installed size is 8.5Mb
     sub-directories of 1Mb or more:
     libs 8.3Mb
Flavors: r-devel-linux-x86_64-debian-gcc, r-devel-linux-x86_64-fedora-clang, r-devel-linux-x86_64-fedora-gcc, r-patched-linux-x86_64, r-release-linux-x86_64, r-release-osx-x86_64-mavericks

Version: 0.2-2
Check: R code for possible problems
Result: NOTE
    malschains: no visible global function definition for ‘runif’
    Undefined global functions or variables:
     runif
    Consider adding
     importFrom("stats", "runif")
    to your NAMESPACE file.
Flavors: r-devel-linux-x86_64-debian-gcc, r-devel-linux-x86_64-fedora-clang, r-devel-linux-x86_64-fedora-gcc, r-devel-osx-x86_64-clang, r-devel-windows-ix86+x86_64, r-patched-linux-x86_64, r-patched-solaris-sparc, r-patched-solaris-x86, r-release-linux-x86_64, r-release-osx-x86_64-mavericks, r-release-windows-ix86+x86_64