CRAN Package Check Results for Package Rmalschains

Last updated on 2014-11-26 11:48:45.

Flavor Version Tinstall Tcheck Ttotal Status Flags
r-devel-linux-x86_64-debian-clang 0.2-2 35.89 15.33 51.22 NOTE
r-devel-linux-x86_64-debian-gcc 0.2-2 44.84 15.05 59.89 NOTE
r-devel-linux-x86_64-fedora-clang 0.2-2 149.94 NOTE
r-devel-linux-x86_64-fedora-gcc 0.2-2 110.81 NOTE
r-devel-osx-x86_64-clang 0.2-2 73.89 OK
r-devel-windows-ix86+x86_64 0.2-2 196.00 48.00 244.00 OK
r-patched-linux-x86_64 0.2-2 44.58 15.86 60.44 NOTE
r-patched-solaris-sparc 0.2-2 734.60 NOTE
r-patched-solaris-x86 0.2-2 151.50 NOTE
r-release-linux-ix86 0.2-2 58.38 21.68 80.06 NOTE
r-release-linux-x86_64 0.2-2 44.58 15.39 59.97 NOTE
r-release-osx-x86_64-mavericks 0.2-2 NOTE
r-release-osx-x86_64-snowleopard 0.2-2 NOTE
r-release-windows-ix86+x86_64 0.2-2 202.00 48.00 250.00 OK
r-oldrel-windows-ix86+x86_64 0.2-2 181.00 61.00 242.00 OK

Check Details

Version: 0.2-2
Check: installed package size
Result: NOTE
     installed size is 6.2Mb
     sub-directories of 1Mb or more:
     libs 6.1Mb
Flavors: r-devel-linux-x86_64-debian-clang, r-devel-linux-x86_64-debian-gcc, r-devel-linux-x86_64-fedora-clang, r-devel-linux-x86_64-fedora-gcc, r-patched-linux-x86_64, r-patched-solaris-sparc, r-patched-solaris-x86, r-release-linux-ix86, r-release-linux-x86_64, r-release-osx-x86_64-mavericks, r-release-osx-x86_64-snowleopard