CRAN Package Check Results for Package Rmalschains

Last updated on 2014-10-23 09:52:55.

Flavor Version Tinstall Tcheck Ttotal Status Flags
r-devel-linux-x86_64-debian-clang 0.2-2 36.74 15.13 51.88 NOTE
r-devel-linux-x86_64-debian-gcc 0.2-2 44.28 15.08 59.36 NOTE
r-devel-linux-x86_64-fedora-clang 0.2-2 145.92 NOTE
r-devel-linux-x86_64-fedora-gcc 0.2-2 108.52 NOTE
r-devel-osx-x86_64-clang 0.2-2 101.32 OK
r-devel-windows-ix86+x86_64 0.2-2 198.00 46.00 244.00 OK
r-patched-linux-x86_64 0.2-2 45.31 16.42 61.73 NOTE
r-patched-solaris-sparc 0.2-2 734.60 NOTE
r-patched-solaris-x86 0.2-2 152.70 NOTE
r-release-linux-ix86 0.2-2 62.76 22.59 85.34 NOTE
r-release-linux-x86_64 0.2-2 44.78 16.30 61.08 NOTE
r-release-osx-x86_64-mavericks 0.2-2 NOTE
r-release-osx-x86_64-snowleopard 0.2-2 NOTE
r-release-windows-ix86+x86_64 0.2-2 182.00 54.00 236.00 OK
r-oldrel-windows-ix86+x86_64 0.2-2 181.00 61.00 242.00 OK

Check Details

Version: 0.2-2
Check: installed package size
Result: NOTE
     installed size is 6.2Mb
     sub-directories of 1Mb or more:
     libs 6.1Mb
Flavors: r-devel-linux-x86_64-debian-clang, r-devel-linux-x86_64-debian-gcc, r-devel-linux-x86_64-fedora-clang, r-devel-linux-x86_64-fedora-gcc, r-patched-linux-x86_64, r-patched-solaris-sparc, r-patched-solaris-x86, r-release-linux-ix86, r-release-linux-x86_64, r-release-osx-x86_64-mavericks, r-release-osx-x86_64-snowleopard