CRAN Package Check Results for Package Rmalschains

Last updated on 2015-03-29 19:48:51.

Flavor Version Tinstall Tcheck Ttotal Status Flags
r-devel-linux-x86_64-debian-clang 0.2-2 38.50 13.38 51.88 NOTE
r-devel-linux-x86_64-debian-gcc 0.2-2 44.89 13.24 58.13 NOTE
r-devel-linux-x86_64-fedora-clang 0.2-2 147.69 NOTE
r-devel-linux-x86_64-fedora-gcc 0.2-2 106.92 NOTE
r-devel-osx-x86_64-clang 0.2-2 103.18 OK
r-prerel-windows-ix86+x86_64 0.2-2 265.00 49.00 314.00 OK
r-prerel-linux-x86_64 0.2-2 45.30 13.24 58.54 NOTE
r-prerel-solaris-sparc 0.2-2 727.00 NOTE
r-prerel-solaris-x86 0.2-2 145.80 NOTE
r-release-linux-x86_64 0.2-2 44.67 15.51 60.18 NOTE
r-release-osx-x86_64-mavericks 0.2-2 NOTE
r-release-osx-x86_64-snowleopard 0.2-2 NOTE
r-release-windows-ix86+x86_64 0.2-2 267.00 53.00 320.00 OK
r-oldrel-windows-ix86+x86_64 0.2-2 232.00 64.00 296.00 OK

Check Details

Version: 0.2-2
Check: installed package size
Result: NOTE
     installed size is 6.0Mb
     sub-directories of 1Mb or more:
     libs 5.9Mb
Flavors: r-devel-linux-x86_64-debian-clang, r-devel-linux-x86_64-debian-gcc, r-devel-linux-x86_64-fedora-clang, r-devel-linux-x86_64-fedora-gcc, r-prerel-linux-x86_64, r-prerel-solaris-sparc, r-prerel-solaris-x86, r-release-linux-x86_64, r-release-osx-x86_64-mavericks, r-release-osx-x86_64-snowleopard