CRAN Package Check Results for Package Rmalschains

Last updated on 2016-09-26 21:51:47.

Flavor Version Tinstall Tcheck Ttotal Status Flags
r-devel-linux-x86_64-debian-clang 0.2-2 50.19 13.76 63.95 NOTE
r-devel-linux-x86_64-debian-gcc 0.2-2 51.18 14.00 65.18 NOTE
r-devel-linux-x86_64-fedora-clang 0.2-2 157.42 NOTE
r-devel-linux-x86_64-fedora-gcc 0.2-2 112.16 NOTE
r-devel-macos-x86_64-clang 0.2-2 106.77 NOTE
r-devel-windows-ix86+x86_64 0.2-2 285.00 48.00 333.00 NOTE
r-patched-linux-x86_64 0.2-2 43.26 13.45 56.71 NOTE
r-patched-solaris-sparc 0.2-2 581.10 NOTE
r-patched-solaris-x86 0.2-2 119.40 NOTE
r-release-linux-x86_64 0.2-2 45.07 13.76 58.84 NOTE
r-release-osx-x86_64-mavericks 0.2-2 NOTE
r-release-windows-ix86+x86_64 0.2-2 264.00 48.00 312.00 NOTE
r-oldrel-windows-ix86+x86_64 0.2-2 383.00 66.00 449.00 OK

Check Details

Version: 0.2-2
Check: installed package size
Result: NOTE
     installed size is 6.3Mb
     sub-directories of 1Mb or more:
     libs 6.1Mb
Flavors: r-devel-linux-x86_64-debian-clang, r-devel-linux-x86_64-debian-gcc, r-devel-linux-x86_64-fedora-clang, r-devel-linux-x86_64-fedora-gcc, r-patched-linux-x86_64, r-release-linux-x86_64, r-release-osx-x86_64-mavericks

Version: 0.2-2
Check: R code for possible problems
Result: NOTE
    malschains: no visible global function definition for ‘runif’
    Undefined global functions or variables:
     runif
    Consider adding
     importFrom("stats", "runif")
    to your NAMESPACE file.
Flavors: r-devel-linux-x86_64-debian-clang, r-devel-linux-x86_64-debian-gcc, r-devel-linux-x86_64-fedora-clang, r-devel-linux-x86_64-fedora-gcc, r-devel-macos-x86_64-clang, r-devel-windows-ix86+x86_64, r-patched-linux-x86_64, r-patched-solaris-sparc, r-patched-solaris-x86, r-release-linux-x86_64, r-release-osx-x86_64-mavericks, r-release-windows-ix86+x86_64