CRAN Package Check Results for Package Rmalschains

Last updated on 2016-12-06 20:48:46.

Flavor Version Tinstall Tcheck Ttotal Status Flags
r-devel-linux-x86_64-debian-clang 0.2-3 50.32 15.30 65.61 OK
r-devel-linux-x86_64-debian-gcc 0.2-3 48.83 15.31 64.14 OK
r-devel-linux-x86_64-fedora-clang 0.2-3 165.76 NOTE --no-stop-on-test-error
r-devel-linux-x86_64-fedora-gcc 0.2-3 120.02 NOTE --no-stop-on-test-error
r-devel-macos-x86_64-clang 0.2-3 110.04 OK
r-devel-windows-ix86+x86_64 0.2-3 181.00 43.00 224.00 OK
r-patched-linux-x86_64 0.2-3 42.96 13.81 56.77 OK
r-patched-solaris-sparc 0.2-3 523.90 OK
r-patched-solaris-x86 0.2-3 119.90 OK
r-release-linux-x86_64 0.2-3 42.72 13.90 56.62 OK
r-release-osx-x86_64-mavericks 0.2-3 NOTE
r-release-windows-ix86+x86_64 0.2-3 169.00 55.00 224.00 OK
r-oldrel-windows-ix86+x86_64 0.2-3 259.00 61.00 320.00 OK

Check Details

Version: 0.2-3
Flags: --no-stop-on-test-error
Check: installed package size
Result: NOTE
     installed size is 6.9Mb
     sub-directories of 1Mb or more:
     libs 6.7Mb
Flavors: r-devel-linux-x86_64-fedora-clang, r-devel-linux-x86_64-fedora-gcc

Version: 0.2-3
Check: installed package size
Result: NOTE
     installed size is 9.3Mb
     sub-directories of 1Mb or more:
     libs 9.2Mb
Flavor: r-release-osx-x86_64-mavericks