CRAN Package Check Results for Package Rmalschains

Last updated on 2017-01-24 21:48:04.

Flavor Version Tinstall Tcheck Ttotal Status Flags
r-devel-linux-x86_64-debian-clang 0.2-3 50.40 14.89 65.30 OK
r-devel-linux-x86_64-debian-gcc 0.2-3 49.16 14.67 63.83 OK
r-devel-linux-x86_64-fedora-clang 0.2-3 168.23 NOTE --no-stop-on-test-error
r-devel-linux-x86_64-fedora-gcc 0.2-3 117.86 NOTE --no-stop-on-test-error
r-devel-macos-x86_64-clang 0.2-3 108.87 OK --no-stop-on-test-error
r-devel-windows-ix86+x86_64 0.2-3 191.00 58.00 249.00 OK
r-patched-linux-x86_64 0.2-3 42.92 13.34 56.26 OK
r-patched-solaris-sparc 0.2-3 585.00 OK
r-patched-solaris-x86 0.2-3 127.20 OK
r-release-linux-x86_64 0.2-3 43.15 13.00 56.15 OK
r-release-osx-x86_64-mavericks 0.2-3 NOTE
r-release-windows-ix86+x86_64 0.2-3 281.00 45.00 326.00 OK
r-oldrel-windows-ix86+x86_64 0.2-3 396.00 75.00 471.00 OK

Check Details

Version: 0.2-3
Flags: --no-stop-on-test-error
Check: installed package size
Result: NOTE
     installed size is 6.9Mb
     sub-directories of 1Mb or more:
     libs 6.7Mb
Flavors: r-devel-linux-x86_64-fedora-clang, r-devel-linux-x86_64-fedora-gcc

Version: 0.2-3
Check: installed package size
Result: NOTE
     installed size is 9.3Mb
     sub-directories of 1Mb or more:
     libs 9.2Mb
Flavor: r-release-osx-x86_64-mavericks