CRAN Package Check Results for Package Rmalschains

Last updated on 2018-04-25 09:50:17 CEST.

Flavor Version Tinstall Tcheck Ttotal Status Flags
r-devel-linux-x86_64-debian-clang 0.2-3 95.14 23.33 118.47 NOTE
r-devel-linux-x86_64-debian-gcc 0.2-3 73.93 18.54 92.47 WARN
r-devel-linux-x86_64-fedora-clang 0.2-3 178.25 NOTE
r-devel-linux-x86_64-fedora-gcc 0.2-3 121.31 NOTE
r-devel-windows-ix86+x86_64 0.2-3 277.00 67.00 344.00 OK
r-patched-linux-x86_64 0.2-3 96.89 22.98 119.87 WARN
r-patched-solaris-x86 0.2-3 148.90 OK
r-release-linux-x86_64 0.2-3 94.99 22.68 117.67 WARN
r-release-windows-ix86+x86_64 0.2-3 277.00 67.00 344.00 OK
r-release-osx-x86_64 0.2-3 NOTE
r-oldrel-windows-ix86+x86_64 0.2-3 212.00 76.00 288.00 OK
r-oldrel-osx-x86_64 0.2-3 NOTE

Check Details

Version: 0.2-3
Check: compiled code
Result: NOTE
    File ‘Rmalschains/libs/Rmalschains.so’:
     Found no calls to: ‘R_registerRoutines’, ‘R_useDynamicSymbols’
    
    It is good practice to register native routines and to disable symbol
    search.
    
    See ‘Writing portable packages’ in the ‘Writing R Extensions’ manual.
Flavors: r-devel-linux-x86_64-debian-clang, r-devel-linux-x86_64-debian-gcc, r-devel-linux-x86_64-fedora-clang, r-devel-linux-x86_64-fedora-gcc, r-patched-linux-x86_64, r-release-linux-x86_64

Version: 0.2-3
Check: whether package can be installed
Result: WARN
    Found the following significant warnings:
     newmat5.cpp:494:69: warning: throw will always call terminate() [-Wterminate]
Flavors: r-devel-linux-x86_64-debian-gcc, r-patched-linux-x86_64, r-release-linux-x86_64

Version: 0.2-3
Check: installed package size
Result: NOTE
     installed size is 7.5Mb
     sub-directories of 1Mb or more:
     libs 7.3Mb
Flavors: r-devel-linux-x86_64-fedora-clang, r-devel-linux-x86_64-fedora-gcc, r-release-osx-x86_64, r-oldrel-osx-x86_64