CRAN Package Check Results for Package Rmalschains

Last updated on 2015-05-06 17:48:03.

Flavor Version Tinstall Tcheck Ttotal Status Flags
r-devel-linux-x86_64-debian-clang 0.2-2 38.23 13.81 52.04 NOTE
r-devel-linux-x86_64-debian-gcc 0.2-2 45.00 13.40 58.40 NOTE
r-devel-linux-x86_64-fedora-clang 0.2-2 147.41 NOTE
r-devel-linux-x86_64-fedora-gcc 0.2-2 106.15 NOTE
r-devel-osx-x86_64-clang 0.2-2 108.00 OK
r-devel-windows-ix86+x86_64 0.2-2 210.00 50.00 260.00 OK
r-patched-linux-x86_64 0.2-2 44.51 14.12 58.62 NOTE
r-patched-solaris-sparc 0.2-2 727.00 NOTE
r-patched-solaris-x86 0.2-2 149.10 NOTE
r-release-linux-x86_64 0.2-2 44.56 14.00 58.56 NOTE
r-release-osx-x86_64-mavericks 0.2-2 NOTE
r-release-osx-x86_64-snowleopard 0.2-2 NOTE
r-release-windows-ix86+x86_64 0.2-2 189.00 53.00 242.00 OK
r-oldrel-windows-ix86+x86_64 0.2-2 158.00 63.00 221.00 OK

Check Details

Version: 0.2-2
Check: installed package size
Result: NOTE
     installed size is 6.0Mb
     sub-directories of 1Mb or more:
     libs 5.9Mb
Flavors: r-devel-linux-x86_64-debian-clang, r-devel-linux-x86_64-debian-gcc, r-devel-linux-x86_64-fedora-clang, r-devel-linux-x86_64-fedora-gcc, r-patched-linux-x86_64, r-patched-solaris-sparc, r-patched-solaris-x86, r-release-linux-x86_64, r-release-osx-x86_64-mavericks, r-release-osx-x86_64-snowleopard