CRAN Package Check Results for Package Rmalschains

Last updated on 2014-07-22 10:47:25.

Flavor Version Tinstall Tcheck Ttotal Status Flags
r-devel-linux-x86_64-debian-clang 0.2-2 32.66 15.24 47.90 NOTE
r-devel-linux-x86_64-debian-gcc 0.2-2 44.07 14.77 58.84 NOTE
r-devel-linux-x86_64-fedora-clang 0.2-2 134.49 NOTE
r-devel-linux-x86_64-fedora-gcc 0.2-2 109.10 NOTE
r-devel-osx-x86_64-clang 0.2-2 114.71 OK
r-devel-windows-ix86+x86_64 0.2-2 196.00 53.00 249.00 OK
r-patched-linux-x86_64 0.2-2 45.22 15.29 60.51 NOTE
r-patched-solaris-sparc 0.2-2 661.90 NOTE
r-patched-solaris-x86 0.2-2 150.10 NOTE
r-release-linux-ix86 0.2-2 60.34 22.37 82.71 NOTE
r-release-linux-x86_64 0.2-2 44.33 15.32 59.65 NOTE
r-release-osx-x86_64-mavericks 0.2-2 NOTE
r-release-osx-x86_64-snowleopard 0.2-2 NOTE
r-release-windows-ix86+x86_64 0.2-2 249.00 48.00 297.00 OK
r-oldrel-windows-ix86+x86_64 0.2-2 173.00 59.00 232.00 OK

Check Details

Version: 0.2-2
Check: installed package size
Result: NOTE
     installed size is 5.4Mb
     sub-directories of 1Mb or more:
     libs 5.3Mb
Flavors: r-devel-linux-x86_64-debian-clang, r-devel-linux-x86_64-debian-gcc, r-devel-linux-x86_64-fedora-clang, r-devel-linux-x86_64-fedora-gcc, r-patched-linux-x86_64, r-patched-solaris-sparc, r-patched-solaris-x86, r-release-linux-ix86, r-release-linux-x86_64, r-release-osx-x86_64-mavericks, r-release-osx-x86_64-snowleopard