CRAN Package Check Results for Package Rmalschains

Last updated on 2017-10-20 04:47:25.

Flavor Version Tinstall Tcheck Ttotal Status Flags
r-devel-linux-x86_64-debian-clang 0.2-3 52.50 15.07 67.57 NOTE
r-devel-linux-x86_64-debian-gcc 0.2-3 54.57 16.17 70.74 NOTE
r-devel-linux-x86_64-fedora-clang 0.2-3 171.99 NOTE
r-devel-linux-x86_64-fedora-gcc 0.2-3 124.59 NOTE
r-devel-windows-ix86+x86_64 0.2-3 276.00 68.00 344.00 OK
r-patched-linux-x86_64 0.2-3 50.65 15.29 65.94 NOTE
r-patched-solaris-x86 0.2-3 153.20 OK
r-release-linux-x86_64 0.2-3 50.87 15.57 66.43 NOTE
r-release-windows-ix86+x86_64 0.2-3 308.00 71.00 379.00 OK
r-release-osx-x86_64 0.2-3 NOTE
r-oldrel-windows-ix86+x86_64 0.2-3 206.00 75.00 281.00 OK
r-oldrel-osx-x86_64 0.2-3 NOTE

Check Details

Version: 0.2-3
Check: compiled code
Result: NOTE
    File ‘Rmalschains/libs/Rmalschains.so’:
     Found no calls to: ‘R_registerRoutines’, ‘R_useDynamicSymbols’
    
    It is good practice to register native routines and to disable symbol
    search.
    
    See ‘Writing portable packages’ in the ‘Writing R Extensions’ manual.
Flavors: r-devel-linux-x86_64-debian-clang, r-devel-linux-x86_64-debian-gcc, r-devel-linux-x86_64-fedora-clang, r-devel-linux-x86_64-fedora-gcc, r-patched-linux-x86_64, r-release-linux-x86_64

Version: 0.2-3
Check: installed package size
Result: NOTE
     installed size is 7.2Mb
     sub-directories of 1Mb or more:
     libs 7.1Mb
Flavors: r-devel-linux-x86_64-fedora-clang, r-devel-linux-x86_64-fedora-gcc, r-release-osx-x86_64, r-oldrel-osx-x86_64