CRAN Package Check Results for Package Rmalschains

Last updated on 2014-12-22 17:51:33.

Flavor Version Tinstall Tcheck Ttotal Status Flags
r-devel-linux-x86_64-debian-clang 0.2-2 35.78 15.23 51.00 NOTE
r-devel-linux-x86_64-debian-gcc 0.2-2 44.77 14.82 59.59 NOTE
r-devel-linux-x86_64-fedora-clang 0.2-2 147.37 NOTE
r-devel-linux-x86_64-fedora-gcc 0.2-2 111.33 NOTE
r-devel-osx-x86_64-clang 0.2-2 99.67 OK
r-devel-windows-ix86+x86_64 0.2-2 294.00 58.00 352.00 OK
r-patched-linux-x86_64 0.2-2 44.18 15.77 59.95 NOTE
r-patched-solaris-sparc 0.2-2 750.60 NOTE
r-patched-solaris-x86 0.2-2 152.20 NOTE
r-release-linux-ix86 0.2-2 58.43 21.63 80.06 NOTE
r-release-linux-x86_64 0.2-2 45.38 15.52 60.90 NOTE
r-release-osx-x86_64-mavericks 0.2-2 NOTE
r-release-osx-x86_64-snowleopard 0.2-2 NOTE
r-release-windows-ix86+x86_64 0.2-2 202.00 48.00 250.00 OK
r-oldrel-windows-ix86+x86_64 0.2-2 181.00 61.00 242.00 OK

Check Details

Version: 0.2-2
Check: installed package size
Result: NOTE
     installed size is 6.2Mb
     sub-directories of 1Mb or more:
     libs 6.1Mb
Flavors: r-devel-linux-x86_64-debian-clang, r-devel-linux-x86_64-debian-gcc, r-devel-linux-x86_64-fedora-clang, r-devel-linux-x86_64-fedora-gcc, r-patched-linux-x86_64, r-patched-solaris-sparc, r-patched-solaris-x86, r-release-linux-ix86, r-release-linux-x86_64, r-release-osx-x86_64-mavericks, r-release-osx-x86_64-snowleopard