CRAN Package Check Results for Package Rmalschains

Last updated on 2017-03-29 03:50:52.

Flavor Version Tinstall Tcheck Ttotal Status Flags
r-devel-linux-x86_64-debian-clang 0.2-3 53.74 15.39 69.13 NOTE
r-devel-linux-x86_64-debian-gcc 0.2-3 50.09 15.02 65.11 NOTE
r-devel-linux-x86_64-fedora-clang 0.2-3 170.30 NOTE --no-stop-on-test-error
r-devel-linux-x86_64-fedora-gcc 0.2-3 119.30 NOTE --no-stop-on-test-error
r-devel-macos-x86_64-clang 0.2-3 109.36 NOTE --no-stop-on-test-error
r-devel-windows-ix86+x86_64 0.2-3 225.00 57.00 282.00 OK
r-patched-linux-x86_64 0.2-3 43.86 15.29 59.16 NOTE
r-patched-solaris-sparc 0.2-3 601.10 OK
r-patched-solaris-x86 0.2-3 141.00 OK
r-release-linux-x86_64 0.2-3 43.14 13.30 56.44 OK
r-release-osx-x86_64-mavericks 0.2-3 NOTE
r-release-windows-ix86+x86_64 0.2-3 303.00 91.00 394.00 OK
r-oldrel-windows-ix86+x86_64 0.2-3 191.00 70.00 261.00 OK

Check Details

Version: 0.2-3
Check: compiled code
Result: NOTE
    File ‘Rmalschains/libs/Rmalschains.so’:
     Found no calls to: ‘R_registerRoutines’, ‘R_useDynamicSymbols’
    
    It is good practice to register native routines and to disable symbol
    search.
    
    See ‘Writing portable packages’ in the ‘Writing R Extensions’ manual.
Flavors: r-devel-linux-x86_64-debian-clang, r-devel-linux-x86_64-debian-gcc, r-patched-linux-x86_64

Version: 0.2-3
Flags: --no-stop-on-test-error
Check: installed package size
Result: NOTE
     installed size is 7.1Mb
     sub-directories of 1Mb or more:
     libs 6.9Mb
Flavors: r-devel-linux-x86_64-fedora-clang, r-devel-linux-x86_64-fedora-gcc

Version: 0.2-3
Flags: --no-stop-on-test-error
Check: compiled code
Result: NOTE
    File ‘Rmalschains/libs/Rmalschains.so’:
     Found no calls to: ‘R_registerRoutines’, ‘R_useDynamicSymbols’
    
    It is good practice to register native routines and to disable symbol
    search.
    
    See ‘Writing portable packages’ in the ‘Writing R Extensions’ manual.
Flavors: r-devel-linux-x86_64-fedora-clang, r-devel-linux-x86_64-fedora-gcc, r-devel-macos-x86_64-clang

Version: 0.2-3
Check: installed package size
Result: NOTE
     installed size is 9.3Mb
     sub-directories of 1Mb or more:
     libs 9.2Mb
Flavor: r-release-osx-x86_64-mavericks