CRAN Package Check Results for Package Rmisc

Last updated on 2015-04-27 03:47:33.

Flavor Version Tinstall Tcheck Ttotal Status Flags
r-devel-linux-x86_64-debian-clang 1.5 0.94 14.99 15.93 OK
r-devel-linux-x86_64-debian-gcc 1.5 0.99 14.50 15.49 OK
r-devel-linux-x86_64-fedora-clang 1.5 31.29 OK
r-devel-linux-x86_64-fedora-gcc 1.5 29.12 OK
r-devel-osx-x86_64-clang 1.5 32.33 OK
r-devel-windows-ix86+x86_64 1.5 5.00 27.00 32.00 OK
r-patched-linux-x86_64 1.5 1.04 14.94 15.98 OK
r-patched-solaris-sparc 1.5 194.10 OK
r-patched-solaris-x86 1.5 44.30 OK
r-release-linux-x86_64 1.5 1.26 14.60 15.86 OK
r-release-osx-x86_64-mavericks 1.5 OK
r-release-osx-x86_64-snowleopard 1.5 ERROR
r-release-windows-ix86+x86_64 1.5 4.00 27.00 31.00 OK
r-oldrel-windows-ix86+x86_64 1.5 4.00 25.00 29.00 OK

Check Details

Version: 1.5
Check: package dependencies
Result: NOTE
    Packages suggested but not available for checking: ‘latticeExtra’ ‘Hmisc’
Flavor: r-release-osx-x86_64-snowleopard

Version: 1.5
Check: examples
Result: ERROR
    Running examples in ‘Rmisc-Ex.R’ failed
    The error most likely occurred in:
    
    > ### Name: group.CI
    > ### Title: Group Confidence Interval
    > ### Aliases: group.CI
    > ### Keywords: multivariate
    >
    > ### ** Examples
    >
    > require(latticeExtra)
    Loading required package: latticeExtra
    Warning in library(package, lib.loc = lib.loc, character.only = TRUE, logical.return = TRUE, :
     there is no package called ‘latticeExtra’
    > with(group.CI(weight~feed,chickwts),
    + segplot(feed~weight.lower+weight.upper,center=weight.mean)
    + )
    Error in eval(expr, envir, enclos) : could not find function "segplot"
    Calls: with -> with.default -> eval -> eval
    Execution halted
Flavor: r-release-osx-x86_64-snowleopard