CRAN Package Check Results for Package Rmisc

Last updated on 2015-08-29 20:48:15.

Flavor Version Tinstall Tcheck Ttotal Status Flags
r-devel-linux-x86_64-debian-clang 1.5 1.08 14.00 15.08 NOTE
r-devel-linux-x86_64-debian-gcc 1.5 0.85 13.74 14.59 NOTE
r-devel-linux-x86_64-fedora-clang 1.5 28.92 NOTE
r-devel-linux-x86_64-fedora-gcc 1.5 27.19 NOTE
r-devel-osx-x86_64-clang 1.5 28.51 OK
r-devel-windows-ix86+x86_64 1.5 5.00 30.00 35.00 NOTE
r-patched-linux-x86_64 1.5 0.94 14.24 15.18 OK
r-patched-solaris-sparc 1.5 197.70 OK
r-patched-solaris-x86 1.5 45.40 OK
r-release-linux-x86_64 1.5 1.00 14.54 15.54 OK
r-release-osx-x86_64-mavericks 1.5 OK
r-release-windows-ix86+x86_64 1.5 4.00 28.00 32.00 OK
r-oldrel-windows-ix86+x86_64 1.5 6.00 36.00 42.00 OK

Check Details

Version: 1.5
Check: R code for possible problems
Result: NOTE
    CI: no visible global function definition for ‘sd’
    CI: no visible global function definition for ‘qt’
    L: no visible global function definition for ‘sd’
    L: no visible global function definition for ‘residuals’
    Qa: no visible global function definition for ‘logLik’
    Qb: no visible global function definition for ‘residuals’
    Qc: no visible global function definition for ‘residuals’
    Qc: no visible global function definition for ‘logLik’
    STDERR: no visible global function definition for ‘sd’
    group.UCL: no visible global function definition for ‘aggregate’
    lr.glover: no visible binding for global variable ‘logLik’
    lr.glover: no visible binding for global variable ‘update’
    lr.glover : nobs0: no visible binding for global variable ‘nobs’
    lr.glover : nobs0 : nobs2: no visible global function definition for
     ‘residuals’
    lr.glover : tlab: no visible global function definition for ‘terms’
    lr.glover : name: no visible global function definition for ‘formula’
    lr.glover : modelUpdate: no visible global function definition for
     ‘as.formula’
    lr.glover: no visible global function definition for ‘model.frame’
    lr.glover: no visible binding for global variable ‘AIC’
    lr.glover: no visible binding for global variable ‘BIC’
    summarySE : <anonymous>: no visible global function definition for ‘sd’
    summarySE: no visible global function definition for ‘qt’
    Undefined global functions or variables:
     AIC BIC aggregate as.formula formula logLik model.frame nobs qt
     residuals sd terms update
    Consider adding
     importFrom("stats", "AIC", "BIC", "aggregate", "as.formula", "formula",
     "logLik", "model.frame", "nobs", "qt", "residuals", "sd",
     "terms", "update")
    to your NAMESPACE.
Flavors: r-devel-linux-x86_64-debian-clang, r-devel-linux-x86_64-debian-gcc, r-devel-linux-x86_64-fedora-clang, r-devel-linux-x86_64-fedora-gcc, r-devel-windows-ix86+x86_64