CRAN Package Check Results for Package Rmisc

Last updated on 2014-04-24 11:48:54.

Flavor Version Tinstall Tcheck Ttotal Status Flags
r-devel-linux-x86_64-debian-clang 1.5 1.28 17.90 19.18 OK
r-devel-linux-x86_64-debian-gcc 1.5 1.29 17.67 18.96 OK
r-devel-linux-x86_64-fedora-clang 1.5 39.83 OK
r-devel-linux-x86_64-fedora-gcc 1.5 37.53 OK
r-devel-osx-x86_64-clang 1.5 36.95 OK
r-devel-osx-x86_64-gcc 1.5 ERROR
r-devel-windows-ix86+x86_64 1.5 3.00 28.00 31.00 OK
r-patched-linux-x86_64 1.5 1.19 17.94 19.13 OK
r-patched-solaris-sparc 1.5 213.90 OK
r-patched-solaris-x86 1.5 53.30 OK
r-release-linux-ix86 1.5 2.00 34.00 36.00 OK
r-release-linux-x86_64 1.5 1.35 17.87 19.22 OK
r-release-osx-x86_64-mavericks 1.5 WARN
r-release-osx-x86_64-snowleopard 1.5 OK
r-release-windows-ix86+x86_64 1.5 3.00 30.00 33.00 OK
r-oldrel-windows-ix86+x86_64 1.5 4.00 28.00 32.00 OK

Check Details

Version: 1.5
Check: package dependencies
Result: NOTE
    Packages suggested but not available for checking: ‘latticeExtra’ ‘Hmisc’
Flavor: r-devel-osx-x86_64-gcc

Version: 1.5
Check: examples
Result: ERROR
    Running examples in ‘Rmisc-Ex.R’ failed
    The error most likely occurred in:
    
    > ### Name: group.CI
    > ### Title: Group Confidence Interval
    > ### Aliases: group.CI
    > ### Keywords: multivariate
    >
    > ### ** Examples
    >
    > require(latticeExtra)
    Loading required package: latticeExtra
    Warning in library(package, lib.loc = lib.loc, character.only = TRUE, logical.return = TRUE, :
     there is no package called ‘latticeExtra’
    > with(group.CI(weight~feed,chickwts),
    + segplot(feed~weight.lower+weight.upper,center=weight.mean)
    + )
    Error in eval(expr, envir, enclos) : could not find function "segplot"
    Calls: with -> with.default -> eval -> eval
    Execution halted
Flavor: r-devel-osx-x86_64-gcc

Version: 1.5
Check: PDF version of manual
Result: WARNING
    LaTeX errors when creating PDF version.
    This typically indicates Rd problems.
    LaTeX errors found:
    ! LaTeX Error: File `upquote.sty' not found.
    
    Type X to quit or <RETURN> to proceed,
    or enter new name. (Default extension: sty)
    
    4242e2a/Rd2.tex:8: ==> Fatal error occurred, no output PDF file produced!
Flavor: r-release-osx-x86_64-mavericks