CRAN Package Check Results for Package Rmixmod

Last updated on 2015-05-30 03:48:56.

Flavor Version Tinstall Tcheck Ttotal Status Flags
r-devel-linux-x86_64-debian-clang 2.0.2 80.51 44.62 125.13 NOTE
r-devel-linux-x86_64-debian-gcc 2.0.2 94.37 42.42 136.79 NOTE
r-devel-linux-x86_64-fedora-clang 2.0.2 336.80 NOTE
r-devel-linux-x86_64-fedora-gcc 2.0.2 255.38 NOTE
r-devel-osx-x86_64-clang 2.0.2 239.31 NOTE
r-devel-windows-ix86+x86_64 2.0.2 313.00 154.00 467.00 NOTE
r-patched-linux-x86_64 2.0.2 94.56 42.51 137.07 NOTE
r-patched-solaris-sparc 2.0.2 1813.20 NOTE
r-patched-solaris-x86 2.0.2 351.30 NOTE
r-release-linux-x86_64 2.0.2 96.41 43.73 140.14 NOTE
r-release-osx-x86_64-mavericks 2.0.2 NOTE
r-release-osx-x86_64-snowleopard 2.0.2 NOTE
r-release-windows-ix86+x86_64 2.0.2 297.00 169.00 466.00 NOTE
r-oldrel-windows-ix86+x86_64 2.0.2 236.00 167.00 403.00 OK

Check Details

Version: 2.0.2
Check: installed package size
Result: NOTE
     installed size is 8.4Mb
     sub-directories of 1Mb or more:
     libs 7.8Mb
Flavors: r-devel-linux-x86_64-debian-clang, r-devel-linux-x86_64-debian-gcc, r-devel-linux-x86_64-fedora-clang, r-devel-linux-x86_64-fedora-gcc, r-patched-linux-x86_64, r-patched-solaris-sparc, r-patched-solaris-x86, r-release-linux-x86_64, r-release-osx-x86_64-mavericks, r-release-osx-x86_64-snowleopard

Version: 2.0.2
Check: DESCRIPTION meta-information
Result: NOTE
    Malformed Description field: should contain one or more complete sentences.
Flavors: r-devel-linux-x86_64-debian-clang, r-devel-linux-x86_64-debian-gcc, r-devel-linux-x86_64-fedora-clang, r-devel-linux-x86_64-fedora-gcc, r-devel-osx-x86_64-clang, r-devel-windows-ix86+x86_64, r-patched-linux-x86_64, r-patched-solaris-sparc, r-patched-solaris-x86, r-release-linux-x86_64, r-release-osx-x86_64-mavericks, r-release-osx-x86_64-snowleopard, r-release-windows-ix86+x86_64