CRAN Package Check Results for Package Rmixmod

Last updated on 2018-06-20 06:47:01 CEST.

Flavor Version Tinstall Tcheck Ttotal Status Flags
r-devel-linux-x86_64-debian-clang 2.1.1 250.36 62.40 312.76 NOTE
r-devel-linux-x86_64-debian-gcc 2.1.1 216.86 47.78 264.64 WARN
r-devel-linux-x86_64-fedora-clang 2.1.1 466.92 NOTE
r-devel-linux-x86_64-fedora-gcc 2.1.1 444.79 WARN
r-devel-windows-ix86+x86_64 2.1.1 647.00 139.00 786.00 NOTE
r-patched-linux-x86_64 2.1.1 279.32 58.29 337.61 WARN
r-patched-solaris-x86 2.1.1 429.00 NOTE
r-release-linux-x86_64 2.1.1 285.10 57.96 343.06 WARN
r-release-windows-ix86+x86_64 2.1.1 504.00 136.00 640.00 NOTE
r-release-osx-x86_64 2.1.1 NOTE
r-oldrel-windows-ix86+x86_64 2.1.1 663.00 130.00 793.00 NOTE
r-oldrel-osx-x86_64 2.1.1 NOTE

Check Details

Version: 2.1.1
Check: DESCRIPTION meta-information
Result: NOTE
    BugReports field should be the URL of a single webpage
Flavors: r-devel-linux-x86_64-debian-clang, r-devel-linux-x86_64-debian-gcc, r-devel-linux-x86_64-fedora-clang, r-devel-linux-x86_64-fedora-gcc, r-devel-windows-ix86+x86_64, r-patched-linux-x86_64, r-patched-solaris-x86, r-release-linux-x86_64, r-release-windows-ix86+x86_64, r-release-osx-x86_64, r-oldrel-windows-ix86+x86_64, r-oldrel-osx-x86_64

Version: 2.1.1
Check: compiled code
Result: NOTE
    File ‘Rmixmod/libs/Rmixmod.so’:
     Found no calls to: ‘R_registerRoutines’, ‘R_useDynamicSymbols’
    
    It is good practice to register native routines and to disable symbol
    search.
    
    See ‘Writing portable packages’ in the ‘Writing R Extensions’ manual.
Flavors: r-devel-linux-x86_64-debian-clang, r-devel-linux-x86_64-debian-gcc, r-devel-linux-x86_64-fedora-clang, r-devel-linux-x86_64-fedora-gcc, r-patched-linux-x86_64, r-release-linux-x86_64

Version: 2.1.1
Check: whether package can be installed
Result: WARN
    Found the following significant warnings:
     newmat5.cpp:525:69: warning: throw will always call terminate() [-Wterminate]
Flavors: r-devel-linux-x86_64-debian-gcc, r-devel-linux-x86_64-fedora-gcc, r-patched-linux-x86_64, r-release-linux-x86_64

Version: 2.1.1
Check: installed package size
Result: NOTE
     installed size is 12.5Mb
     sub-directories of 1Mb or more:
     libs 11.5Mb
Flavors: r-devel-linux-x86_64-fedora-clang, r-release-osx-x86_64, r-oldrel-osx-x86_64