CRAN Package Check Results for Package Rmixmod

Last updated on 2014-11-26 03:48:05.

Flavor Version Tinstall Tcheck Ttotal Status Flags
r-devel-linux-x86_64-debian-clang 2.0.2 75.08 46.58 121.65 NOTE
r-devel-linux-x86_64-debian-gcc 2.0.2 93.48 45.54 139.02 NOTE
r-devel-linux-x86_64-fedora-clang 2.0.2 341.77 NOTE
r-devel-linux-x86_64-fedora-gcc 2.0.2 263.54 NOTE
r-devel-osx-x86_64-clang 2.0.2 212.87 OK
r-devel-windows-ix86+x86_64 2.0.2 292.00 159.00 451.00 OK
r-patched-linux-x86_64 2.0.2 93.47 47.30 140.78 NOTE
r-patched-solaris-sparc 2.0.2 1822.90 NOTE
r-patched-solaris-x86 2.0.2 354.30 NOTE
r-release-linux-ix86 2.0.2 119.52 68.75 188.27 NOTE
r-release-linux-x86_64 2.0.2 92.98 48.61 141.59 NOTE
r-release-osx-x86_64-mavericks 2.0.2 NOTE
r-release-osx-x86_64-snowleopard 2.0.2 NOTE
r-release-windows-ix86+x86_64 2.0.2 311.00 152.00 463.00 OK
r-oldrel-windows-ix86+x86_64 2.0.2 274.00 279.00 553.00 OK

Check Details

Version: 2.0.2
Check: installed package size
Result: NOTE
     installed size is 8.5Mb
     sub-directories of 1Mb or more:
     libs 7.8Mb
Flavors: r-devel-linux-x86_64-debian-clang, r-devel-linux-x86_64-debian-gcc, r-devel-linux-x86_64-fedora-clang, r-devel-linux-x86_64-fedora-gcc, r-patched-linux-x86_64, r-patched-solaris-sparc, r-patched-solaris-x86, r-release-linux-ix86, r-release-linux-x86_64, r-release-osx-x86_64-mavericks, r-release-osx-x86_64-snowleopard