CRAN Package Check Results for Package Rmixmod

Last updated on 2014-07-23 15:47:52.

Flavor Version Tinstall Tcheck Ttotal Status Flags
r-devel-linux-x86_64-debian-clang 2.0.2 70.41 51.36 121.76 NOTE
r-devel-linux-x86_64-debian-gcc 2.0.2 94.91 45.53 140.44 NOTE
r-devel-linux-x86_64-fedora-clang 2.0.2 307.32 NOTE
r-devel-linux-x86_64-fedora-gcc 2.0.2 262.46 NOTE
r-devel-osx-x86_64-clang 2.0.2 244.05 OK
r-devel-windows-ix86+x86_64 2.0.2 280.00 156.00 436.00 OK
r-patched-linux-x86_64 2.0.2 95.09 45.52 140.61 NOTE
r-patched-solaris-sparc 2.0.2 1634.50 NOTE
r-patched-solaris-x86 2.0.2 350.50 NOTE
r-release-linux-ix86 2.0.2 125.38 70.76 196.14 NOTE
r-release-linux-x86_64 2.0.2 95.14 46.40 141.54 NOTE
r-release-osx-x86_64-mavericks 2.0.2 NOTE
r-release-osx-x86_64-snowleopard 2.0.2 NOTE
r-release-windows-ix86+x86_64 2.0.2 399.00 152.00 551.00 OK
r-oldrel-windows-ix86+x86_64 2.0.2 279.00 273.00 552.00 OK

Check Details

Version: 2.0.2
Check: installed package size
Result: NOTE
     installed size is 7.8Mb
     sub-directories of 1Mb or more:
     libs 7.1Mb
Flavors: r-devel-linux-x86_64-debian-clang, r-devel-linux-x86_64-debian-gcc, r-devel-linux-x86_64-fedora-clang, r-devel-linux-x86_64-fedora-gcc, r-patched-linux-x86_64, r-patched-solaris-sparc, r-patched-solaris-x86, r-release-linux-ix86, r-release-linux-x86_64, r-release-osx-x86_64-mavericks, r-release-osx-x86_64-snowleopard