CRAN Package Check Results for Package Rmixmod

Last updated on 2014-04-23 20:47:20.

Flavor Version Tinstall Tcheck Ttotal Status Flags
r-devel-linux-x86_64-debian-clang 2.0.2 70.08 49.65 119.73 NOTE
r-devel-linux-x86_64-debian-gcc 2.0.2 95.59 48.55 144.14 NOTE
r-devel-linux-x86_64-fedora-clang 2.0.2 311.67 NOTE
r-devel-linux-x86_64-fedora-gcc 2.0.2 264.86 NOTE
r-devel-osx-x86_64-clang 2.0.2 222.54 OK
r-devel-osx-x86_64-gcc 2.0.2 NOTE
r-devel-windows-ix86+x86_64 2.0.2 288.00 155.00 443.00 OK
r-patched-linux-x86_64 2.0.2 94.83 49.43 144.26 NOTE
r-patched-solaris-sparc 2.0.2 1634.50 NOTE
r-patched-solaris-x86 2.0.2 338.40 NOTE
r-release-linux-ix86 2.0.2 147.00 93.00 240.00 NOTE
r-release-linux-x86_64 2.0.2 94.85 49.17 144.02 NOTE
r-release-osx-x86_64-mavericks 2.0.2 WARN
r-release-osx-x86_64-snowleopard 2.0.2 NOTE
r-release-windows-ix86+x86_64 2.0.2 505.00 193.00 698.00 OK
r-oldrel-windows-ix86+x86_64 2.0.2 231.00 236.00 467.00 OK

Check Details

Version: 2.0.2
Check: installed package size
Result: NOTE
     installed size is 7.8Mb
     sub-directories of 1Mb or more:
     libs 7.1Mb
Flavors: r-devel-linux-x86_64-debian-clang, r-devel-linux-x86_64-debian-gcc, r-devel-linux-x86_64-fedora-clang, r-devel-linux-x86_64-fedora-gcc, r-devel-osx-x86_64-gcc, r-patched-linux-x86_64, r-patched-solaris-sparc, r-patched-solaris-x86, r-release-linux-ix86, r-release-linux-x86_64, r-release-osx-x86_64-mavericks, r-release-osx-x86_64-snowleopard

Version: 2.0.2
Check: PDF version of manual
Result: WARNING
    LaTeX errors when creating PDF version.
    This typically indicates Rd problems.
    LaTeX errors found:
    ! LaTeX Error: File `upquote.sty' not found.
    
    Type X to quit or <RETURN> to proceed,
    or enter new name. (Default extension: sty)
    
    518141f/Rd2.tex:8: ==> Fatal error occurred, no output PDF file produced!
Flavor: r-release-osx-x86_64-mavericks