CRAN Package Check Results for Package Rmixmod

Last updated on 2017-03-29 03:50:53.

Flavor Version Tinstall Tcheck Ttotal Status Flags
r-devel-linux-x86_64-debian-clang 2.1.1 148.56 48.75 197.31 NOTE
r-devel-linux-x86_64-debian-gcc 2.1.1 141.40 48.10 189.49 NOTE
r-devel-linux-x86_64-fedora-clang 2.1.1 472.65 NOTE --no-stop-on-test-error
r-devel-linux-x86_64-fedora-gcc 2.1.1 459.21 NOTE --no-stop-on-test-error
r-devel-macos-x86_64-clang 2.1.1 257.84 NOTE --no-stop-on-test-error
r-devel-windows-ix86+x86_64 2.1.1 523.00 133.00 656.00 NOTE
r-patched-linux-x86_64 2.1.1 100.54 48.89 149.43 NOTE
r-patched-solaris-sparc 2.1.1 2033.40 NOTE
r-patched-solaris-x86 2.1.1 415.10 NOTE
r-release-linux-x86_64 2.1.1 136.35 36.46 172.82 OK
r-release-osx-x86_64-mavericks 2.1.1 NOTE
r-release-windows-ix86+x86_64 2.1.1 657.00 199.00 856.00 OK
r-oldrel-windows-ix86+x86_64 2.1.1 83.00 3.00 86.00 ERROR

Check Details

Version: 2.1.1
Check: DESCRIPTION meta-information
Result: NOTE
    BugReports field should be the URL of a single webpage
Flavors: r-devel-linux-x86_64-debian-clang, r-devel-linux-x86_64-debian-gcc, r-devel-windows-ix86+x86_64, r-patched-linux-x86_64, r-patched-solaris-sparc, r-patched-solaris-x86

Version: 2.1.1
Check: compiled code
Result: NOTE
    File ‘Rmixmod/libs/Rmixmod.so’:
     Found no calls to: ‘R_registerRoutines’, ‘R_useDynamicSymbols’
    
    It is good practice to register native routines and to disable symbol
    search.
    
    See ‘Writing portable packages’ in the ‘Writing R Extensions’ manual.
Flavors: r-devel-linux-x86_64-debian-clang, r-devel-linux-x86_64-debian-gcc, r-patched-linux-x86_64

Version: 2.1.1
Flags: --no-stop-on-test-error
Check: installed package size
Result: NOTE
     installed size is 11.2Mb
     sub-directories of 1Mb or more:
     libs 10.3Mb
Flavors: r-devel-linux-x86_64-fedora-clang, r-devel-linux-x86_64-fedora-gcc

Version: 2.1.1
Flags: --no-stop-on-test-error
Check: DESCRIPTION meta-information
Result: NOTE
    BugReports field should be the URL of a single webpage
Flavors: r-devel-linux-x86_64-fedora-clang, r-devel-linux-x86_64-fedora-gcc, r-devel-macos-x86_64-clang

Version: 2.1.1
Flags: --no-stop-on-test-error
Check: compiled code
Result: NOTE
    File ‘Rmixmod/libs/Rmixmod.so’:
     Found no calls to: ‘R_registerRoutines’, ‘R_useDynamicSymbols’
    
    It is good practice to register native routines and to disable symbol
    search.
    
    See ‘Writing portable packages’ in the ‘Writing R Extensions’ manual.
Flavors: r-devel-linux-x86_64-fedora-clang, r-devel-linux-x86_64-fedora-gcc, r-devel-macos-x86_64-clang

Version: 2.1.1
Check: installed package size
Result: NOTE
     installed size is 14.7Mb
     sub-directories of 1Mb or more:
     libs 13.9Mb
Flavor: r-release-osx-x86_64-mavericks

Version: 2.1.1
Check: whether package can be installed
Result: ERROR
    Installation failed.
Flavor: r-oldrel-windows-ix86+x86_64