CRAN Package Check Results for Package Rmixmod

Last updated on 2017-05-24 11:50:08.

Flavor Version Tinstall Tcheck Ttotal Status Flags
r-devel-linux-x86_64-debian-clang 2.1.1 179.56 41.53 221.09 NOTE
r-devel-linux-x86_64-debian-gcc 2.1.1 192.30 40.89 233.19 NOTE
r-devel-linux-x86_64-fedora-clang 2.1.1 472.20 NOTE --no-stop-on-test-error
r-devel-linux-x86_64-fedora-gcc 2.1.1 458.99 NOTE --no-stop-on-test-error
r-devel-windows-ix86+x86_64 2.1.1 540.00 176.00 716.00 NOTE
r-patched-linux-x86_64 2.1.1 141.89 40.95 182.83 NOTE
r-patched-solaris-sparc 2.1.1 2033.40 NOTE
r-patched-solaris-x86 2.1.1 394.70 NOTE --no-stop-on-test-error
r-release-linux-x86_64 2.1.1 142.96 40.87 183.83 NOTE
r-release-windows-ix86+x86_64 2.1.1 485.00 176.00 661.00 NOTE
r-release-osx-x86_64 2.1.1 NOTE
r-oldrel-windows-ix86+x86_64 2.1.1 637.00 151.00 788.00 OK
r-oldrel-osx-x86_64 2.1.1 NOTE

Check Details

Version: 2.1.1
Check: DESCRIPTION meta-information
Result: NOTE
    BugReports field should be the URL of a single webpage
Flavors: r-devel-linux-x86_64-debian-clang, r-devel-linux-x86_64-debian-gcc, r-devel-windows-ix86+x86_64, r-patched-linux-x86_64, r-patched-solaris-sparc, r-release-linux-x86_64, r-release-windows-ix86+x86_64, r-release-osx-x86_64

Version: 2.1.1
Check: compiled code
Result: NOTE
    File ‘Rmixmod/libs/Rmixmod.so’:
     Found no calls to: ‘R_registerRoutines’, ‘R_useDynamicSymbols’
    
    It is good practice to register native routines and to disable symbol
    search.
    
    See ‘Writing portable packages’ in the ‘Writing R Extensions’ manual.
Flavors: r-devel-linux-x86_64-debian-clang, r-devel-linux-x86_64-debian-gcc, r-patched-linux-x86_64, r-release-linux-x86_64

Version: 2.1.1
Flags: --no-stop-on-test-error
Check: installed package size
Result: NOTE
     installed size is 11.8Mb
     sub-directories of 1Mb or more:
     libs 11.0Mb
Flavors: r-devel-linux-x86_64-fedora-clang, r-devel-linux-x86_64-fedora-gcc

Version: 2.1.1
Flags: --no-stop-on-test-error
Check: DESCRIPTION meta-information
Result: NOTE
    BugReports field should be the URL of a single webpage
Flavors: r-devel-linux-x86_64-fedora-clang, r-devel-linux-x86_64-fedora-gcc, r-patched-solaris-x86

Version: 2.1.1
Flags: --no-stop-on-test-error
Check: compiled code
Result: NOTE
    File ‘Rmixmod/libs/Rmixmod.so’:
     Found no calls to: ‘R_registerRoutines’, ‘R_useDynamicSymbols’
    
    It is good practice to register native routines and to disable symbol
    search.
    
    See ‘Writing portable packages’ in the ‘Writing R Extensions’ manual.
Flavors: r-devel-linux-x86_64-fedora-clang, r-devel-linux-x86_64-fedora-gcc

Version: 2.1.1
Check: installed package size
Result: NOTE
     installed size is 9.3Mb
     sub-directories of 1Mb or more:
     libs 8.5Mb
Flavors: r-release-osx-x86_64, r-oldrel-osx-x86_64