CRAN Package Check Results for Package Rmixmod

Last updated on 2017-02-20 17:49:19.

Flavor Version Tinstall Tcheck Ttotal Status Flags
r-devel-linux-x86_64-debian-clang 2.1.1 151.48 47.86 199.34 NOTE
r-devel-linux-x86_64-debian-gcc 2.1.1 152.25 48.47 200.72 NOTE
r-devel-linux-x86_64-fedora-clang 2.1.1 415.69 NOTE --no-stop-on-test-error
r-devel-linux-x86_64-fedora-gcc 2.1.1 442.11 NOTE --no-stop-on-test-error
r-devel-macos-x86_64-clang 258.87 NOTE --no-stop-on-test-error
r-devel-windows-ix86+x86_64 2.1.1 530.00 168.00 698.00 NOTE
r-patched-linux-x86_64 2.1.1 138.16 35.88 174.04 OK
r-patched-solaris-sparc 2.1.1 1988.00 OK
r-patched-solaris-x86 2.1.1 403.90 OK
r-release-linux-x86_64 2.1.1 136.96 36.01 172.97 OK
r-release-osx-x86_64-mavericks 2.1.1 NOTE
r-release-windows-ix86+x86_64 2.1.1 469.00 123.00 592.00 OK
r-oldrel-windows-ix86+x86_64 2.1.1 81.00 3.00 84.00 ERROR

Check Details

Version: 2.1.1
Check: DESCRIPTION meta-information
Result: NOTE
    BugReports field should be the URL of a single webpage
Flavors: r-devel-linux-x86_64-debian-clang, r-devel-linux-x86_64-debian-gcc, r-devel-windows-ix86+x86_64

Version: 2.1.1
Check: compiled code
Result: NOTE
    File ‘Rmixmod/libs/Rmixmod.so’:
     Found no calls to: ‘R_registerRoutines’, ‘R_useDynamicSymbols’
    
    It is good practice to register native routines and to disable symbol
    search.
    
    See ‘Writing portable packages’ in the ‘Writing R Extensions’ manual.
Flavors: r-devel-linux-x86_64-debian-clang, r-devel-linux-x86_64-debian-gcc

Version: 2.1.1
Flags: --no-stop-on-test-error
Check: installed package size
Result: NOTE
     installed size is 10.5Mb
     sub-directories of 1Mb or more:
     libs 9.7Mb
Flavors: r-devel-linux-x86_64-fedora-clang, r-devel-linux-x86_64-fedora-gcc

Version: 2.1.1
Flags: --no-stop-on-test-error
Check: DESCRIPTION meta-information
Result: NOTE
    BugReports field should be the URL of a single webpage
Flavors: r-devel-linux-x86_64-fedora-clang, r-devel-linux-x86_64-fedora-gcc, r-devel-macos-x86_64-clang

Version: 2.1.1
Flags: --no-stop-on-test-error
Check: compiled code
Result: NOTE
    File ‘Rmixmod/libs/Rmixmod.so’:
     Found no calls to: ‘R_registerRoutines’, ‘R_useDynamicSymbols’
    
    It is good practice to register native routines and to disable symbol
    search.
    
    See ‘Writing portable packages’ in the ‘Writing R Extensions’ manual.
Flavors: r-devel-linux-x86_64-fedora-clang, r-devel-linux-x86_64-fedora-gcc, r-devel-macos-x86_64-clang

Version: 2.1.1
Check: installed package size
Result: NOTE
     installed size is 14.7Mb
     sub-directories of 1Mb or more:
     libs 13.9Mb
Flavor: r-release-osx-x86_64-mavericks

Version: 2.1.1
Check: whether package can be installed
Result: ERROR
    Installation failed.
Flavor: r-oldrel-windows-ix86+x86_64