CRAN Package Check Results for Package Rmixmod

Last updated on 2015-01-25 16:49:21.

Flavor Version Tinstall Tcheck Ttotal Status Flags
r-devel-linux-x86_64-debian-clang 2.0.2 75.39 46.67 122.06 NOTE
r-devel-linux-x86_64-debian-gcc 2.0.2 94.56 45.42 139.98 NOTE
r-devel-linux-x86_64-fedora-clang 2.0.2 331.18 NOTE
r-devel-linux-x86_64-fedora-gcc 2.0.2 264.56 NOTE
r-devel-osx-x86_64-clang 2.0.2 213.04 OK
r-devel-windows-ix86+x86_64 2.0.2 303.00 161.00 464.00 OK
r-patched-linux-x86_64 2.0.2 95.34 45.42 140.76 NOTE
r-patched-solaris-sparc 2.0.2 1849.00 NOTE
r-patched-solaris-x86 2.0.2 357.20 NOTE
r-release-linux-ix86 2.0.2 119.05 67.61 186.66 NOTE
r-release-linux-x86_64 2.0.2 94.13 46.13 140.26 NOTE
r-release-osx-x86_64-mavericks 2.0.2 NOTE
r-release-osx-x86_64-snowleopard 2.0.2 NOTE
r-release-windows-ix86+x86_64 2.0.2 290.00 168.00 458.00 OK
r-oldrel-windows-ix86+x86_64 2.0.2 291.00 270.00 561.00 OK

Check Details

Version: 2.0.2
Check: installed package size
Result: NOTE
     installed size is 8.5Mb
     sub-directories of 1Mb or more:
     libs 7.8Mb
Flavors: r-devel-linux-x86_64-debian-clang, r-devel-linux-x86_64-debian-gcc, r-devel-linux-x86_64-fedora-clang, r-devel-linux-x86_64-fedora-gcc, r-patched-linux-x86_64, r-patched-solaris-sparc, r-patched-solaris-x86, r-release-linux-ix86, r-release-linux-x86_64, r-release-osx-x86_64-mavericks, r-release-osx-x86_64-snowleopard