CRAN Package Check Results for Package Rmixmod

Last updated on 2016-04-30 06:47:40.

Flavor Version Tinstall Tcheck Ttotal Status Flags
r-devel-linux-x86_64-debian-gcc 2.0.3 89.76 53.04 142.80 NOTE
r-devel-linux-x86_64-fedora-clang 2.0.3 358.22 NOTE
r-devel-linux-x86_64-fedora-gcc 2.0.3 270.38 NOTE
r-devel-osx-x86_64-clang 2.0.3 303.61 OK
r-devel-windows-ix86+x86_64 2.0.3 333.00 182.00 515.00 OK
r-patched-linux-x86_64 2.0.3 88.87 51.93 140.80 NOTE
r-patched-solaris-sparc 2.0.3 1782.60 OK
r-patched-solaris-x86 2.0.3 315.00 OK
r-release-linux-x86_64 2.0.3 89.92 52.23 142.15 NOTE
r-release-osx-x86_64-mavericks 2.0.3 NOTE
r-release-windows-ix86+x86_64 2.0.3 307.00 199.00 506.00 OK
r-oldrel-windows-ix86+x86_64 2.0.3 447.00 197.00 644.00 OK

Check Details

Version: 2.0.3
Check: installed package size
Result: NOTE
     installed size is 12.4Mb
     sub-directories of 1Mb or more:
     libs 11.7Mb
Flavors: r-devel-linux-x86_64-debian-gcc, r-devel-linux-x86_64-fedora-clang, r-devel-linux-x86_64-fedora-gcc, r-patched-linux-x86_64, r-release-linux-x86_64, r-release-osx-x86_64-mavericks