CRAN Package Check Results for Package Rmixmod

Last updated on 2016-05-24 11:49:08.

Flavor Version Tinstall Tcheck Ttotal Status Flags
r-devel-linux-x86_64-debian-gcc 2.0.3 164.62 49.83 214.45 NOTE
r-devel-linux-x86_64-fedora-clang 2.0.3 359.55 NOTE
r-devel-linux-x86_64-fedora-gcc 2.0.3 269.76 NOTE
r-devel-osx-x86_64-clang 2.0.3 299.12 OK
r-devel-windows-ix86+x86_64 2.0.3 322.00 203.00 525.00 OK
r-patched-linux-x86_64 2.0.3 90.90 50.09 140.99 NOTE
r-patched-solaris-sparc 2.0.3 1686.10 OK
r-patched-solaris-x86 2.0.3 317.50 OK
r-release-linux-x86_64 2.0.3 91.63 51.93 143.56 NOTE
r-release-osx-x86_64-mavericks 2.0.3 NOTE
r-release-windows-ix86+x86_64 2.0.3 322.00 203.00 525.00 OK
r-oldrel-windows-ix86+x86_64 2.0.3 344.00 187.00 531.00 OK

Check Details

Version: 2.0.3
Check: installed package size
Result: NOTE
     installed size is 12.9Mb
     sub-directories of 1Mb or more:
     libs 12.2Mb
Flavors: r-devel-linux-x86_64-debian-gcc, r-devel-linux-x86_64-fedora-clang, r-devel-linux-x86_64-fedora-gcc, r-patched-linux-x86_64, r-release-linux-x86_64, r-release-osx-x86_64-mavericks