CRAN Package Check Results for Package Rmixmod

Last updated on 2014-09-16 08:49:54.

Flavor Version Tinstall Tcheck Ttotal Status Flags
r-devel-linux-x86_64-debian-clang 2.0.2 76.10 46.41 122.50 NOTE
r-devel-linux-x86_64-debian-gcc 2.0.2 94.42 46.01 140.43 NOTE
r-devel-linux-x86_64-fedora-clang 2.0.2 332.27 NOTE
r-devel-linux-x86_64-fedora-gcc 2.0.2 256.43 NOTE
r-devel-osx-x86_64-clang 2.0.2 233.47 OK
r-devel-windows-ix86+x86_64 2.0.2 285.00 151.00 436.00 OK
r-patched-linux-x86_64 2.0.2 93.53 47.85 141.38 NOTE
r-patched-solaris-sparc 2.0.2 1822.90 NOTE
r-patched-solaris-x86 2.0.2 354.60 NOTE
r-release-linux-ix86 2.0.2 124.72 71.43 196.15 NOTE
r-release-linux-x86_64 2.0.2 94.37 46.21 140.58 NOTE
r-release-osx-x86_64-mavericks 2.0.2 NOTE
r-release-osx-x86_64-snowleopard 2.0.2 NOTE
r-release-windows-ix86+x86_64 2.0.2 399.00 152.00 551.00 OK
r-oldrel-windows-ix86+x86_64 2.0.2 279.00 273.00 552.00 OK

Check Details

Version: 2.0.2
Check: installed package size
Result: NOTE
     installed size is 8.5Mb
     sub-directories of 1Mb or more:
     libs 7.8Mb
Flavors: r-devel-linux-x86_64-debian-clang, r-devel-linux-x86_64-debian-gcc, r-devel-linux-x86_64-fedora-clang, r-devel-linux-x86_64-fedora-gcc, r-patched-linux-x86_64, r-patched-solaris-sparc, r-patched-solaris-x86, r-release-linux-ix86, r-release-linux-x86_64, r-release-osx-x86_64-mavericks, r-release-osx-x86_64-snowleopard