CRAN Package Check Results for Package Rmixmod

Last updated on 2016-09-30 15:47:30.

Flavor Version Tinstall Tcheck Ttotal Status Flags
r-devel-linux-x86_64-debian-clang 2.1.1 133.33 55.29 188.63 NOTE
r-devel-linux-x86_64-debian-gcc 2.1.1 135.50 55.27 190.77 NOTE
r-devel-linux-x86_64-fedora-clang 2.1.1 408.78 NOTE
r-devel-linux-x86_64-fedora-gcc 2.1.1 389.37 NOTE
r-devel-macos-x86_64-clang 2.1.1 247.77 OK
r-devel-windows-ix86+x86_64 2.1.1 505.00 132.00 637.00 OK
r-patched-linux-x86_64 2.1.1 137.02 46.25 183.27 NOTE
r-patched-solaris-sparc 2.1.1 1962.80 OK
r-patched-solaris-x86 2.1.1 384.30 OK
r-release-linux-x86_64 2.1.1 136.87 46.07 182.94 NOTE
r-release-osx-x86_64-mavericks 2.1.1 NOTE
r-release-windows-ix86+x86_64 2.1.1 493.00 122.00 615.00 OK
r-oldrel-windows-ix86+x86_64 2.1.1 111.00 2.00 113.00 ERROR

Check Details

Version: 2.1.1
Check: installed package size
Result: NOTE
     installed size is 5.4Mb
     sub-directories of 1Mb or more:
     libs 4.6Mb
Flavors: r-devel-linux-x86_64-debian-clang, r-devel-linux-x86_64-debian-gcc, r-devel-linux-x86_64-fedora-clang, r-devel-linux-x86_64-fedora-gcc, r-patched-linux-x86_64, r-release-linux-x86_64, r-release-osx-x86_64-mavericks

Version: 2.1.1
Check: whether package can be installed
Result: ERROR
    Installation failed.
Flavor: r-oldrel-windows-ix86+x86_64