CRAN Package Check Results for Package Rmixmod

Last updated on 2015-07-04 17:47:38.

Flavor Version Tinstall Tcheck Ttotal Status Flags
r-devel-linux-x86_64-debian-clang 2.0.2 81.20 42.80 124.00 NOTE
r-devel-linux-x86_64-debian-gcc 2.0.2 96.62 42.90 139.52 NOTE
r-devel-linux-x86_64-fedora-clang 2.0.2 332.97 NOTE
r-devel-linux-x86_64-fedora-gcc 2.0.2 262.05 NOTE
r-devel-osx-x86_64-clang 2.0.2 244.08 NOTE
r-devel-windows-ix86+x86_64 2.0.2 446.00 201.00 647.00 NOTE
r-patched-linux-x86_64 2.0.2 95.48 43.38 138.85 NOTE
r-patched-solaris-sparc 2.0.2 1813.20 NOTE
r-patched-solaris-x86 2.0.2 350.60 NOTE
r-release-linux-x86_64 2.0.2 97.22 30.06 127.28 NOTE
r-release-osx-x86_64-mavericks 2.0.2 NOTE
r-release-windows-ix86+x86_64 2.0.2 425.00 162.00 587.00 NOTE
r-oldrel-windows-ix86+x86_64 2.0.2 439.00 165.00 604.00 OK

Check Details

Version: 2.0.2
Check: installed package size
Result: NOTE
     installed size is 8.4Mb
     sub-directories of 1Mb or more:
     libs 7.8Mb
Flavors: r-devel-linux-x86_64-debian-clang, r-devel-linux-x86_64-debian-gcc, r-devel-linux-x86_64-fedora-clang, r-devel-linux-x86_64-fedora-gcc, r-patched-linux-x86_64, r-patched-solaris-sparc, r-patched-solaris-x86, r-release-linux-x86_64, r-release-osx-x86_64-mavericks

Version: 2.0.2
Check: DESCRIPTION meta-information
Result: NOTE
    Malformed Description field: should contain one or more complete sentences.
Flavors: r-devel-linux-x86_64-debian-clang, r-devel-linux-x86_64-debian-gcc, r-devel-linux-x86_64-fedora-clang, r-devel-linux-x86_64-fedora-gcc, r-devel-osx-x86_64-clang, r-devel-windows-ix86+x86_64, r-patched-linux-x86_64, r-patched-solaris-sparc, r-patched-solaris-x86, r-release-linux-x86_64, r-release-osx-x86_64-mavericks, r-release-windows-ix86+x86_64

Version: 2.0.2
Check: R code for possible problems
Result: NOTE
    barplotCluster: no visible global function definition for ‘is’
    barplotCluster: no visible global function definition for ‘par’
    barplotCluster: no visible global function definition for ‘lines’
    barplotCluster: no visible global function definition for ‘text’
    barplotCluster: no visible global function definition for ‘title’
    barplotCluster: no visible global function definition for ‘mtext’
    ellipse: no visible global function definition for ‘lines’
    ellipse: no visible global function definition for ‘matlines’
    ellipse: no visible global function definition for ‘points’
    histCluster: no visible global function definition for ‘is’
    histCluster: no visible global function definition for ‘par’
    histCluster: no visible global function definition for ‘dnorm’
    histCluster: no visible global function definition for ‘lines’
    mixmodCluster: no visible global function definition for ‘new’
    mixmodCompositeModel: no visible global function definition for ‘new’
    mixmodGaussianModel: no visible global function definition for ‘new’
    mixmodLearn: no visible global function definition for ‘new’
    mixmodMultinomialModel: no visible global function definition for ‘new’
    mixmodPredict: no visible global function definition for ‘new’
    mixmodStrategy: no visible global function definition for ‘new’
    plotCluster: no visible global function definition for ‘is’
    plot,Mixmod: no visible global function definition for ‘par’
    plot,Mixmod: no visible global function definition for ‘split.screen’
    plot,Mixmod: no visible global function definition for ‘screen’
    plot,Mixmod: no visible global function definition for ‘close.screen’
    print,MixmodCluster: no visible global function definition for
     ‘callNextMethod’
    print,MixmodDAResults: no visible global function definition for
     ‘callNextMethod’
    print,MixmodLearn: no visible global function definition for
     ‘callNextMethod’
    show,MixmodCluster: no visible global function definition for
     ‘callNextMethod’
    show,MixmodDAResults: no visible global function definition for
     ‘callNextMethod’
    show,MixmodLearn: no visible global function definition for
     ‘callNextMethod’
    Undefined global functions or variables:
     callNextMethod close.screen dnorm is lines matlines mtext new par
     points screen split.screen text title
Flavors: r-devel-linux-x86_64-debian-clang, r-devel-linux-x86_64-debian-gcc

Version: 2.0.2
Check: R code for possible problems
Result: NOTE
    barplotCluster: no visible global function definition for ‘is’
    barplotCluster: no visible global function definition for ‘par’
    barplotCluster: no visible global function definition for ‘lines’
    barplotCluster: no visible global function definition for ‘text’
    barplotCluster: no visible global function definition for ‘title’
    barplotCluster: no visible global function definition for ‘mtext’
    ellipse: no visible global function definition for ‘lines’
    ellipse: no visible global function definition for ‘matlines’
    ellipse: no visible global function definition for ‘points’
    histCluster: no visible global function definition for ‘is’
    histCluster: no visible global function definition for ‘par’
    histCluster: no visible global function definition for ‘dnorm’
    histCluster: no visible global function definition for ‘lines’
    mixmodCluster: no visible global function definition for ‘new’
    mixmodCompositeModel: no visible global function definition for ‘new’
    mixmodGaussianModel: no visible global function definition for ‘new’
    mixmodLearn: no visible global function definition for ‘new’
    mixmodMultinomialModel: no visible global function definition for ‘new’
    mixmodPredict: no visible global function definition for ‘new’
    mixmodStrategy: no visible global function definition for ‘new’
    plotCluster: no visible global function definition for ‘is’
    [<-,CompositeModel: no visible global function definition for
     ‘validObject’
    [<-,CompositeParameter: no visible global function definition for
     ‘validObject’
    [<-,GaussianModel: no visible global function definition for
     ‘validObject’
    [<-,GaussianParameter: no visible global function definition for
     ‘validObject’
    [<-,MixmodCluster: no visible global function definition for
     ‘validObject’
    [<-,MixmodLearn: no visible global function definition for
     ‘validObject’
    [<-,MultinomialModel: no visible global function definition for
     ‘validObject’
    [<-,MultinomialParameter: no visible global function definition for
     ‘validObject’
    [<-,Strategy: no visible global function definition for ‘validObject’
    initialize,CompositeModel: no visible global function definition for
     ‘validObject’
    initialize,GaussianModel: no visible global function definition for
     ‘validObject’
    initialize,Mixmod: no visible global function definition for ‘new’
    initialize,Mixmod: no visible global function definition for
     ‘validObject’
    initialize,MixmodCluster: no visible global function definition for
     ‘callNextMethod’
    initialize,MixmodCluster: no visible global function definition for
     ‘new’
    initialize,MixmodCluster: no visible global function definition for
     ‘validObject’
    initialize,MixmodLearn: no visible global function definition for
     ‘callNextMethod’
    initialize,MixmodLearn: no visible global function definition for ‘new’
    initialize,MixmodLearn: no visible global function definition for
     ‘validObject’
    initialize,MixmodPredict: no visible global function definition for
     ‘is’
    initialize,MixmodPredict: no visible global function definition for
     ‘validObject’
    initialize,MultinomialModel: no visible global function definition for
     ‘validObject’
    initialize,Strategy: no visible global function definition for
     ‘validObject’
    plot,Mixmod: no visible global function definition for ‘par’
    plot,Mixmod: no visible global function definition for ‘split.screen’
    plot,Mixmod: no visible global function definition for ‘screen’
    plot,Mixmod: no visible global function definition for ‘close.screen’
    print,MixmodCluster: no visible global function definition for
     ‘callNextMethod’
    print,MixmodDAResults: no visible global function definition for
     ‘callNextMethod’
    print,MixmodLearn: no visible global function definition for
     ‘callNextMethod’
    show,MixmodCluster: no visible global function definition for
     ‘callNextMethod’
    show,MixmodDAResults: no visible global function definition for
     ‘callNextMethod’
    show,MixmodLearn: no visible global function definition for
     ‘callNextMethod’
    Undefined global functions or variables:
     callNextMethod close.screen dnorm is lines matlines mtext new par
     points screen split.screen text title validObject
Flavors: r-devel-linux-x86_64-fedora-clang, r-devel-linux-x86_64-fedora-gcc, r-devel-windows-ix86+x86_64