CRAN Package Check Results for Package Rmixmod

Last updated on 2016-12-08 18:47:20.

Flavor Version Tinstall Tcheck Ttotal Status Flags
r-devel-linux-x86_64-debian-clang 2.1.1 149.58 58.80 208.39 OK
r-devel-linux-x86_64-debian-gcc 2.1.1 150.95 59.68 210.62 OK
r-devel-linux-x86_64-fedora-clang 2.1.1 411.76 NOTE --no-stop-on-test-error
r-devel-linux-x86_64-fedora-gcc 2.1.1 411.68 NOTE --no-stop-on-test-error
r-devel-macos-x86_64-clang 2.1.1 245.09 OK --no-stop-on-test-error
r-devel-windows-ix86+x86_64 2.1.1 530.00 149.00 679.00 OK
r-patched-linux-x86_64 2.1.1 135.02 46.17 181.19 ERROR
r-patched-solaris-sparc 2.1.1 1962.80 OK
r-patched-solaris-x86 2.1.1 387.70 OK
r-release-linux-x86_64 2.1.1 134.39 46.47 180.87 OK
r-release-osx-x86_64-mavericks 2.1.1 NOTE
r-release-windows-ix86+x86_64 2.1.1 515.00 142.00 657.00 OK
r-oldrel-windows-ix86+x86_64 2.1.1 106.00 2.00 108.00 ERROR

Check Details

Version: 2.1.1
Flags: --no-stop-on-test-error
Check: installed package size
Result: NOTE
     installed size is 10.5Mb
     sub-directories of 1Mb or more:
     libs 9.7Mb
Flavors: r-devel-linux-x86_64-fedora-clang, r-devel-linux-x86_64-fedora-gcc

Version: 2.1.1
Check: tests
Result: ERROR
     Running ‘clustering1test.R’ [0s/0s]
     Running ‘clusteringParametertest.R’ [0s/0s]
     Running ‘clusteringPartitiontest.R’ [0s/0s]
     Running ‘heterogeneousDAtest.R’ [0s/0s]
     Running ‘heterogeneousclusteringtest.R’ [0s/0s]
     Running ‘ssupervised.R’ [0s/0s]
     Running ‘test.R’ [18s/18s]
    Running the tests in ‘tests/test.R’ failed.
    Last 13 lines of output:
     Variances = | NaN NaN |
     | NaN NaN |
     * Cluster 4 :
     Proportion = 0.5317
     Means = 4.4136 81.0538
     Variances = | NaN NaN |
     | NaN NaN |
     * Log-likelihood = -1085.4229
     **************************************************************
     > plot(xem.geyser)
     Error in eigen(A) : infinite or missing values in 'x'
     Calls: plot -> plot -> .local -> plotCluster -> ellipse -> eigen
     Execution halted
Flavor: r-patched-linux-x86_64

Version: 2.1.1
Check: installed package size
Result: NOTE
     installed size is 14.7Mb
     sub-directories of 1Mb or more:
     libs 13.9Mb
Flavor: r-release-osx-x86_64-mavericks

Version: 2.1.1
Check: whether package can be installed
Result: ERROR
    Installation failed.
Flavor: r-oldrel-windows-ix86+x86_64