CRAN Package Check Results for Package Rmixmod

Last updated on 2017-01-17 11:50:39.

Flavor Version Tinstall Tcheck Ttotal Status Flags
r-devel-linux-x86_64-debian-clang 2.1.1 150.39 58.37 208.75 NOTE
r-devel-linux-x86_64-debian-gcc 2.1.1 149.05 57.63 206.68 NOTE
r-devel-linux-x86_64-fedora-clang 2.1.1 414.53 NOTE --no-stop-on-test-error
r-devel-linux-x86_64-fedora-gcc 2.1.1 450.73 NOTE --no-stop-on-test-error
r-devel-macos-x86_64-clang 2.1.1 258.12 NOTE --no-stop-on-test-error
r-devel-windows-ix86+x86_64 2.1.1 634.00 148.00 782.00 NOTE
r-patched-linux-x86_64 2.1.1 135.03 44.94 179.97 OK
r-patched-solaris-sparc 2.1.1 1988.00 OK
r-patched-solaris-x86 2.1.1 400.00 OK
r-release-linux-x86_64 2.1.1 135.71 44.61 180.32 ERROR
r-release-osx-x86_64-mavericks 2.1.1 NOTE
r-release-windows-ix86+x86_64 2.1.1 695.00 134.00 829.00 OK
r-oldrel-windows-ix86+x86_64 2.1.1 76.00 2.00 78.00 ERROR

Check Details

Version: 2.1.1
Check: DESCRIPTION meta-information
Result: NOTE
    BugReports field should be the URL of a single webpage
Flavors: r-devel-linux-x86_64-debian-clang, r-devel-linux-x86_64-debian-gcc, r-devel-windows-ix86+x86_64

Version: 2.1.1
Flags: --no-stop-on-test-error
Check: installed package size
Result: NOTE
     installed size is 10.5Mb
     sub-directories of 1Mb or more:
     libs 9.7Mb
Flavors: r-devel-linux-x86_64-fedora-clang, r-devel-linux-x86_64-fedora-gcc

Version: 2.1.1
Flags: --no-stop-on-test-error
Check: DESCRIPTION meta-information
Result: NOTE
    BugReports field should be the URL of a single webpage
Flavors: r-devel-linux-x86_64-fedora-clang, r-devel-linux-x86_64-fedora-gcc, r-devel-macos-x86_64-clang

Version: 2.1.1
Check: tests
Result: ERROR
    Running the tests in ‘tests/test.R’ failed.
    Last 13 lines of output:
     Variances = | NaN NaN |
     | NaN NaN |
     * Cluster 5 :
     Proportion = 0.1328
     Means = 1.8490 51.8167
     Variances = | NaN NaN |
     | NaN NaN |
     * Log-likelihood = -1068.3452
     **************************************************************
     > plot(xem.geyser)
     Error in eigen(A) : infinite or missing values in 'x'
     Calls: plot -> plot -> .local -> plotCluster -> ellipse -> eigen
     Execution halted
Flavor: r-release-linux-x86_64

Version: 2.1.1
Check: installed package size
Result: NOTE
     installed size is 14.7Mb
     sub-directories of 1Mb or more:
     libs 13.9Mb
Flavor: r-release-osx-x86_64-mavericks

Version: 2.1.1
Check: whether package can be installed
Result: ERROR
    Installation failed.
Flavor: r-oldrel-windows-ix86+x86_64