CRAN Package Check Results for Package Rmixmod

Last updated on 2016-02-06 11:48:30.

Flavor Version Tinstall Tcheck Ttotal Status Flags
r-devel-linux-x86_64-debian-gcc 2.0.3 88.47 48.33 136.80 NOTE
r-devel-linux-x86_64-fedora-clang 2.0.3 353.71 NOTE
r-devel-linux-x86_64-fedora-gcc 2.0.3 270.60 NOTE
r-devel-osx-x86_64-clang 2.0.3 280.39 OK
r-devel-windows-ix86+x86_64 2.0.3 439.00 226.00 665.00 OK
r-patched-linux-x86_64 2.0.3 88.88 50.46 139.34 NOTE
r-patched-solaris-sparc 2.0.3 1697.30 OK
r-patched-solaris-x86 2.0.3 316.20 OK
r-release-linux-x86_64 2.0.3 88.21 49.97 138.18 NOTE
r-release-osx-x86_64-mavericks 2.0.3 NOTE
r-release-windows-ix86+x86_64 2.0.3 418.00 207.00 625.00 OK
r-oldrel-windows-ix86+x86_64 2.0.3 407.00 209.00 616.00 OK

Check Details

Version: 2.0.3
Check: installed package size
Result: NOTE
     installed size is 12.4Mb
     sub-directories of 1Mb or more:
     libs 11.7Mb
Flavors: r-devel-linux-x86_64-debian-gcc, r-devel-linux-x86_64-fedora-clang, r-devel-linux-x86_64-fedora-gcc, r-patched-linux-x86_64, r-release-linux-x86_64, r-release-osx-x86_64-mavericks