CRAN Package Check Results for Package Rmixmod

Last updated on 2017-10-18 23:48:03.

Flavor Version Tinstall Tcheck Ttotal Status Flags
r-devel-linux-x86_64-debian-clang 2.1.1 183.84 42.31 226.16 NOTE
r-devel-linux-x86_64-debian-gcc 2.1.1 197.46 39.33 236.78 NOTE
r-devel-linux-x86_64-fedora-clang 2.1.1 484.77 NOTE
r-devel-linux-x86_64-fedora-gcc 2.1.1 456.97 NOTE
r-devel-windows-ix86+x86_64 2.1.1 727.00 130.00 857.00 NOTE
r-patched-linux-x86_64 2.1.1 197.44 40.44 237.88 NOTE
r-patched-solaris-x86 2.1.1 433.50 NOTE
r-release-linux-x86_64 2.1.1 197.36 41.41 238.77 NOTE
r-release-windows-ix86+x86_64 2.1.1 677.00 142.00 819.00 NOTE
r-release-osx-x86_64 2.1.1 NOTE
r-oldrel-windows-ix86+x86_64 2.1.1 690.00 153.00 843.00 OK
r-oldrel-osx-x86_64 2.1.1 NOTE

Check Details

Version: 2.1.1
Check: DESCRIPTION meta-information
Result: NOTE
    BugReports field should be the URL of a single webpage
Flavors: r-devel-linux-x86_64-debian-clang, r-devel-linux-x86_64-debian-gcc, r-devel-linux-x86_64-fedora-clang, r-devel-linux-x86_64-fedora-gcc, r-devel-windows-ix86+x86_64, r-patched-linux-x86_64, r-patched-solaris-x86, r-release-linux-x86_64, r-release-windows-ix86+x86_64, r-release-osx-x86_64

Version: 2.1.1
Check: compiled code
Result: NOTE
    File ‘Rmixmod/libs/Rmixmod.so’:
     Found no calls to: ‘R_registerRoutines’, ‘R_useDynamicSymbols’
    
    It is good practice to register native routines and to disable symbol
    search.
    
    See ‘Writing portable packages’ in the ‘Writing R Extensions’ manual.
Flavors: r-devel-linux-x86_64-debian-clang, r-devel-linux-x86_64-debian-gcc, r-devel-linux-x86_64-fedora-clang, r-devel-linux-x86_64-fedora-gcc, r-patched-linux-x86_64, r-release-linux-x86_64

Version: 2.1.1
Check: installed package size
Result: NOTE
     installed size is 12.0Mb
     sub-directories of 1Mb or more:
     libs 11.1Mb
Flavors: r-devel-linux-x86_64-fedora-clang, r-devel-linux-x86_64-fedora-gcc, r-release-osx-x86_64, r-oldrel-osx-x86_64