CRAN Package Check Results for Package Rmixmod

Last updated on 2014-12-22 23:48:56.

Flavor Version Tinstall Tcheck Ttotal Status Flags
r-devel-linux-x86_64-debian-clang 2.0.2 74.60 46.68 121.28 NOTE
r-devel-linux-x86_64-debian-gcc 2.0.2 92.78 44.87 137.65 NOTE
r-devel-linux-x86_64-fedora-clang 2.0.2 338.25 NOTE
r-devel-linux-x86_64-fedora-gcc 2.0.2 266.02 NOTE
r-devel-osx-x86_64-clang 2.0.2 199.67 OK
r-devel-windows-ix86+x86_64 2.0.2 469.00 185.00 654.00 OK
r-patched-linux-x86_64 2.0.2 93.11 46.04 139.15 NOTE
r-patched-solaris-sparc 2.0.2 1849.90 NOTE
r-patched-solaris-x86 2.0.2 356.60 NOTE
r-release-linux-ix86 2.0.2 119.67 67.76 187.43 NOTE
r-release-linux-x86_64 2.0.2 93.36 45.87 139.22 NOTE
r-release-osx-x86_64-mavericks 2.0.2 NOTE
r-release-osx-x86_64-snowleopard 2.0.2 NOTE
r-release-windows-ix86+x86_64 2.0.2 311.00 152.00 463.00 OK
r-oldrel-windows-ix86+x86_64 2.0.2 274.00 279.00 553.00 OK

Check Details

Version: 2.0.2
Check: installed package size
Result: NOTE
     installed size is 8.5Mb
     sub-directories of 1Mb or more:
     libs 7.8Mb
Flavors: r-devel-linux-x86_64-debian-clang, r-devel-linux-x86_64-debian-gcc, r-devel-linux-x86_64-fedora-clang, r-devel-linux-x86_64-fedora-gcc, r-patched-linux-x86_64, r-patched-solaris-sparc, r-patched-solaris-x86, r-release-linux-ix86, r-release-linux-x86_64, r-release-osx-x86_64-mavericks, r-release-osx-x86_64-snowleopard