CRAN Package Check Results for Package Rmixmod

Last updated on 2022-01-28 21:52:04 CET.

Flavor Version Tinstall Tcheck Ttotal Status Flags
r-devel-linux-x86_64-debian-clang 2.1.6 516.68 74.04 590.72 OK
r-devel-linux-x86_64-debian-gcc 2.1.6 417.15 81.27 498.42 OK
r-devel-linux-x86_64-fedora-clang 2.1.6 944.90 NOTE
r-devel-linux-x86_64-fedora-gcc 2.1.6 855.66 OK
r-devel-windows-x86_64-new-UL 2.1.6 601.00 159.00 760.00 OK
r-devel-windows-x86_64-new-TK 2.1.6 OK
r-patched-linux-x86_64 2.1.6 501.59 98.20 599.79 OK
r-release-linux-x86_64 2.1.6 493.01 97.48 590.49 OK
r-release-macos-arm64 2.1.6 NOTE
r-release-macos-x86_64 2.1.6 NOTE
r-release-windows-ix86+x86_64 2.1.6 1297.00 193.00 1490.00 OK
r-oldrel-macos-x86_64 2.1.6 NOTE
r-oldrel-windows-ix86+x86_64 2.1.6 1306.00 193.00 1499.00 OK

Check Details

Version: 2.1.6
Check: installed package size
Result: NOTE
     installed size is 34.6Mb
     sub-directories of 1Mb or more:
     libs 33.7Mb
Flavors: r-devel-linux-x86_64-fedora-clang, r-release-macos-arm64, r-release-macos-x86_64, r-oldrel-macos-x86_64