CRAN Package Check Results for Package Rmixmod

Last updated on 2017-12-12 22:47:30 CET.

Flavor Version Tinstall Tcheck Ttotal Status Flags
r-devel-linux-x86_64-debian-clang 2.1.1 236.51 60.05 296.56 NOTE
r-devel-linux-x86_64-debian-gcc 2.1.1 207.93 47.15 255.08 NOTE
r-devel-linux-x86_64-fedora-clang 2.1.1 480.02 NOTE
r-devel-linux-x86_64-fedora-gcc 2.1.1 NOTE
r-devel-windows-ix86+x86_64 2.1.1 672.00 155.00 827.00 NOTE
r-patched-linux-x86_64 2.1.1 256.80 60.94 317.74 NOTE
r-patched-solaris-x86 2.1.1 427.70 NOTE
r-release-linux-x86_64 2.1.1 255.21 61.68 316.89 NOTE
r-release-windows-ix86+x86_64 2.1.1 504.00 184.00 688.00 NOTE
r-release-osx-x86_64 2.1.1 NOTE
r-oldrel-windows-ix86+x86_64 2.1.1 712.00 153.00 865.00 OK
r-oldrel-osx-x86_64 2.1.1 NOTE

Check Details

Version: 2.1.1
Check: DESCRIPTION meta-information
Result: NOTE
    BugReports field should be the URL of a single webpage
Flavors: r-devel-linux-x86_64-debian-clang, r-devel-linux-x86_64-debian-gcc, r-devel-linux-x86_64-fedora-clang, r-devel-linux-x86_64-fedora-gcc, r-devel-windows-ix86+x86_64, r-patched-linux-x86_64, r-patched-solaris-x86, r-release-linux-x86_64, r-release-windows-ix86+x86_64, r-release-osx-x86_64

Version: 2.1.1
Check: compiled code
Result: NOTE
    File ‘Rmixmod/libs/Rmixmod.so’:
     Found no calls to: ‘R_registerRoutines’, ‘R_useDynamicSymbols’
    
    It is good practice to register native routines and to disable symbol
    search.
    
    See ‘Writing portable packages’ in the ‘Writing R Extensions’ manual.
Flavors: r-devel-linux-x86_64-debian-clang, r-devel-linux-x86_64-debian-gcc, r-devel-linux-x86_64-fedora-clang, r-devel-linux-x86_64-fedora-gcc, r-patched-linux-x86_64, r-release-linux-x86_64

Version: 2.1.1
Check: installed package size
Result: NOTE
     installed size is 12.0Mb
     sub-directories of 1Mb or more:
     libs 11.1Mb
Flavors: r-devel-linux-x86_64-fedora-clang, r-devel-linux-x86_64-fedora-gcc, r-release-osx-x86_64, r-oldrel-osx-x86_64