CRAN Package Check Results for Package Rmixmod

Last updated on 2018-02-25 19:49:16 CET.

Flavor Version Tinstall Tcheck Ttotal Status Flags
r-devel-linux-x86_64-debian-clang 2.1.1 256.63 58.31 314.94 NOTE
r-devel-linux-x86_64-debian-gcc 2.1.2 0.01 2.21 2.22 ERROR
r-devel-linux-x86_64-fedora-clang 2.1.2 2215.65 WARN
r-devel-linux-x86_64-fedora-gcc 2.1.2 4154.39 WARN
r-devel-windows-ix86+x86_64 2.1.1 667.00 166.00 833.00 NOTE
r-patched-linux-x86_64 2.1.1 276.79 62.11 338.90 NOTE
r-patched-solaris-x86 2.1.2 2802.70 OK
r-release-linux-x86_64 2.1.1 273.95 61.49 335.44 NOTE
r-release-windows-ix86+x86_64 2.1.1 500.00 175.00 675.00 NOTE
r-release-osx-x86_64 2.1.2 NOTE
r-oldrel-windows-ix86+x86_64 2.1.2 4615.00 131.00 4746.00 OK
r-oldrel-osx-x86_64 2.1.1 NOTE

Additional issues

clang-UBSAN

Check Details

Version: 2.1.1
Check: DESCRIPTION meta-information
Result: NOTE
    BugReports field should be the URL of a single webpage
Flavors: r-devel-linux-x86_64-debian-clang, r-devel-windows-ix86+x86_64, r-patched-linux-x86_64, r-release-linux-x86_64, r-release-windows-ix86+x86_64

Version: 2.1.1
Check: compiled code
Result: NOTE
    File ‘Rmixmod/libs/Rmixmod.so’:
     Found no calls to: ‘R_registerRoutines’, ‘R_useDynamicSymbols’
    
    It is good practice to register native routines and to disable symbol
    search.
    
    See ‘Writing portable packages’ in the ‘Writing R Extensions’ manual.
Flavors: r-devel-linux-x86_64-debian-clang, r-patched-linux-x86_64, r-release-linux-x86_64

Version: 2.1.2
Check: whether package can be installed
Result: ERROR
    Installation failed.
Flavor: r-devel-linux-x86_64-debian-gcc

Version: 2.1.2
Check: installed package size
Result: NOTE
     installed size is 40.1Mb
     sub-directories of 1Mb or more:
     libs 39.1Mb
Flavors: r-devel-linux-x86_64-fedora-clang, r-devel-linux-x86_64-fedora-gcc, r-release-osx-x86_64

Version: 2.1.2
Check: compilation flags in Makevars
Result: WARN
    Non-portable flags in variable 'PKG_CXXFLAGS':
     -Wno-ignored-attributes
Flavors: r-devel-linux-x86_64-fedora-clang, r-devel-linux-x86_64-fedora-gcc

Version: 2.1.2
Check: compilation flags used
Result: WARN
    Compilation used the following non-portable flag(s):
     ‘-Wno-ignored-attributes’
    including flag(s) suppressing warnings
Flavors: r-devel-linux-x86_64-fedora-clang, r-devel-linux-x86_64-fedora-gcc

Version: 2.1.1
Check: installed package size
Result: NOTE
     installed size is 14.7Mb
     sub-directories of 1Mb or more:
     libs 13.9Mb
Flavor: r-oldrel-osx-x86_64