CRAN Package Check Results for Package Rmixmod

Last updated on 2020-07-08 16:49:36 CEST.

Flavor Version Tinstall Tcheck Ttotal Status Flags
r-devel-linux-x86_64-debian-clang 2.1.5 525.84 62.01 587.85 OK
r-devel-linux-x86_64-debian-gcc 2.1.5 441.95 69.91 511.86 OK
r-devel-linux-x86_64-fedora-clang 2.1.5 906.42 NOTE
r-devel-linux-x86_64-fedora-gcc 2.1.5 824.71 OK
r-devel-windows-ix86+x86_64 2.1.5 963.00 189.00 1152.00 OK
r-patched-linux-x86_64 2.1.5 457.99 88.16 546.15 OK
r-patched-solaris-x86 2.1.5 808.20 OK
r-release-linux-x86_64 2.1.5 443.30 87.45 530.75 OK
r-release-osx-x86_64 2.1.5 NOTE
r-release-windows-ix86+x86_64 2.1.5 1003.00 213.00 1216.00 OK
r-oldrel-osx-x86_64 2.1.5 ERROR
r-oldrel-windows-ix86+x86_64 2.1.5 962.00 155.00 1117.00 OK

Additional issues

clang-UBSAN gcc-UBSAN

Check Details

Version: 2.1.5
Check: installed package size
Result: NOTE
     installed size is 40.5Mb
     sub-directories of 1Mb or more:
     libs 39.6Mb
Flavors: r-devel-linux-x86_64-fedora-clang, r-release-osx-x86_64

Version: 2.1.5
Check: whether package can be installed
Result: ERROR
    Installation failed.
Flavor: r-oldrel-osx-x86_64