CRAN Package Check Results for Package Rmixmod

Last updated on 2016-06-28 21:47:01.

Flavor Version Tinstall Tcheck Ttotal Status Flags
r-devel-linux-x86_64-debian-gcc 2.0.3 169.58 52.22 221.80 NOTE
r-devel-linux-x86_64-fedora-clang 2.0.3 368.96 NOTE
r-devel-linux-x86_64-fedora-gcc 2.0.3 265.33 NOTE
r-devel-osx-x86_64-clang 2.0.3 232.32 OK
r-devel-windows-ix86+x86_64 2.0.3 510.00 192.00 702.00 OK
r-patched-linux-x86_64 2.0.3 95.15 51.71 146.86 NOTE
r-patched-solaris-sparc 2.0.3 1701.90 NOTE
r-patched-solaris-x86 2.0.3 315.60 NOTE
r-release-linux-x86_64 2.0.3 89.87 50.37 140.24 NOTE
r-release-osx-x86_64-mavericks 2.0.3 NOTE
r-release-windows-ix86+x86_64 2.0.3 487.00 189.00 676.00 OK
r-oldrel-windows-ix86+x86_64 2.0.3 444.00 190.00 634.00 OK

Check Details

Version: 2.0.3
Check: installed package size
Result: NOTE
     installed size is 12.9Mb
     sub-directories of 1Mb or more:
     libs 12.2Mb
Flavors: r-devel-linux-x86_64-debian-gcc, r-devel-linux-x86_64-fedora-clang, r-devel-linux-x86_64-fedora-gcc, r-patched-linux-x86_64, r-patched-solaris-sparc, r-patched-solaris-x86, r-release-linux-x86_64, r-release-osx-x86_64-mavericks