CRAN Package Check Results for Package Rmixmod

Last updated on 2017-08-18 12:52:47.

Flavor Version Tinstall Tcheck Ttotal Status Flags
r-devel-linux-x86_64-debian-clang 2.1.1 182.61 42.15 224.76 NOTE
r-devel-linux-x86_64-debian-gcc 2.1.1 200.87 40.52 241.39 NOTE
r-devel-linux-x86_64-fedora-clang 2.1.1 489.78 NOTE
r-devel-linux-x86_64-fedora-gcc 2.1.1 469.08 NOTE
r-devel-windows-ix86+x86_64 2.1.1 493.00 193.00 686.00 NOTE
r-patched-linux-x86_64 2.1.1 197.48 40.55 238.03 NOTE
r-patched-solaris-x86 2.1.1 433.60 NOTE
r-release-linux-x86_64 2.1.1 198.20 40.89 239.09 NOTE
r-release-windows-ix86+x86_64 2.1.1 649.00 188.00 837.00 NOTE
r-release-osx-x86_64 2.1.1 NOTE
r-oldrel-windows-ix86+x86_64 2.1.1 499.00 149.00 648.00 OK
r-oldrel-osx-x86_64 2.1.1 NOTE

Check Details

Version: 2.1.1
Check: DESCRIPTION meta-information
Result: NOTE
    BugReports field should be the URL of a single webpage
Flavors: r-devel-linux-x86_64-debian-clang, r-devel-linux-x86_64-debian-gcc, r-devel-linux-x86_64-fedora-clang, r-devel-linux-x86_64-fedora-gcc, r-devel-windows-ix86+x86_64, r-patched-linux-x86_64, r-patched-solaris-x86, r-release-linux-x86_64, r-release-windows-ix86+x86_64, r-release-osx-x86_64

Version: 2.1.1
Check: compiled code
Result: NOTE
    File ‘Rmixmod/libs/Rmixmod.so’:
     Found no calls to: ‘R_registerRoutines’, ‘R_useDynamicSymbols’
    
    It is good practice to register native routines and to disable symbol
    search.
    
    See ‘Writing portable packages’ in the ‘Writing R Extensions’ manual.
Flavors: r-devel-linux-x86_64-debian-clang, r-devel-linux-x86_64-debian-gcc, r-devel-linux-x86_64-fedora-clang, r-devel-linux-x86_64-fedora-gcc, r-patched-linux-x86_64, r-release-linux-x86_64

Version: 2.1.1
Check: installed package size
Result: NOTE
     installed size is 12.0Mb
     sub-directories of 1Mb or more:
     libs 11.1Mb
Flavors: r-devel-linux-x86_64-fedora-clang, r-devel-linux-x86_64-fedora-gcc, r-release-osx-x86_64, r-oldrel-osx-x86_64