CRAN Package Check Results for Package Rmixmod

Last updated on 2016-08-25 18:47:31.

Flavor Version Tinstall Tcheck Ttotal Status Flags
r-devel-linux-x86_64-debian-clang 2.1.0 130.31 54.66 184.97 NOTE
r-devel-linux-x86_64-debian-gcc 2.1.0 130.58 53.86 184.45 NOTE
r-devel-linux-x86_64-fedora-clang 2.1.0 393.18 NOTE
r-devel-linux-x86_64-fedora-gcc 2.1.1 387.22 NOTE
r-devel-osx-x86_64-clang 2.1.1 220.87 OK
r-devel-windows-ix86+x86_64 2.1.0 671.00 104.00 775.00 OK
r-patched-linux-x86_64 2.1.0 134.60 46.15 180.75 NOTE
r-patched-solaris-sparc 2.1.0 1976.90 OK
r-patched-solaris-x86 2.1.0 387.90 OK
r-release-linux-x86_64 2.1.0 137.74 45.83 183.57 NOTE
r-release-osx-x86_64-mavericks 2.1.0 NOTE
r-release-windows-ix86+x86_64 2.1.0 669.00 123.00 792.00 OK
r-oldrel-windows-ix86+x86_64 2.1.0 77.00 2.00 79.00 ERROR

Memtest notes: clang-UBSAN

Check Details

Version: 2.1.0
Check: installed package size
Result: NOTE
     installed size is 5.3Mb
     sub-directories of 1Mb or more:
     libs 4.5Mb
Flavors: r-devel-linux-x86_64-debian-clang, r-devel-linux-x86_64-debian-gcc, r-devel-linux-x86_64-fedora-clang, r-patched-linux-x86_64, r-release-linux-x86_64, r-release-osx-x86_64-mavericks

Version: 2.1.1
Check: installed package size
Result: NOTE
     installed size is 13.9Mb
     sub-directories of 1Mb or more:
     libs 13.1Mb
Flavor: r-devel-linux-x86_64-fedora-gcc

Version: 2.1.0
Check: whether package can be installed
Result: ERROR
    Installation failed.
Flavor: r-oldrel-windows-ix86+x86_64