CRAN Package Check Results for Package Rmixmod

Last updated on 2016-07-27 02:47:14.

Flavor Version Tinstall Tcheck Ttotal Status Flags
r-devel-linux-x86_64-debian-clang 2.1.0 174.54 52.10 226.64 NOTE
r-devel-linux-x86_64-debian-gcc 2.1.0 187.36 50.49 237.85 NOTE
r-devel-linux-x86_64-fedora-clang 2.1.0 378.31 NOTE
r-devel-linux-x86_64-fedora-gcc 2.1.0 346.86 NOTE
r-devel-osx-x86_64-clang 2.1.0 242.99 OK
r-devel-windows-ix86+x86_64 2.1.0 676.00 126.00 802.00 OK
r-patched-linux-x86_64 2.1.0 154.26 50.60 204.86 NOTE
r-patched-solaris-sparc 2.1.0 1976.90 OK
r-patched-solaris-x86 2.1.0 384.20 OK
r-release-linux-x86_64 2.1.0 156.65 51.76 208.41 NOTE
r-release-osx-x86_64-mavericks 2.1.0 NOTE
r-release-windows-ix86+x86_64 2.1.0 665.00 126.00 791.00 OK
r-oldrel-windows-ix86+x86_64 2.1.0 102.00 2.00 104.00 ERROR

Check Details

Version: 2.1.0
Check: installed package size
Result: NOTE
     installed size is 10.0Mb
     sub-directories of 1Mb or more:
     libs 9.2Mb
Flavors: r-devel-linux-x86_64-debian-clang, r-devel-linux-x86_64-debian-gcc, r-devel-linux-x86_64-fedora-clang, r-devel-linux-x86_64-fedora-gcc, r-patched-linux-x86_64, r-release-linux-x86_64, r-release-osx-x86_64-mavericks

Version: 2.1.0
Check: whether package can be installed
Result: ERROR
    Installation failed.
Flavor: r-oldrel-windows-ix86+x86_64