CRAN Package Check Results for Package Rmixmod

Last updated on 2015-04-26 19:47:30.

Flavor Version Tinstall Tcheck Ttotal Status Flags
r-devel-linux-x86_64-debian-clang 2.0.2 80.20 43.23 123.42 NOTE
r-devel-linux-x86_64-debian-gcc 2.0.2 94.80 42.95 137.75 NOTE
r-devel-linux-x86_64-fedora-clang 2.0.2 332.04 NOTE
r-devel-linux-x86_64-fedora-gcc 2.0.2 255.67 NOTE
r-devel-osx-x86_64-clang 2.0.2 225.76 NOTE
r-devel-windows-ix86+x86_64 2.0.2 312.00 157.00 469.00 NOTE
r-patched-linux-x86_64 2.0.2 98.66 43.35 142.01 NOTE
r-patched-solaris-sparc 2.0.2 1818.70 NOTE
r-patched-solaris-x86 2.0.2 352.60 NOTE
r-release-linux-x86_64 2.0.2 95.07 42.85 137.92 NOTE
r-release-osx-x86_64-mavericks 2.0.2 NOTE
r-release-osx-x86_64-snowleopard 2.0.2 NOTE
r-release-windows-ix86+x86_64 2.0.2 224.00 164.00 388.00 NOTE
r-oldrel-windows-ix86+x86_64 2.0.2 236.00 167.00 403.00 OK

Check Details

Version: 2.0.2
Check: installed package size
Result: NOTE
     installed size is 8.4Mb
     sub-directories of 1Mb or more:
     libs 7.8Mb
Flavors: r-devel-linux-x86_64-debian-clang, r-devel-linux-x86_64-fedora-clang, r-devel-linux-x86_64-fedora-gcc, r-patched-solaris-sparc, r-patched-solaris-x86, r-release-osx-x86_64-mavericks, r-release-osx-x86_64-snowleopard

Version: 2.0.2
Check: DESCRIPTION meta-information
Result: NOTE
    Malformed Description field: should contain one or more complete sentences.
Flavors: r-devel-linux-x86_64-debian-clang, r-devel-linux-x86_64-fedora-clang, r-devel-linux-x86_64-fedora-gcc, r-devel-osx-x86_64-clang, r-devel-windows-ix86+x86_64, r-patched-solaris-sparc, r-patched-solaris-x86, r-release-osx-x86_64-mavericks, r-release-osx-x86_64-snowleopard, r-release-windows-ix86+x86_64