CRAN Package Check Results for Package Rmixmod

Last updated on 2014-10-25 23:46:51.

Flavor Version Tinstall Tcheck Ttotal Status Flags
r-devel-linux-x86_64-debian-clang 2.0.2 76.92 47.23 124.15 NOTE
r-devel-linux-x86_64-debian-gcc 2.0.2 96.30 45.90 142.20 NOTE
r-devel-linux-x86_64-fedora-clang 2.0.2 336.34 NOTE
r-devel-linux-x86_64-fedora-gcc 2.0.2 260.71 NOTE
r-devel-osx-x86_64-clang 2.0.2 219.82 OK
r-devel-windows-ix86+x86_64 2.0.2 290.00 151.00 441.00 OK
r-patched-linux-x86_64 2.0.2 94.98 47.06 142.04 NOTE
r-patched-solaris-sparc 2.0.2 1822.90 NOTE
r-patched-solaris-x86 2.0.2 357.20 NOTE
r-release-linux-ix86 2.0.2 126.18 71.40 197.59 NOTE
r-release-linux-x86_64 2.0.2 94.30 47.37 141.66 NOTE
r-release-osx-x86_64-mavericks 2.0.2 NOTE
r-release-osx-x86_64-snowleopard 2.0.2 NOTE
r-release-windows-ix86+x86_64 2.0.2 274.00 183.00 457.00 OK
r-oldrel-windows-ix86+x86_64 2.0.2 274.00 279.00 553.00 OK

Check Details

Version: 2.0.2
Check: installed package size
Result: NOTE
     installed size is 8.5Mb
     sub-directories of 1Mb or more:
     libs 7.8Mb
Flavors: r-devel-linux-x86_64-debian-clang, r-devel-linux-x86_64-debian-gcc, r-devel-linux-x86_64-fedora-clang, r-devel-linux-x86_64-fedora-gcc, r-patched-linux-x86_64, r-patched-solaris-sparc, r-patched-solaris-x86, r-release-linux-ix86, r-release-linux-x86_64, r-release-osx-x86_64-mavericks, r-release-osx-x86_64-snowleopard