CRAN Package Check Results for Package Rmixmod

Last updated on 2017-06-22 19:47:22.

Flavor Version Tinstall Tcheck Ttotal Status Flags
r-devel-linux-x86_64-debian-clang 2.1.1 185.72 41.40 227.12 NOTE
r-devel-linux-x86_64-debian-gcc 2.1.1 201.02 41.22 242.23 NOTE
r-devel-linux-x86_64-fedora-clang 2.1.1 474.13 NOTE
r-devel-linux-x86_64-fedora-gcc 2.1.1 450.16 NOTE
r-devel-windows-ix86+x86_64 2.1.1 684.00 154.00 838.00 NOTE
r-patched-linux-x86_64 2.1.1 146.50 41.65 188.15 NOTE
r-patched-solaris-sparc 2.1.1 2033.40 NOTE
r-patched-solaris-x86 2.1.1 401.20 NOTE
r-release-linux-x86_64 2.1.1 146.87 41.11 187.98 NOTE
r-release-windows-ix86+x86_64 2.1.1 725.00 185.00 910.00 NOTE
r-release-osx-x86_64 2.1.1 NOTE
r-oldrel-windows-ix86+x86_64 2.1.1 715.00 132.00 847.00 OK
r-oldrel-osx-x86_64 2.1.1 NOTE

Check Details

Version: 2.1.1
Check: DESCRIPTION meta-information
Result: NOTE
    BugReports field should be the URL of a single webpage
Flavors: r-devel-linux-x86_64-debian-clang, r-devel-linux-x86_64-debian-gcc, r-devel-linux-x86_64-fedora-clang, r-devel-linux-x86_64-fedora-gcc, r-devel-windows-ix86+x86_64, r-patched-linux-x86_64, r-patched-solaris-sparc, r-patched-solaris-x86, r-release-linux-x86_64, r-release-windows-ix86+x86_64, r-release-osx-x86_64

Version: 2.1.1
Check: compiled code
Result: NOTE
    File ‘Rmixmod/libs/Rmixmod.so’:
     Found no calls to: ‘R_registerRoutines’, ‘R_useDynamicSymbols’
    
    It is good practice to register native routines and to disable symbol
    search.
    
    See ‘Writing portable packages’ in the ‘Writing R Extensions’ manual.
Flavors: r-devel-linux-x86_64-debian-clang, r-devel-linux-x86_64-debian-gcc, r-devel-linux-x86_64-fedora-clang, r-devel-linux-x86_64-fedora-gcc, r-patched-linux-x86_64, r-release-linux-x86_64

Version: 2.1.1
Check: installed package size
Result: NOTE
     installed size is 11.8Mb
     sub-directories of 1Mb or more:
     libs 11.0Mb
Flavors: r-devel-linux-x86_64-fedora-clang, r-devel-linux-x86_64-fedora-gcc, r-release-osx-x86_64, r-oldrel-osx-x86_64