CRAN Package Check Results for Package Rmosek

Last updated on 2017-02-20 22:59:19.

Flavor Version Tinstall Tcheck Ttotal Status Flags
r-devel-linux-x86_64-debian-clang 1.2.5.1 0.60 9.48 10.09 NOTE --install=no
r-devel-linux-x86_64-debian-gcc 1.2.5.1 0.60 9.17 9.77 NOTE --install=no
r-devel-linux-x86_64-fedora-clang 1.2.5.1 100.23 NOTE --no-stop-on-test-error
r-devel-macos-x86_64-clang 1.2.5.1 71.58 WARN --no-stop-on-test-error
r-patched-linux-x86_64 1.2.5.1 0.55 8.44 8.99 NOTE --install=no
r-release-linux-x86_64 1.2.5.1 0.52 8.56 9.08 NOTE --install=no
r-release-osx-x86_64-mavericks 1.2.5.1 ERROR
r-release-windows-ix86+x86_64 1.2.5.1 3.00 4.00 7.00 ERROR

Check Details

Version: 1.2.5.1
Flags: --install=no
Check: top-level files
Result: NOTE
    Non-standard files/directories found at top level:
     ‘COPYING.LGPL’ ‘configure_script.R’
Flavors: r-devel-linux-x86_64-debian-clang, r-devel-linux-x86_64-debian-gcc, r-patched-linux-x86_64, r-release-linux-x86_64

Version: 1.2.5.1
Flags: --no-stop-on-test-error
Check: top-level files
Result: NOTE
    Non-standard files/directories found at top level:
     ‘COPYING.LGPL’ ‘configure_script.R’
Flavor: r-devel-linux-x86_64-fedora-clang

Version: 1.2.5.1
Flags: --no-stop-on-test-error
Check: R code for possible problems
Result: NOTE
    mosek: no visible global function definition for ‘help’
    mosek_lptoprob: no visible global function definition for ‘is’
    mosek_lptoprob: no visible global function definition for ‘as’
    mosek_qptoprob: no visible global function definition for ‘is’
    mosek_qptoprob: no visible global function definition for ‘as’
    mosek_read: no visible global function definition for ‘help’
    mosek_write: no visible global function definition for ‘help’
    obtain_sparsematrix: no visible global function definition for ‘is’
    obtain_sparsematrix: no visible global function definition for ‘as’
    Undefined global functions or variables:
     as help is
    Consider adding
     importFrom("methods", "as", "is")
     importFrom("utils", "help")
    to your NAMESPACE file (and ensure that your DESCRIPTION Imports field
    contains 'methods').
Flavors: r-devel-linux-x86_64-fedora-clang, r-devel-macos-x86_64-clang

Version: 1.2.5.1
Flags: --no-stop-on-test-error
Check: compiled code
Result: NOTE
    File ‘Rmosek/libs/Rmosek.so’:
     Found no call to: ‘R_useDynamicSymbols’
    
    It is good practice to register native routines and to disable symbol
    search.
    
    See ‘Writing portable packages’ in the ‘Writing R Extensions’ manual.
Flavors: r-devel-linux-x86_64-fedora-clang, r-devel-macos-x86_64-clang

Version: 1.2.5.1
Flags: --no-stop-on-test-error
Check: whether package can be installed
Result: WARN
    Found the following significant warnings:
     /opt/mosek/6/tools/platform/osx64x86/h/mosek.h:2062:27: warning: 'long long' is a C++11 extension [-Wc++11-long-long]
Flavor: r-devel-macos-x86_64-clang

Version: 1.2.5.1
Check: whether package can be installed
Result: ERROR
    Installation failed.
Flavors: r-release-osx-x86_64-mavericks, r-release-windows-ix86+x86_64