CRAN Package Check Results for Package Rmosek

Last updated on 2018-04-25 19:47:24 CEST.

Flavor Version Tinstall Tcheck Ttotal Status Flags
r-devel-linux-x86_64-debian-clang 1.2.5.1 0.76 13.65 14.41 NOTE --install=no
r-devel-linux-x86_64-debian-gcc 1.2.5.1 0.58 10.76 11.34 NOTE --install=no
r-devel-windows-ix86+x86_64 1.2.5.1 2.00 4.00 6.00 ERROR
r-patched-linux-x86_64 1.2.5.1 0.67 13.38 14.05 NOTE --install=no
r-release-linux-x86_64 1.2.5.1 0.67 13.47 14.14 NOTE --install=no
r-release-windows-ix86+x86_64 1.2.5.1 2.00 4.00 6.00 ERROR
r-release-osx-x86_64 1.2.5.1 ERROR
r-oldrel-osx-x86_64 1.2.5.1 ERROR

Check Details

Version: 1.2.5.1
Flags: --install=no
Check: top-level files
Result: NOTE
    Non-standard files/directories found at top level:
     ‘COPYING.LGPL’ ‘configure_script.R’
Flavors: r-devel-linux-x86_64-debian-clang, r-devel-linux-x86_64-debian-gcc, r-patched-linux-x86_64, r-release-linux-x86_64

Version: 1.2.5.1
Check: whether package can be installed
Result: ERROR
    Installation failed.
Flavors: r-devel-windows-ix86+x86_64, r-release-windows-ix86+x86_64, r-release-osx-x86_64, r-oldrel-osx-x86_64