CRAN Package Check Results for Package Rmosek

Last updated on 2018-02-22 16:48:00 CET.

Flavor Version Tinstall Tcheck Ttotal Status Flags
r-devel-linux-x86_64-debian-clang 1.2.5.1 0.68 12.17 12.85 NOTE --install=no
r-devel-linux-x86_64-debian-gcc 1.2.5.1 0.56 10.51 11.07 NOTE --install=no
r-devel-windows-ix86+x86_64 1.2.5.1 2.00 4.00 6.00 ERROR
r-patched-linux-x86_64 1.2.5.1 0.84 13.75 14.59 NOTE --install=no
r-release-linux-x86_64 1.2.5.1 0.73 13.67 14.40 NOTE --install=no
r-release-osx-x86_64 1.2.5.1 ERROR
r-oldrel-windows-ix86+x86_64 1.2.5.1 3.00 4.00 7.00 ERROR
r-oldrel-osx-x86_64 1.2.5.1 ERROR

Check Details

Version: 1.2.5.1
Flags: --install=no
Check: top-level files
Result: NOTE
    Non-standard files/directories found at top level:
     ‘COPYING.LGPL’ ‘configure_script.R’
Flavors: r-devel-linux-x86_64-debian-clang, r-devel-linux-x86_64-debian-gcc, r-patched-linux-x86_64, r-release-linux-x86_64

Version: 1.2.5.1
Check: whether package can be installed
Result: ERROR
    Installation failed.
Flavors: r-devel-windows-ix86+x86_64, r-release-osx-x86_64, r-oldrel-windows-ix86+x86_64, r-oldrel-osx-x86_64