CRAN Package Check Results for Package Rmosek

Last updated on 2014-09-22 11:56:34.

Flavor Version Tinstall Tcheck Ttotal Status Flags
r-devel-linux-x86_64-debian-clang 1.2.5.1 7.89 7.89 NOTE --install=no
r-devel-linux-x86_64-debian-gcc 1.2.5.1 7.81 7.81 NOTE --install=no
r-devel-linux-x86_64-fedora-clang 1.2.5.1 121.14 NOTE
r-devel-linux-x86_64-fedora-gcc 1.2.5.1 111.35 NOTE
r-patched-linux-x86_64 1.2.5.1 7.88 7.88 NOTE --install=no
r-release-linux-ix86 1.2.5.1 8.69 8.69 OK --install=no
r-release-linux-x86_64 1.2.5.1 8.08 8.08 NOTE --install=no
r-release-osx-x86_64-mavericks 1.2.5.1 ERROR
r-release-osx-x86_64-snowleopard 1.2.5.1 ERROR

Check Details

Version: 1.2.5.1
Flags: --install=no
Check: top-level files
Result: NOTE
    Non-standard files/directories found at top level:
     ‘COPYING.LGPL’ ‘configure_script.R’
Flavors: r-devel-linux-x86_64-debian-clang, r-devel-linux-x86_64-debian-gcc, r-patched-linux-x86_64, r-release-linux-x86_64

Version: 1.2.5.1
Check: top-level files
Result: NOTE
    Non-standard files/directories found at top level:
     ‘COPYING.LGPL’ ‘configure_script.R’
Flavors: r-devel-linux-x86_64-fedora-clang, r-devel-linux-x86_64-fedora-gcc

Version: 1.2.5.1
Check: whether package can be installed
Result: ERROR
    Installation failed.
Flavors: r-release-osx-x86_64-mavericks, r-release-osx-x86_64-snowleopard