CRAN Package Check Results for Package Rmosek

Last updated on 2018-06-20 07:47:55 CEST.

Flavor Version Tinstall Tcheck Ttotal Status Flags
r-devel-linux-x86_64-debian-clang 1.2.5.1 0.79 14.01 14.80 NOTE --install=no
r-devel-linux-x86_64-debian-gcc 1.2.5.1 0.63 11.05 11.68 NOTE --install=no
r-patched-linux-x86_64 1.2.5.1 0.64 13.80 14.44 NOTE --install=no
r-release-linux-x86_64 1.2.5.1 0.79 13.70 14.49 NOTE --install=no
r-release-windows-ix86+x86_64 1.2.5.1 2.00 4.00 6.00 ERROR
r-release-osx-x86_64 1.2.5.1 ERROR
r-oldrel-osx-x86_64 1.2.5.1 ERROR

Check Details

Version: 1.2.5.1
Flags: --install=no
Check: top-level files
Result: NOTE
    Non-standard files/directories found at top level:
     ‘COPYING.LGPL’ ‘configure_script.R’
Flavors: r-devel-linux-x86_64-debian-clang, r-devel-linux-x86_64-debian-gcc, r-patched-linux-x86_64, r-release-linux-x86_64

Version: 1.2.5.1
Check: whether package can be installed
Result: ERROR
    Installation failed.
Flavors: r-release-windows-ix86+x86_64, r-release-osx-x86_64, r-oldrel-osx-x86_64