CRAN Package Check Results for Package Rmosek

Last updated on 2015-08-28 03:48:35.

Flavor Version Tinstall Tcheck Ttotal Status Flags
r-devel-linux-x86_64-debian-clang 1.2.5.1 0.48 7.50 7.98 NOTE --install=no
r-devel-linux-x86_64-debian-gcc 1.2.5.1 0.42 7.49 7.91 NOTE --install=no
r-devel-linux-x86_64-fedora-clang 1.2.5.1 91.29 NOTE
r-patched-linux-x86_64 1.2.5.1 0.54 7.64 8.18 NOTE --install=no
r-release-linux-x86_64 1.2.5.1 0.47 7.77 8.24 NOTE --install=no
r-release-osx-x86_64-mavericks 1.2.5.1 ERROR

Check Details

Version: 1.2.5.1
Flags: --install=no
Check: top-level files
Result: NOTE
    Non-standard files/directories found at top level:
     ‘COPYING.LGPL’ ‘configure_script.R’
Flavors: r-devel-linux-x86_64-debian-clang, r-devel-linux-x86_64-debian-gcc, r-patched-linux-x86_64, r-release-linux-x86_64

Version: 1.2.5.1
Check: top-level files
Result: NOTE
    Non-standard files/directories found at top level:
     ‘COPYING.LGPL’ ‘configure_script.R’
Flavor: r-devel-linux-x86_64-fedora-clang

Version: 1.2.5.1
Check: R code for possible problems
Result: NOTE
    mosek: no visible global function definition for ‘help’
    mosek_lptoprob: no visible global function definition for ‘is’
    mosek_lptoprob: no visible global function definition for ‘as’
    mosek_qptoprob: no visible global function definition for ‘is’
    mosek_qptoprob: no visible global function definition for ‘as’
    mosek_read: no visible global function definition for ‘help’
    mosek_write: no visible global function definition for ‘help’
    obtain_sparsematrix: no visible global function definition for ‘is’
    obtain_sparsematrix: no visible global function definition for ‘as’
    Undefined global functions or variables:
     as help is
    Consider adding
     importFrom("methods", "as", "is")
     importFrom("utils", "help")
    to your NAMESPACE (and ensure that your DESCRIPTION Imports field
    contains 'methods').
Flavor: r-devel-linux-x86_64-fedora-clang

Version: 1.2.5.1
Check: whether package can be installed
Result: ERROR
    Installation failed.
Flavor: r-release-osx-x86_64-mavericks