CRAN Package Check Results for Package Rmosek

Last updated on 2014-04-24 23:48:11.

Flavor Version Tinstall Tcheck Ttotal Status Flags
r-devel-linux-x86_64-debian-clang 1.2.5.1 5.91 5.91 OK --install=no
r-devel-linux-x86_64-debian-gcc 1.2.5.1 5.89 5.89 OK --install=no
r-devel-linux-x86_64-fedora-clang 1.2.5.1 123.58 NOTE
r-devel-linux-x86_64-fedora-gcc 1.2.5.1 118.96 NOTE
r-devel-osx-x86_64-gcc 1.2.5.1 ERROR
r-patched-linux-x86_64 1.2.5.1 5.90 5.90 OK --install=no
r-release-linux-ix86 1.2.5.1 12.00 12.00 OK --install=no
r-release-linux-x86_64 1.2.5.1 5.98 5.98 OK --install=no
r-release-osx-x86_64-mavericks 1.2.5.1 ERROR
r-release-osx-x86_64-snowleopard 1.2.5.1 ERROR

Check Details

Version: 1.2.5.1
Check: top-level files
Result: NOTE
    Non-standard files/directories found at top level:
     ‘COPYING.LGPL’ ‘configure_script.R’
Flavors: r-devel-linux-x86_64-fedora-clang, r-devel-linux-x86_64-fedora-gcc

Version: 1.2.5.1
Check: whether package can be installed
Result: ERROR
    Installation failed.
    See ‘/Volumes/XT3/Builds/R-dev-web/QA/Simon/packages/snowleopard-x86_64/results/3.2/Rmosek.Rcheck/00install.out’ for details.
Flavor: r-devel-osx-x86_64-gcc

Version: 1.2.5.1
Check: whether package can be installed
Result: ERROR
    Installation failed.
    See ‘/Builds/CRAN-QA-Simon/packages/mavericks-x86_64/results/3.1/Rmosek.Rcheck/00install.out’ for details.
Flavor: r-release-osx-x86_64-mavericks

Version: 1.2.5.1
Check: whether package can be installed
Result: ERROR
    Installation failed.
    See ‘/Volumes/XT3/Builds/R-dev-web/QA/Simon/packages/snowleopard-x86_64/results/3.1/Rmosek.Rcheck/00install.out’ for details.
Flavor: r-release-osx-x86_64-snowleopard