CRAN Package Check Results for Package Rmosek

Last updated on 2014-11-22 08:49:49.

Flavor Version Tinstall Tcheck Ttotal Status Flags
r-devel-linux-x86_64-debian-clang 1.2.5.1 0.54 8.00 8.54 NOTE --install=no
r-devel-linux-x86_64-debian-gcc 1.2.5.1 0.48 8.15 8.63 NOTE --install=no
r-devel-linux-x86_64-fedora-clang 1.2.5.1 121.16 NOTE
r-devel-linux-x86_64-fedora-gcc 1.2.5.1 115.01 NOTE
r-patched-linux-x86_64 1.2.5.1 0.53 8.15 8.68 NOTE --install=no
r-release-linux-ix86 1.2.5.1 1.10 8.42 9.53 OK --install=no
r-release-linux-x86_64 1.2.5.1 0.51 8.45 8.96 NOTE --install=no
r-release-osx-x86_64-mavericks 1.2.5.1 ERROR
r-release-osx-x86_64-snowleopard 1.2.5.1 ERROR

Check Details

Version: 1.2.5.1
Flags: --install=no
Check: top-level files
Result: NOTE
    Non-standard files/directories found at top level:
     ‘COPYING.LGPL’ ‘configure_script.R’
Flavors: r-devel-linux-x86_64-debian-clang, r-devel-linux-x86_64-debian-gcc, r-patched-linux-x86_64, r-release-linux-x86_64

Version: 1.2.5.1
Check: top-level files
Result: NOTE
    Non-standard files/directories found at top level:
     ‘COPYING.LGPL’ ‘configure_script.R’
Flavors: r-devel-linux-x86_64-fedora-clang, r-devel-linux-x86_64-fedora-gcc

Version: 1.2.5.1
Check: whether package can be installed
Result: ERROR
    Installation failed.
Flavors: r-release-osx-x86_64-mavericks, r-release-osx-x86_64-snowleopard