CRAN Package Check Results for Package Rmosek

Last updated on 2014-07-26 03:50:12.

Flavor Version Tinstall Tcheck Ttotal Status Flags
r-devel-linux-x86_64-debian-clang 1.2.5.1 5.54 5.54 OK --install=no
r-devel-linux-x86_64-debian-gcc 1.2.5.1 5.52 5.52 OK --install=no
r-devel-linux-x86_64-fedora-clang 1.2.5.1 120.39 NOTE
r-devel-linux-x86_64-fedora-gcc 1.2.5.1 114.40 NOTE
r-patched-linux-x86_64 1.2.5.1 5.61 5.61 OK --install=no
r-release-linux-ix86 1.2.5.1 8.33 8.33 OK --install=no
r-release-linux-x86_64 1.2.5.1 5.59 5.59 OK --install=no
r-release-osx-x86_64-mavericks 1.2.5.1 ERROR
r-release-osx-x86_64-snowleopard 1.2.5.1 ERROR

Check Details

Version: 1.2.5.1
Check: top-level files
Result: NOTE
    Non-standard files/directories found at top level:
     ‘COPYING.LGPL’ ‘configure_script.R’
Flavors: r-devel-linux-x86_64-fedora-clang, r-devel-linux-x86_64-fedora-gcc

Version: 1.2.5.1
Check: whether package can be installed
Result: ERROR
    Installation failed.
    See ‘/Builds/CRAN-QA-Simon/packages/mavericks-x86_64/results/3.1/Rmosek.Rcheck/00install.out’ for details.
Flavor: r-release-osx-x86_64-mavericks

Version: 1.2.5.1
Check: whether package can be installed
Result: ERROR
    Installation failed.
    See ‘/Volumes/XT3/Builds/R-dev-web/QA/Simon/packages/snowleopard-x86_64/results/3.1/Rmosek.Rcheck/00install.out’ for details.
Flavor: r-release-osx-x86_64-snowleopard