CRAN Package Check Results for Package Rmosek

Last updated on 2014-08-22 19:47:56.

Flavor Version Tinstall Tcheck Ttotal Status Flags
r-devel-linux-x86_64-debian-clang 1.2.5.1 5.50 5.50 OK --install=no
r-devel-linux-x86_64-debian-gcc 1.2.5.1 5.43 5.43 OK --install=no
r-devel-linux-x86_64-fedora-clang 1.2.5.1 121.00 NOTE
r-devel-linux-x86_64-fedora-gcc 1.2.5.1 114.78 NOTE
r-patched-linux-x86_64 1.2.5.1 5.45 5.45 OK --install=no
r-release-linux-ix86 1.2.5.1 8.91 8.91 OK --install=no
r-release-linux-x86_64 1.2.5.1 5.58 5.58 OK --install=no
r-release-osx-x86_64-mavericks 1.2.5.1 ERROR
r-release-osx-x86_64-snowleopard 1.2.5.1 ERROR

Check Details

Version: 1.2.5.1
Check: top-level files
Result: NOTE
    Non-standard files/directories found at top level:
     ‘COPYING.LGPL’ ‘configure_script.R’
Flavors: r-devel-linux-x86_64-fedora-clang, r-devel-linux-x86_64-fedora-gcc

Version: 1.2.5.1
Check: whether package can be installed
Result: ERROR
    Installation failed.
Flavors: r-release-osx-x86_64-mavericks, r-release-osx-x86_64-snowleopard