CRAN Package Check Results for Package Rmosek

Last updated on 2015-04-01 21:47:48.

Flavor Version Tinstall Tcheck Ttotal Status Flags
r-devel-linux-x86_64-debian-clang 1.2.5.1 0.55 8.04 8.60 NOTE --install=no
r-devel-linux-x86_64-debian-gcc 1.2.5.1 0.47 7.82 8.29 NOTE --install=no
r-devel-linux-x86_64-fedora-clang 1.2.5.1 97.52 NOTE
r-prerel-linux-x86_64 1.2.5.1 0.57 7.91 8.48 NOTE --install=no
r-release-linux-x86_64 1.2.5.1 0.53 8.02 8.55 NOTE --install=no
r-release-osx-x86_64-mavericks 1.2.5.1 ERROR
r-release-osx-x86_64-snowleopard 1.2.5.1 ERROR

Check Details

Version: 1.2.5.1
Flags: --install=no
Check: top-level files
Result: NOTE
    Non-standard files/directories found at top level:
     ‘COPYING.LGPL’ ‘configure_script.R’
Flavors: r-devel-linux-x86_64-debian-clang, r-devel-linux-x86_64-debian-gcc, r-prerel-linux-x86_64, r-release-linux-x86_64

Version: 1.2.5.1
Check: top-level files
Result: NOTE
    Non-standard files/directories found at top level:
     ‘COPYING.LGPL’ ‘configure_script.R’
Flavor: r-devel-linux-x86_64-fedora-clang

Version: 1.2.5.1
Check: whether package can be installed
Result: ERROR
    Installation failed.
Flavors: r-release-osx-x86_64-mavericks, r-release-osx-x86_64-snowleopard