CRAN Package Check Results for Package Rmpfr

Last updated on 2014-12-19 11:48:45.

Flavor Version Tinstall Tcheck Ttotal Status Flags
r-devel-linux-x86_64-debian-clang 0.5-7 6.41 94.98 101.39 OK
r-devel-linux-x86_64-debian-gcc 0.5-7 5.96 91.13 97.09 OK
r-devel-linux-x86_64-fedora-clang 0.5-7 215.86 OK
r-devel-linux-x86_64-fedora-gcc 0.5-7 186.05 OK
r-devel-osx-x86_64-clang 0.5-7 200.70 OK
r-devel-windows-ix86+x86_64 0.5-7 20.00 210.00 230.00 OK
r-patched-linux-x86_64 0.5-7 6.38 98.95 105.33 OK
r-patched-solaris-sparc 0.5-7 1246.30 OK
r-patched-solaris-x86 0.5-7 255.80 OK
r-release-linux-ix86 0.5-7 8.46 116.61 125.07 OK
r-release-linux-x86_64 0.5-7 6.62 100.16 106.78 OK
r-release-osx-x86_64-mavericks 0.5-7 NOTE
r-release-osx-x86_64-snowleopard 0.5-7 OK
r-release-windows-ix86+x86_64 0.5-7 18.00 220.00 238.00 OK
r-oldrel-windows-ix86+x86_64 0.5-7 19.00 260.00 279.00 OK

Memtest notes: valgrind valgrind

Check Details

Version: 0.5-7
Check: re-building of vignette outputs
Result: NOTE
    Error in re-building vignettes:
     ...
    C code of R package 'Rmpfr': GMP using 64 bits per limb
    
    
    Attaching package: ‘Rmpfr’
    
    The following objects are masked from ‘package:stats’:
    
     dbinom, dnorm, dpois, pnorm
    
    The following objects are masked from ‘package:base’:
    
     cbind, pmax, pmin, rbind
    
    Error in texi2dvi(file = file, pdf = TRUE, clean = clean, quiet = quiet, :
     Running 'texi2dvi' on 'Maechler_useR_2011-abstr.tex' failed.
    LaTeX errors:
    ! LaTeX Error: File `hanging.sty' not found.
    
    Type X to quit or <RETURN> to proceed,
    or enter new name. (Default extension: sty)
    
    est/Rmpfr/vignettes/Maechler_useR_2011-abstr.tex:3: ==> Fatal error occurred,
    no output PDF file produced!
    Calls: buildVignettes -> texi2pdf -> texi2dvi
    Execution halted
Flavor: r-release-osx-x86_64-mavericks