CRAN Package Check Results for Package Rmpfr

Last updated on 2014-04-24 03:47:53.

Flavor Version Tinstall Tcheck Ttotal Status Flags
r-devel-linux-x86_64-debian-clang 0.5-4 6.80 85.96 92.76 OK
r-devel-linux-x86_64-debian-gcc 0.5-4 6.71 85.63 92.34 OK
r-devel-linux-x86_64-fedora-clang 0.5-4 201.79 NOTE
r-devel-linux-x86_64-fedora-gcc 0.5-4 187.58 OK
r-devel-osx-x86_64-clang 0.5-4 160.31 OK
r-devel-osx-x86_64-gcc 0.5-4 NOTE
r-devel-windows-ix86+x86_64 0.5-4 17.00 184.00 201.00 OK
r-patched-linux-x86_64 0.5-4 6.40 86.74 93.14 OK
r-patched-solaris-sparc 0.5-4 1216.60 OK
r-patched-solaris-x86 0.5-4 224.20 OK
r-release-linux-ix86 0.5-4 11.00 134.00 145.00 OK
r-release-linux-x86_64 0.5-4 6.52 88.30 94.83 OK
r-release-osx-x86_64-mavericks 0.5-4 NOTE
r-release-windows-ix86+x86_64 0.5-4 17.00 190.00 207.00 OK
r-oldrel-windows-ix86+x86_64 0.5-4 17.00 196.00 213.00 OK

Memtest notes: UBSAN UBSAN valgrind

Check Details

Version: 0.5-4
Check: foreign function calls
Result: NOTE
    Registration problems:
     symbol ‘ff’ in the local frame:
     .Call(ff, x, y, .Arith.codes[FUN])
     symbol ‘ff’ in the local frame:
     .Call(ff, x, y, .Arith.codes[FUN])
     symbol ‘ff’ in the local frame:
     .Call(ff, x, y, .Compare.codes[FUN])
     symbol ‘ff’ in the local frame:
     .Call(ff, y, x, .Compare.codesRev[FUN])
    See the chapter ‘System and foreign language interfaces’ of the
    ‘Writing R Extensions’ manual.
Flavor: r-devel-linux-x86_64-fedora-clang

Version: 0.5-4
Check: Rd cross-references
Result: NOTE
    Package unavailable to check Rd xrefs: ‘pracma’
Flavor: r-devel-osx-x86_64-gcc

Version: 0.5-4
Check: re-building of vignette outputs
Result: NOTE
    Error in re-building vignettes:
     ...
     %*%, apply, crossprod, matrix, tcrossprod
    
    
    Attaching package: ‘Rmpfr’
    
    The following object is masked from ‘package:stats’:
    
     pnorm
    
    The following objects are masked from ‘package:base’:
    
     cbind, pmax, pmin, rbind
    
    Error in texi2dvi(file = file, pdf = TRUE, clean = clean, quiet = quiet, :
     Running 'texi2dvi' on 'Maechler_useR_2011-abstr.tex' failed.
    LaTeX errors:
    ! LaTeX Error: File `hanging.sty' not found.
    
    Type X to quit or <RETURN> to proceed,
    or enter new name. (Default extension: sty)
    
    est/Rmpfr/vignettes/Maechler_useR_2011-abstr.tex:3: ==> Fatal error occurred,
    no output PDF file produced!
    Calls: buildVignettes -> texi2pdf -> texi2dvi
    Execution halted
Flavor: r-release-osx-x86_64-mavericks