CRAN Package Check Results for Package Rmpfr

Last updated on 2015-04-27 14:46:58.

Flavor Version Tinstall Tcheck Ttotal Status Flags
r-devel-linux-x86_64-debian-clang 0.5-7 5.60 83.42 89.02 OK
r-devel-linux-x86_64-debian-gcc 0.5-7 5.36 82.84 88.21 OK
r-devel-linux-x86_64-fedora-clang 0.5-7 182.48 OK
r-devel-linux-x86_64-fedora-gcc 0.5-7 171.98 OK
r-devel-osx-x86_64-clang 0.5-7 173.08 OK
r-devel-windows-ix86+x86_64 0.5-7 17.00 290.00 307.00 OK
r-patched-linux-x86_64 0.5-7 5.32 82.52 87.84 OK
r-patched-solaris-sparc 0.5-7 1169.70 OK
r-patched-solaris-x86 0.5-7 213.20 OK
r-release-linux-x86_64 0.5-7 5.12 84.12 89.24 OK
r-release-osx-x86_64-mavericks 0.5-7 WARN
r-release-osx-x86_64-snowleopard 0.5-7 OK
r-release-windows-ix86+x86_64 0.5-7 23.00 261.00 284.00 OK
r-oldrel-windows-ix86+x86_64 0.5-7 14.00 230.00 244.00 OK

Memtest notes: valgrind valgrind

Check Details

Version: 0.5-7
Check: Rd cross-references
Result: WARN
    package ‘pracma’ exists but was not installed under R >= 2.10.0 so xrefs cannot be checked
Flavor: r-release-osx-x86_64-mavericks