CRAN Package Check Results for Package Rmpfr

Last updated on 2016-04-30 03:51:24.

Flavor Version Tinstall Tcheck Ttotal Status Flags
r-devel-linux-x86_64-debian-gcc 0.6-0 5.56 86.94 92.50 OK
r-devel-linux-x86_64-fedora-clang 0.6-0 169.86 OK
r-devel-linux-x86_64-fedora-gcc 0.6-0 161.96 OK
r-devel-osx-x86_64-clang 0.6-0 205.19 OK
r-devel-windows-ix86+x86_64 0.6-0 14.00 231.00 245.00 OK
r-patched-linux-x86_64 0.6-0 5.34 85.29 90.63 OK
r-patched-solaris-sparc 0.6-0 1056.20 OK
r-patched-solaris-x86 0.6-0 195.00 OK
r-release-linux-x86_64 0.6-0 5.95 95.41 101.36 OK
r-release-osx-x86_64-mavericks 0.6-0 OK
r-release-windows-ix86+x86_64 0.6-0 17.00 249.00 266.00 OK
r-oldrel-windows-ix86+x86_64 0.6-0 25.00 258.00 283.00 WARN

Memtest notes: valgrind valgrind

Check Details

Version: 0.6-0
Check: S3 generic/method consistency
Result: WARN
    mpfr:
     function(x, precBits, ...)
    mpfr.is.0:
     function(x)
    
    mpfr:
     function(x, precBits, ...)
    mpfr.is.integer:
     function(x)
    
    See section 'Generic functions and methods' in the 'Writing R
    Extensions' manual.
Flavor: r-oldrel-windows-ix86+x86_64

Version: 0.6-0
Check: R code for possible problems
Result: NOTE
    str.mpfr: possible error in nchar(ff, keepNA = FALSE): unused argument
     (keepNA = FALSE)
Flavor: r-oldrel-windows-ix86+x86_64