CRAN Package Check Results for Package Rmpfr

Last updated on 2014-07-24 05:48:32.

Flavor Version Tinstall Tcheck Ttotal Status Flags
r-devel-linux-x86_64-debian-clang 0.5-5 6.64 96.92 103.56 OK
r-devel-linux-x86_64-debian-gcc 0.5-5 6.33 95.38 101.71 OK
r-devel-linux-x86_64-fedora-clang 0.5-5 226.42 OK
r-devel-linux-x86_64-fedora-gcc 0.5-5 212.74 OK
r-devel-osx-x86_64-clang 0.5-5 193.97 OK
r-devel-windows-ix86+x86_64 0.5-5 17.00 211.00 228.00 OK
r-patched-linux-x86_64 0.5-5 6.58 95.33 101.91 OK
r-patched-solaris-sparc 0.5-5 762.70 ERROR
r-patched-solaris-x86 0.5-5 260.00 OK
r-release-linux-ix86 0.5-5 8.83 119.06 127.89 OK
r-release-linux-x86_64 0.5-5 6.64 96.05 102.69 OK
r-release-osx-x86_64-mavericks 0.5-5 NOTE
r-release-osx-x86_64-snowleopard 0.5-5 OK
r-release-windows-ix86+x86_64 0.5-5 18.00 211.00 229.00 OK
r-oldrel-windows-ix86+x86_64 0.5-5 18.00 267.00 285.00 OK

Memtest notes: valgrind

Check Details

Version: 0.5-5
Check: tests
Result: ERROR
    Running the tests in ‘tests/functionals.R’ failed.
    Last 13 lines of output:
     Consider setting 'ord = <n>' (e.g. = 14).
     Time user system elapsed
     Time 0.060 0.004 0.063
     > I2 ## ... Warning ‘no convergence up to order 13’
     Non-convergence message 'no convergence up to order 13; last relative change = 1.285403e-05
     Consider setting 'ord = <n>' (e.g. = 14).'
     1.3964e+33 with absolute error < 1.7949e+28
     > I.db <- list(value = 1.39635503960059e+33, abs.error = 1.79487857478077e+28)
     > stopifnot(
     + all.equal(I2[1:2], I.db, tol = 1e-12)
     + )
     Error: all.equal(I2[1:2], I.db, tol = 1e-12) is not TRUE
     Execution halted
Flavor: r-patched-solaris-sparc

Version: 0.5-5
Check: re-building of vignette outputs
Result: NOTE
    Error in re-building vignettes:
     ...
     %*%, apply, crossprod, matrix, tcrossprod
    
    
    Attaching package: ‘Rmpfr’
    
    The following objects are masked from ‘package:stats’:
    
     dbinom, dnorm, dpois, pnorm
    
    The following objects are masked from ‘package:base’:
    
     cbind, pmax, pmin, rbind
    
    Error in texi2dvi(file = file, pdf = TRUE, clean = clean, quiet = quiet, :
     Running 'texi2dvi' on 'Maechler_useR_2011-abstr.tex' failed.
    LaTeX errors:
    ! LaTeX Error: File `hanging.sty' not found.
    
    Type X to quit or <RETURN> to proceed,
    or enter new name. (Default extension: sty)
    
    est/Rmpfr/vignettes/Maechler_useR_2011-abstr.tex:3: ==> Fatal error occurred,
    no output PDF file produced!
    Calls: buildVignettes -> texi2pdf -> texi2dvi
    Execution halted
Flavor: r-release-osx-x86_64-mavericks