CRAN Package Check Results for Package Rmpfr

Last updated on 2016-09-28 08:57:54.

Flavor Version Tinstall Tcheck Ttotal Status Flags
r-devel-linux-x86_64-debian-clang 0.6-0 6.69 86.84 93.53 WARN
r-devel-linux-x86_64-debian-gcc 0.6-0 5.68 86.17 91.85 WARN
r-devel-linux-x86_64-fedora-clang 0.6-0 166.68 OK
r-devel-linux-x86_64-fedora-gcc 0.6-0 158.37 OK
r-devel-macos-x86_64-clang 0.6-0 96.01 OK
r-devel-windows-ix86+x86_64 0.6-0 15.00 280.00 295.00 WARN
r-patched-linux-x86_64 0.6-0 5.27 88.75 94.02 OK
r-patched-solaris-sparc 0.6-0 1080.90 WARN
r-patched-solaris-x86 0.6-0 183.80 WARN
r-release-linux-x86_64 0.6-0 5.52 87.55 93.06 OK
r-release-osx-x86_64-mavericks 0.6-0 OK
r-release-windows-ix86+x86_64 0.6-0 19.00 216.00 235.00 OK
r-oldrel-windows-ix86+x86_64 0.6-0 27.00 334.00 361.00 OK

Memtest notes: valgrind valgrind

Check Details

Version: 0.6-0
Check: Rd cross-references
Result: WARN
    Missing link or links in documentation object 'bind-methods.Rd':
     ‘[methods]{Methods}’
    
    See section 'Cross-references' in the 'Writing R Extensions' manual.
Flavors: r-devel-linux-x86_64-debian-clang, r-devel-linux-x86_64-debian-gcc, r-devel-windows-ix86+x86_64, r-patched-solaris-sparc, r-patched-solaris-x86