CRAN Package Check Results for Package Rmpfr

Last updated on 2017-10-23 01:46:58.

Flavor Version Tinstall Tcheck Ttotal Status Flags
r-devel-linux-x86_64-debian-clang 0.6-1 6.28 91.34 97.61 OK
r-devel-linux-x86_64-debian-gcc 0.6-1 6.88 95.57 102.45 OK
r-devel-linux-x86_64-fedora-clang 0.6-1 186.18 OK
r-devel-linux-x86_64-fedora-gcc 0.6-1 193.80 OK
r-devel-windows-ix86+x86_64 0.6-1 19.00 309.00 328.00 OK
r-patched-linux-x86_64 0.6-1 5.76 89.38 95.13 OK
r-patched-solaris-x86 0.6-1 237.60 OK
r-release-linux-x86_64 0.6-1 5.75 89.66 95.41 OK
r-release-windows-ix86+x86_64 0.6-1 24.00 319.00 343.00 OK
r-release-osx-x86_64 0.6-1 NOTE
r-oldrel-windows-ix86+x86_64 0.6-1 19.00 285.00 304.00 OK
r-oldrel-osx-x86_64 0.6-1 OK

Additional issues

rchk valgrind

Check Details

Version: 0.6-1
Check: re-building of vignette outputs
Result: NOTE
    Error in re-building vignettes:
     ...
    
    The following objects are masked from ‘package:stats’:
    
     dbinom, dnorm, dpois, pnorm
    
    The following objects are masked from ‘package:base’:
    
     cbind, pmax, pmin, rbind
    
    Error in texi2dvi(file = file, pdf = TRUE, clean = clean, quiet = quiet, :
     Running 'texi2dvi' on 'Maechler_useR_2011-abstr.tex' failed.
    LaTeX errors:
    ! LaTeX Error: File `hanging.sty' not found.
    
    Type X to quit or <RETURN> to proceed,
    or enter new name. (Default extension: sty)
    
    ! Emergency stop.
    <read *>
    
    l.3 \usepackage
     [pdftex]{graphicx}^^M
    ! ==> Fatal error occurred, no output PDF file produced!
    Calls: buildVignettes -> texi2pdf -> texi2dvi
    Execution halted
Flavor: r-release-osx-x86_64