CRAN Package Check Results for Package Rmpfr

Last updated on 2014-10-23 00:48:08.

Flavor Version Tinstall Tcheck Ttotal Status Flags
r-devel-linux-x86_64-debian-clang 0.5-6 6.76 93.07 99.83 OK
r-devel-linux-x86_64-debian-gcc 0.5-6 6.32 95.66 101.98 OK
r-devel-linux-x86_64-fedora-clang 0.5-6 215.35 OK
r-devel-linux-x86_64-fedora-gcc 0.5-6 203.80 OK
r-devel-osx-x86_64-clang 0.5-6 201.35 OK
r-devel-windows-ix86+x86_64 0.5-6 16.00 206.00 222.00 OK
r-patched-linux-x86_64 0.5-6 6.97 99.47 106.44 OK
r-patched-solaris-sparc 0.5-6 1244.80 OK
r-patched-solaris-x86 0.5-6 258.00 OK
r-release-linux-ix86 0.5-6 8.93 124.84 133.77 OK
r-release-linux-x86_64 0.5-6 7.00 100.90 107.91 OK
r-release-osx-x86_64-mavericks 0.5-6 NOTE
r-release-osx-x86_64-snowleopard 0.5-6 OK
r-release-windows-ix86+x86_64 0.5-6 19.00 235.00 254.00 OK
r-oldrel-windows-ix86+x86_64 0.5-6 20.00 262.00 282.00 OK

Memtest notes: valgrind valgrind

Check Details

Version: 0.5-6
Check: re-building of vignette outputs
Result: NOTE
    Error in re-building vignettes:
     ...
    C code of R package 'Rmpfr': GMP using 64 bits per limb
    
    
    Attaching package: ‘Rmpfr’
    
    The following objects are masked from ‘package:stats’:
    
     dbinom, dnorm, dpois, pnorm
    
    The following objects are masked from ‘package:base’:
    
     cbind, pmax, pmin, rbind
    
    Error in texi2dvi(file = file, pdf = TRUE, clean = clean, quiet = quiet, :
     Running 'texi2dvi' on 'Maechler_useR_2011-abstr.tex' failed.
    LaTeX errors:
    ! LaTeX Error: File `hanging.sty' not found.
    
    Type X to quit or <RETURN> to proceed,
    or enter new name. (Default extension: sty)
    
    est/Rmpfr/vignettes/Maechler_useR_2011-abstr.tex:3: ==> Fatal error occurred,
    no output PDF file produced!
    Calls: buildVignettes -> texi2pdf -> texi2dvi
    Execution halted
Flavor: r-release-osx-x86_64-mavericks