CRAN Package Check Results for Package Rmpfr

Last updated on 2017-04-30 05:48:44.

Flavor Version Tinstall Tcheck Ttotal Status Flags
r-devel-linux-x86_64-debian-clang 0.6-1 6.61 92.48 99.09 OK
r-devel-linux-x86_64-debian-gcc 0.6-1 5.75 91.75 97.50 OK
r-devel-linux-x86_64-fedora-clang 0.6-1 185.12 OK --no-stop-on-test-error
r-devel-linux-x86_64-fedora-gcc 0.6-1 181.89 OK --no-stop-on-test-error
r-devel-windows-ix86+x86_64 0.6-1 35.00 318.00 353.00 OK
r-patched-linux-x86_64 0.6-1 5.82 89.11 94.92 OK
r-patched-solaris-sparc 0.6-1 1280.30 OK
r-patched-solaris-x86 0.6-1 211.90 OK
r-release-linux-x86_64 0.6-1 5.53 91.49 97.02 OK
r-release-windows-ix86+x86_64 0.6-1 31.00 320.00 351.00 OK
r-release-osx-x86_64 0.6-1 ERROR
r-oldrel-windows-ix86+x86_64 0.6-1 20.00 300.00 320.00 OK
r-oldrel-osx-x86_64 0.6-1 OK

Memtest notes: valgrind valgrind

Check Details

Version: 0.6-1
Check: package namespace information
Result: ERROR
    Invalid NAMESPACE file, parsing gives:
    Error in packageVersion("gmp"): package ‘gmp’ not found
    
    See section ‘Package namespaces’ in the ‘Writing R Extensions’ manual.
Flavor: r-release-osx-x86_64