CRAN Package Check Results for Package Rmpfr

Last updated on 2014-11-24 03:49:15.

Flavor Version Tinstall Tcheck Ttotal Status Flags
r-devel-linux-x86_64-debian-clang 0.5-6 6.41 94.40 100.81 OK
r-devel-linux-x86_64-debian-gcc 0.5-6 6.08 93.60 99.68 OK
r-devel-linux-x86_64-fedora-clang 0.5-6 208.20 OK
r-devel-linux-x86_64-fedora-gcc 0.5-6 201.86 OK
r-devel-osx-x86_64-clang 0.5-6 201.19 OK
r-devel-windows-ix86+x86_64 0.5-6 18.00 195.00 213.00 OK
r-patched-linux-x86_64 0.5-6 6.65 98.79 105.44 OK
r-patched-solaris-sparc 0.5-6 1244.80 OK
r-patched-solaris-x86 0.5-6 257.60 OK
r-release-linux-ix86 0.5-6 8.84 116.45 125.28 OK
r-release-linux-x86_64 0.5-6 6.64 98.67 105.31 OK
r-release-osx-x86_64-mavericks 0.5-6 NOTE
r-release-osx-x86_64-snowleopard 0.5-6 OK
r-release-windows-ix86+x86_64 0.5-6 18.00 213.00 231.00 OK
r-oldrel-windows-ix86+x86_64 0.5-6 18.00 266.00 284.00 OK

Memtest notes: valgrind valgrind

Check Details

Version: 0.5-6
Check: re-building of vignette outputs
Result: NOTE
    Error in re-building vignettes:
     ...
    C code of R package 'Rmpfr': GMP using 64 bits per limb
    
    
    Attaching package: ‘Rmpfr’
    
    The following objects are masked from ‘package:stats’:
    
     dbinom, dnorm, dpois, pnorm
    
    The following objects are masked from ‘package:base’:
    
     cbind, pmax, pmin, rbind
    
    Error in texi2dvi(file = file, pdf = TRUE, clean = clean, quiet = quiet, :
     Running 'texi2dvi' on 'Maechler_useR_2011-abstr.tex' failed.
    LaTeX errors:
    ! LaTeX Error: File `hanging.sty' not found.
    
    Type X to quit or <RETURN> to proceed,
    or enter new name. (Default extension: sty)
    
    est/Rmpfr/vignettes/Maechler_useR_2011-abstr.tex:3: ==> Fatal error occurred,
    no output PDF file produced!
    Calls: buildVignettes -> texi2pdf -> texi2dvi
    Execution halted
Flavor: r-release-osx-x86_64-mavericks