CRAN Package Check Results for Package Rmpfr

Last updated on 2015-08-01 14:51:09.

Flavor Version Tinstall Tcheck Ttotal Status Flags
r-devel-linux-x86_64-debian-clang 0.5-7 5.58 86.29 91.87 NOTE
r-devel-linux-x86_64-debian-gcc 0.5-7 5.19 85.94 91.13 NOTE
r-devel-linux-x86_64-fedora-clang 0.5-7 181.31 NOTE
r-devel-linux-x86_64-fedora-gcc 0.5-7 171.90 NOTE
r-devel-osx-x86_64-clang 0.5-7 160.30 OK
r-devel-windows-ix86+x86_64 0.5-7 22.00 212.00 234.00 NOTE
r-patched-linux-x86_64 0.5-7 5.72 81.25 86.96 OK
r-patched-solaris-sparc 0.5-7 1196.80 OK
r-patched-solaris-x86 0.5-7 214.90 OK
r-release-linux-x86_64 0.5-7 5.42 87.95 93.37 OK
r-release-osx-x86_64-mavericks 0.5-7 WARN
r-release-windows-ix86+x86_64 0.5-7 20.00 295.00 315.00 OK
r-oldrel-windows-ix86+x86_64 0.5-7 29.00 253.00 282.00 OK

Memtest notes: valgrind valgrind

Check Details

Version: 0.5-7
Check: R code for possible problems
Result: NOTE
    .mpfr1tolist: no visible global function definition for ‘.slotNames’
    coerce<-,mpfrArray-vector: no visible global function definition for
     ‘as<-’
    initialize,mpfrArray: no visible global function definition for
     ‘callNextMethod’
    Undefined global functions or variables:
     .slotNames as<- callNextMethod
    Consider adding
     importFrom("methods", ".slotNames", "as<-", "callNextMethod")
    to your NAMESPACE.
Flavors: r-devel-linux-x86_64-debian-clang, r-devel-linux-x86_64-debian-gcc, r-devel-linux-x86_64-fedora-clang, r-devel-linux-x86_64-fedora-gcc, r-devel-windows-ix86+x86_64

Version: 0.5-7
Check: Rd cross-references
Result: WARN
    package ‘pracma’ exists but was not installed under R >= 2.10.0 so xrefs cannot be checked
Flavor: r-release-osx-x86_64-mavericks