CRAN Package Check Results for Package Rmpfr

Last updated on 2015-11-28 04:49:29.

Flavor Version Tinstall Tcheck Ttotal Status Flags
r-devel-linux-x86_64-debian-gcc 0.5-7 5.34 80.83 86.16 WARN
r-devel-linux-x86_64-fedora-clang 0.5-7 176.58 WARN
r-devel-linux-x86_64-fedora-gcc 0.5-7 168.61 WARN
r-devel-osx-x86_64-clang 0.5-7 201.40 WARN
r-devel-windows-ix86+x86_64 0.5-7 25.00 204.00 229.00 WARN
r-patched-linux-x86_64 0.5-7 5.62 85.32 90.94 OK
r-patched-solaris-sparc 0.5-7 1181.40 OK
r-patched-solaris-x86 0.5-7 206.90 OK
r-release-linux-x86_64 0.5-7 5.54 84.25 89.79 OK
r-release-osx-x86_64-mavericks 0.5-7 WARN
r-release-windows-ix86+x86_64 0.5-7 21.00 227.00 248.00 OK
r-oldrel-windows-ix86+x86_64 0.5-7 23.00 269.00 292.00 OK

Memtest notes: valgrind valgrind

Check Details

Version: 0.5-7
Check: R code for possible problems
Result: NOTE
    .mpfr1tolist: no visible global function definition for ‘.slotNames’
    coerce<-,mpfrArray-vector: no visible global function definition for
    initialize,mpfrArray: no visible global function definition for
    Undefined global functions or variables:
     .slotNames as<- callNextMethod
    Consider adding
     importFrom("methods", ".slotNames", "as<-", "callNextMethod")
    to your NAMESPACE (and ensure that your DESCRIPTION Imports field
    contains 'methods').
Flavors: r-devel-linux-x86_64-debian-gcc, r-devel-linux-x86_64-fedora-clang, r-devel-linux-x86_64-fedora-gcc, r-devel-windows-ix86+x86_64

Version: 0.5-7
Check: for missing documentation entries
Result: WARN
    Undocumented code objects:
    All user-level objects in a package should have documentation entries.
    See chapter ‘Writing R documentation files’ in the ‘Writing R
    Extensions’ manual.
Flavors: r-devel-linux-x86_64-debian-gcc, r-devel-linux-x86_64-fedora-clang, r-devel-linux-x86_64-fedora-gcc, r-devel-osx-x86_64-clang, r-devel-windows-ix86+x86_64

Version: 0.5-7
Check: Rd cross-references
Result: WARN
    package ‘pracma’ exists but was not installed under R >= 2.10.0 so xrefs cannot be checked
Flavor: r-release-osx-x86_64-mavericks