CRAN Package Check Results for Package Rmpfr

Last updated on 2015-05-26 06:47:06.

Flavor Version Tinstall Tcheck Ttotal Status Flags
r-devel-linux-x86_64-debian-clang 0.5-7 5.63 84.73 90.36 OK
r-devel-linux-x86_64-debian-gcc 0.5-7 5.23 83.22 88.45 OK
r-devel-linux-x86_64-fedora-clang 0.5-7 181.99 OK
r-devel-linux-x86_64-fedora-gcc 0.5-7 173.29 OK
r-devel-osx-x86_64-clang 0.5-7 174.43 OK
r-devel-windows-ix86+x86_64 0.5-7 17.00 191.00 208.00 OK
r-patched-linux-x86_64 0.5-7 5.65 81.62 87.28 OK
r-patched-solaris-sparc 0.5-7 1192.00 OK
r-patched-solaris-x86 0.5-7 215.10 OK
r-release-linux-x86_64 0.5-7 5.20 84.35 89.55 OK
r-release-osx-x86_64-mavericks 0.5-7 WARN
r-release-osx-x86_64-snowleopard 0.5-7 OK
r-release-windows-ix86+x86_64 0.5-7 17.00 194.00 211.00 OK
r-oldrel-windows-ix86+x86_64 0.5-7 20.00 212.00 232.00 OK

Memtest notes: valgrind valgrind

Check Details

Version: 0.5-7
Check: Rd cross-references
Result: WARN
    package ‘pracma’ exists but was not installed under R >= 2.10.0 so xrefs cannot be checked
Flavor: r-release-osx-x86_64-mavericks