CRAN Package Check Results for Package Rmpfr

Last updated on 2014-08-29 02:47:53.

Flavor Version Tinstall Tcheck Ttotal Status Flags
r-devel-linux-x86_64-debian-clang 0.5-5 6.54 93.35 99.89 NOTE
r-devel-linux-x86_64-debian-gcc 0.5-5 6.55 89.05 95.60 NOTE
r-devel-linux-x86_64-fedora-clang 0.5-5 228.19 NOTE
r-devel-linux-x86_64-fedora-gcc 0.5-5 206.54 NOTE
r-devel-osx-x86_64-clang 0.5-5 189.63 NOTE
r-devel-windows-ix86+x86_64 0.5-5 17.00 209.00 226.00 NOTE
r-patched-linux-x86_64 0.5-5 6.53 97.24 103.77 OK
r-patched-solaris-sparc 0.5-5 824.90 ERROR
r-patched-solaris-x86 0.5-5 259.40 OK
r-release-linux-ix86 0.5-5 8.84 120.45 129.28 OK
r-release-linux-x86_64 0.5-5 6.75 98.80 105.55 OK
r-release-osx-x86_64-mavericks 0.5-5 NOTE
r-release-osx-x86_64-snowleopard 0.5-5 OK
r-release-windows-ix86+x86_64 0.5-5 19.00 219.00 238.00 OK
r-oldrel-windows-ix86+x86_64 0.5-5 19.00 254.00 273.00 OK

Memtest notes: valgrind

Check Details

Version: 0.5-5
Check: R code for possible problems
Result: NOTE
    Loading C code of R package 'Rmpfr': GMP using 64 bits per limb
    ..bigq2mpfr: no visible global function definition for ‘numerator’
    ..bigq2mpfr: no visible global function definition for ‘denominator’
    ..bigq2mpfr: no visible global function definition for ‘frexpZ’
    getPrec: no visible global function definition for ‘frexpZ’
    mpfr: no visible global function definition for ‘frexpZ’
    pbetaI: no visible global function definition for ‘chooseZ’
    sumBinomMpfr: no visible global function definition for ‘chooseZ’
    sumBinomMpfr.v2: no visible global function definition for ‘chooseZ’
    pmax,mNumber : <anonymous>: no visible global function definition for
     ‘frexpZ’
    pmax,mNumber: no visible global function definition for ‘as.bigq’
    pmin,mNumber : <anonymous>: no visible global function definition for
     ‘frexpZ’
    pmin,mNumber: no visible global function definition for ‘as.bigq’
Flavors: r-devel-linux-x86_64-debian-clang, r-devel-linux-x86_64-debian-gcc, r-devel-linux-x86_64-fedora-clang, r-devel-linux-x86_64-fedora-gcc, r-devel-osx-x86_64-clang, r-devel-windows-ix86+x86_64

Version: 0.5-5
Check: tests
Result: ERROR
    Running the tests in ‘tests/functionals.R’ failed.
    Last 13 lines of output:
     Consider setting 'ord = <n>' (e.g. = 14).
     Time user system elapsed
     Time 0.067 0.004 0.072
     > I2 ## ... Warning ‘no convergence up to order 13’
     Non-convergence message 'no convergence up to order 13; last relative change = 1.285403e-05
     Consider setting 'ord = <n>' (e.g. = 14).'
     1.3964e+33 with absolute error < 1.7949e+28
     > I.db <- list(value = 1.39635503960059e+33, abs.error = 1.79487857478077e+28)
     > stopifnot(
     + all.equal(I2[1:2], I.db, tol = 1e-12)
     + )
     Error: all.equal(I2[1:2], I.db, tol = 1e-12) is not TRUE
     Execution halted
Flavor: r-patched-solaris-sparc

Version: 0.5-5
Check: re-building of vignette outputs
Result: NOTE
    Error in re-building vignettes:
     ...
     %*%, apply, crossprod, matrix, tcrossprod
    
    
    Attaching package: ‘Rmpfr’
    
    The following objects are masked from ‘package:stats’:
    
     dbinom, dnorm, dpois, pnorm
    
    The following objects are masked from ‘package:base’:
    
     cbind, pmax, pmin, rbind
    
    Error in texi2dvi(file = file, pdf = TRUE, clean = clean, quiet = quiet, :
     Running 'texi2dvi' on 'Maechler_useR_2011-abstr.tex' failed.
    LaTeX errors:
    ! LaTeX Error: File `hanging.sty' not found.
    
    Type X to quit or <RETURN> to proceed,
    or enter new name. (Default extension: sty)
    
    est/Rmpfr/vignettes/Maechler_useR_2011-abstr.tex:3: ==> Fatal error occurred,
    no output PDF file produced!
    Calls: buildVignettes -> texi2pdf -> texi2dvi
    Execution halted
Flavor: r-release-osx-x86_64-mavericks