CRAN Package Check Results for Package Rmpfr

Last updated on 2018-01-17 02:53:12 CET.

Flavor Version Tinstall Tcheck Ttotal Status Flags
r-devel-linux-x86_64-debian-clang 0.7-0 8.03 342.54 350.57 OK
r-devel-linux-x86_64-debian-gcc 0.7-0 6.83 260.64 267.47 OK
r-devel-linux-x86_64-fedora-clang 0.7-0 420.74 OK
r-devel-linux-x86_64-fedora-gcc 0.7-0 421.68 OK
r-devel-windows-ix86+x86_64 0.7-0 25.00 911.00 936.00 OK
r-patched-linux-x86_64 0.7-0 8.24 346.46 354.70 OK
r-patched-solaris-x86 0.7-0 776.00 OK
r-release-linux-x86_64 0.7-0 7.88 342.60 350.48 OK
r-release-windows-ix86+x86_64 0.7-0 27.00 1042.00 1069.00 OK
r-release-osx-x86_64 0.7-0 OK
r-oldrel-windows-ix86+x86_64 0.7-0 16.00 6.00 22.00 ERROR
r-oldrel-osx-x86_64 0.6-1 OK

Check Details

Version: 0.7-0
Check: whether package can be installed
Result: ERROR
    Installation failed.
Flavor: r-oldrel-windows-ix86+x86_64