CRAN Package Check Results for Package Rmpfr

Last updated on 2015-06-30 10:48:33.

Flavor Version Tinstall Tcheck Ttotal Status Flags
r-devel-linux-x86_64-debian-clang 0.5-7 5.49 85.30 90.78 NOTE
r-devel-linux-x86_64-debian-gcc 0.5-7 5.20 82.19 87.40 NOTE
r-devel-linux-x86_64-fedora-clang 0.5-7 182.09 OK
r-devel-linux-x86_64-fedora-gcc 0.5-7 170.72 OK
r-devel-osx-x86_64-clang 0.5-7 174.48 OK
r-devel-windows-ix86+x86_64 0.5-7 27.00 198.00 225.00 NOTE
r-patched-linux-x86_64 0.5-7 5.15 71.24 76.39 OK
r-patched-solaris-sparc 0.5-7 1192.00 OK
r-patched-solaris-x86 0.5-7 219.50 OK
r-release-linux-x86_64 0.5-7 5.52 72.87 78.39 OK
r-release-osx-x86_64-mavericks 0.5-7 WARN
r-release-windows-ix86+x86_64 0.5-7 27.00 203.00 230.00 OK
r-oldrel-windows-ix86+x86_64 0.5-7 28.00 245.00 273.00 OK

Memtest notes: valgrind valgrind

Check Details

Version: 0.5-7
Check: R code for possible problems
Result: NOTE
    .mpfr1tolist: no visible global function definition for ‘.slotNames’
    coerce<-,mpfrArray-vector: no visible global function definition for
     ‘as<-’
Flavors: r-devel-linux-x86_64-debian-clang, r-devel-linux-x86_64-debian-gcc, r-devel-windows-ix86+x86_64

Version: 0.5-7
Check: Rd cross-references
Result: WARN
    package ‘pracma’ exists but was not installed under R >= 2.10.0 so xrefs cannot be checked
Flavor: r-release-osx-x86_64-mavericks