CRAN Package Check Results for Package Rmpfr

Last updated on 2016-02-10 10:47:56.

Flavor Version Tinstall Tcheck Ttotal Status Flags
r-devel-linux-x86_64-debian-gcc 0.6-0 5.31 82.76 88.07 OK
r-devel-linux-x86_64-fedora-clang 0.6-0 170.11 OK
r-devel-linux-x86_64-fedora-gcc 0.6-0 165.42 OK
r-devel-osx-x86_64-clang 0.6-0 200.75 OK
r-devel-windows-ix86+x86_64 0.6-0 24.00 273.00 297.00 OK
r-patched-linux-x86_64 0.6-0 6.04 91.61 97.64 OK
r-patched-solaris-sparc 0.6-0 1189.60 OK
r-patched-solaris-x86 0.6-0 215.00 OK
r-release-linux-x86_64 0.6-0 5.82 94.43 100.26 OK
r-release-osx-x86_64-mavericks 0.6-0 OK
r-release-windows-ix86+x86_64 0.6-0 22.00 299.00 321.00 OK
r-oldrel-windows-ix86+x86_64 0.6-0 28.00 277.00 305.00 WARN

Memtest notes: valgrind valgrind

Check Details

Version: 0.6-0
Check: S3 generic/method consistency
Result: WARN
    mpfr:
     function(x, precBits, ...)
    mpfr.is.0:
     function(x)
    
    mpfr:
     function(x, precBits, ...)
    mpfr.is.integer:
     function(x)
    
    See section 'Generic functions and methods' in the 'Writing R
    Extensions' manual.
Flavor: r-oldrel-windows-ix86+x86_64

Version: 0.6-0
Check: R code for possible problems
Result: NOTE
    str.mpfr: possible error in nchar(ff, keepNA = FALSE): unused argument
     (keepNA = FALSE)
Flavor: r-oldrel-windows-ix86+x86_64