CRAN Package Check Results for Package Rmpfr

Last updated on 2015-09-02 06:48:13.

Flavor Version Tinstall Tcheck Ttotal Status Flags
r-devel-linux-x86_64-debian-clang 0.5-7 5.14 86.16 91.30 NOTE
r-devel-linux-x86_64-debian-gcc 0.5-7 5.29 83.94 89.23 NOTE
r-devel-linux-x86_64-fedora-clang 0.5-7 178.09 NOTE
r-devel-linux-x86_64-fedora-gcc 0.5-7 172.54 NOTE
r-devel-osx-x86_64-clang 0.5-7 163.12 OK
r-devel-windows-ix86+x86_64 0.5-7 27.00 289.00 316.00 NOTE
r-patched-linux-x86_64 0.5-7 5.97 84.41 90.38 OK
r-patched-solaris-sparc 0.5-7 1196.80 OK
r-patched-solaris-x86 0.5-7 227.20 OK
r-release-linux-x86_64 0.5-7 5.38 84.95 90.32 OK
r-release-osx-x86_64-mavericks 0.5-7 WARN
r-release-windows-ix86+x86_64 0.5-7 28.00 288.00 316.00 OK
r-oldrel-windows-ix86+x86_64 0.5-7 28.00 265.00 293.00 OK

Memtest notes: valgrind valgrind

Check Details

Version: 0.5-7
Check: R code for possible problems
Result: NOTE
    .mpfr1tolist: no visible global function definition for ‘.slotNames’
    coerce<-,mpfrArray-vector: no visible global function definition for
     ‘as<-’
    initialize,mpfrArray: no visible global function definition for
     ‘callNextMethod’
    Undefined global functions or variables:
     .slotNames as<- callNextMethod
    Consider adding
     importFrom("methods", ".slotNames", "as<-", "callNextMethod")
    to your NAMESPACE (and ensure that your DESCRIPTION Imports field
    contains 'methods').
Flavors: r-devel-linux-x86_64-debian-clang, r-devel-linux-x86_64-debian-gcc, r-devel-linux-x86_64-fedora-clang, r-devel-linux-x86_64-fedora-gcc, r-devel-windows-ix86+x86_64

Version: 0.5-7
Check: Rd cross-references
Result: WARN
    package ‘pracma’ exists but was not installed under R >= 2.10.0 so xrefs cannot be checked
Flavor: r-release-osx-x86_64-mavericks