CRAN Package Check Results for Package Rmpi

Last updated on 2017-08-21 11:48:06.

Flavor Version Tinstall Tcheck Ttotal Status Flags
r-devel-linux-x86_64-debian-clang 0.6-6 3.01 17.57 20.59 WARN
r-devel-linux-x86_64-debian-gcc 0.6-6 2.80 16.91 19.71 WARN
r-devel-linux-x86_64-fedora-clang 0.6-6 32.77 WARN
r-devel-linux-x86_64-fedora-gcc 0.6-6 34.97 WARN
r-devel-windows-ix86+x86_64 0.6-6 35.00 42.00 77.00 WARN
r-patched-linux-x86_64 0.6-6 2.78 16.69 19.47 WARN
r-patched-solaris-x86 0.6-6 43.80 WARN
r-release-linux-x86_64 0.6-6 2.70 16.86 19.55 NOTE
r-release-windows-ix86+x86_64 0.6-6 31.00 44.00 75.00 OK
r-release-osx-x86_64 0.6-6 ERROR
r-oldrel-windows-ix86+x86_64 0.6-6 29.00 38.00 67.00 OK
r-oldrel-osx-x86_64 0.6-6 ERROR

Check Details

Version: 0.6-6
Check: line endings in shell scripts
Result: WARN
    Found the following shell script(s) with CR or CRLF line endings:
     configure.ac
    Non-Windows OSes require LF line endings.
Flavors: r-devel-linux-x86_64-debian-clang, r-devel-linux-x86_64-debian-gcc, r-devel-linux-x86_64-fedora-clang, r-devel-linux-x86_64-fedora-gcc, r-devel-windows-ix86+x86_64, r-patched-linux-x86_64, r-patched-solaris-x86

Version: 0.6-6
Check: compiled code
Result: NOTE
    File ‘Rmpi/libs/Rmpi.so’:
     Found no calls to: ‘R_registerRoutines’, ‘R_useDynamicSymbols’
    
    It is good practice to register native routines and to disable symbol
    search.
    
    See ‘Writing portable packages’ in the ‘Writing R Extensions’ manual.
Flavors: r-devel-linux-x86_64-debian-clang, r-devel-linux-x86_64-debian-gcc, r-devel-linux-x86_64-fedora-clang, r-devel-linux-x86_64-fedora-gcc, r-patched-linux-x86_64, r-release-linux-x86_64

Version: 0.6-6
Check: whether package can be installed
Result: ERROR
    Installation failed.
Flavors: r-release-osx-x86_64, r-oldrel-osx-x86_64