CRAN Package Check Results for Package Rmpi

Last updated on 2014-07-25 17:48:07.

Flavor Version Tinstall Tcheck Ttotal Status Flags
r-devel-linux-x86_64-debian-clang 0.6-5 2.33 17.69 20.02 OK
r-devel-linux-x86_64-debian-gcc 0.6-5 2.59 18.89 21.48 OK
r-devel-linux-x86_64-fedora-clang 0.6-5 34.48 OK
r-devel-linux-x86_64-fedora-gcc 0.6-5 31.98 OK
r-devel-osx-x86_64-clang 0.6-5 40.52 OK
r-devel-windows-ix86+x86_64 0.6-5 21.00 32.00 53.00 OK
r-patched-linux-x86_64 0.6-5 2.71 18.08 20.78 OK
r-patched-solaris-sparc 0.6-5 186.90 OK
r-patched-solaris-x86 0.6-5 46.90 OK
r-release-linux-ix86 0.6-5 4.32 23.52 27.84 OK
r-release-linux-x86_64 0.6-5 2.53 18.32 20.85 OK
r-release-osx-x86_64-mavericks 0.6-5 ERROR
r-release-osx-x86_64-snowleopard 0.6-5 OK
r-release-windows-ix86+x86_64 0.6-5 36.00 30.00 66.00 OK
r-oldrel-windows-ix86+x86_64 0.6-5 18.00 36.00 54.00 OK

Memtest notes: valgrind

Check Details

Version: 0.6-5
Check: whether package can be installed
Result: ERROR
    Installation failed.
    See ‘/Builds/CRAN-QA-Simon/packages/mavericks-x86_64/results/3.1/Rmpi.Rcheck/00install.out’ for details.
Flavor: r-release-osx-x86_64-mavericks