CRAN Package Check Results for Package Rmpi

Last updated on 2014-09-03 08:53:39.

Flavor Version Tinstall Tcheck Ttotal Status Flags
r-devel-linux-x86_64-debian-clang 0.6-5 2.33 17.24 19.57 NOTE
r-devel-linux-x86_64-debian-gcc 0.6-5 2.55 16.99 19.54 NOTE
r-devel-linux-x86_64-fedora-clang 0.6-5 32.88 NOTE
r-devel-linux-x86_64-fedora-gcc 0.6-5 31.65 NOTE
r-devel-osx-x86_64-clang 0.6-5 40.00 NOTE
r-devel-windows-ix86+x86_64 0.6-5 22.00 32.00 54.00 NOTE
r-patched-linux-x86_64 0.6-5 2.74 17.18 19.92 OK
r-patched-solaris-sparc 0.6-5 200.20 OK
r-patched-solaris-x86 0.6-5 47.20 OK
r-release-linux-ix86 0.6-5 4.20 23.46 27.66 OK
r-release-linux-x86_64 0.6-5 2.68 17.50 20.18 OK
r-release-osx-x86_64-mavericks 0.6-5 ERROR
r-release-osx-x86_64-snowleopard 0.6-5 OK
r-release-windows-ix86+x86_64 0.6-5 36.00 30.00 66.00 OK
r-oldrel-windows-ix86+x86_64 0.6-5 18.00 36.00 54.00 OK

Memtest notes: valgrind

Check Details

Version: 0.6-5
Check: R code for possible problems
Result: NOTE
    mpi.setup.rngstream: no visible global function definition for
     ‘nextRNGStream’
    mpi.universe.size: no visible global function definition for
     ‘detectCores’
Flavors: r-devel-linux-x86_64-debian-clang, r-devel-linux-x86_64-debian-gcc, r-devel-linux-x86_64-fedora-clang, r-devel-linux-x86_64-fedora-gcc, r-devel-osx-x86_64-clang, r-devel-windows-ix86+x86_64

Version: 0.6-5
Check: whether package can be installed
Result: ERROR
    Installation failed.
Flavor: r-release-osx-x86_64-mavericks