CRAN Package Check Results for Package Rmpi

Last updated on 2015-03-05 19:48:04.

Flavor Version Tinstall Tcheck Ttotal Status Flags
r-devel-linux-x86_64-debian-clang 0.6-5 2.66 18.35 21.01 NOTE
r-devel-linux-x86_64-debian-gcc 0.6-5 2.56 17.32 19.88 NOTE
r-devel-linux-x86_64-fedora-clang 0.6-5 32.69 NOTE
r-devel-linux-x86_64-fedora-gcc 0.6-5 30.00 NOTE
r-devel-osx-x86_64-clang 0.6-5 36.65 NOTE
r-devel-windows-ix86+x86_64 0.6-5 30.00 32.00 62.00 NOTE
r-patched-linux-x86_64 0.6-5 2.68 18.45 21.14 NOTE
r-patched-solaris-sparc 0.6-5 243.20 NOTE
r-patched-solaris-x86 0.6-5 48.60 NOTE
r-release-linux-ix86 0.6-5 4.14 22.81 26.95 NOTE
r-release-linux-x86_64 0.6-5 2.80 18.78 21.59 NOTE
r-release-osx-x86_64-mavericks 0.6-5 ERROR
r-release-osx-x86_64-snowleopard 0.6-5 OK
r-release-windows-ix86+x86_64 0.6-5 22.00 29.00 51.00 NOTE
r-oldrel-windows-ix86+x86_64 0.6-5 18.00 36.00 54.00 OK

Memtest notes: valgrind

Check Details

Version: 0.6-5
Check: dependencies in R code
Result: NOTE
    'library' or 'require' call to ‘parallel’ in package code.
     Please use :: or requireNamespace() instead.
     See section 'Suggested packages' in the 'Writing R Extensions' manual.
Flavors: r-devel-linux-x86_64-debian-clang, r-devel-linux-x86_64-debian-gcc, r-devel-linux-x86_64-fedora-clang, r-devel-linux-x86_64-fedora-gcc, r-devel-osx-x86_64-clang, r-devel-windows-ix86+x86_64, r-patched-linux-x86_64, r-patched-solaris-sparc, r-patched-solaris-x86

Version: 0.6-5
Check: R code for possible problems
Result: NOTE
    mpi.setup.rngstream: no visible global function definition for
     ‘nextRNGStream’
    mpi.universe.size: no visible global function definition for
     ‘detectCores’
Flavors: r-devel-linux-x86_64-debian-clang, r-devel-linux-x86_64-debian-gcc, r-devel-linux-x86_64-fedora-clang, r-devel-linux-x86_64-fedora-gcc, r-devel-osx-x86_64-clang, r-devel-windows-ix86+x86_64, r-patched-linux-x86_64, r-patched-solaris-sparc, r-patched-solaris-x86, r-release-linux-ix86, r-release-linux-x86_64, r-release-windows-ix86+x86_64

Version: 0.6-5
Check: whether package can be installed
Result: ERROR
    Installation failed.
Flavor: r-release-osx-x86_64-mavericks