CRAN Package Check Results for Package Rmpi

Last updated on 2016-09-27 18:48:03.

Flavor Version Tinstall Tcheck Ttotal Status Flags
r-devel-linux-x86_64-debian-clang 0.6-6 3.26 19.30 22.56 OK
r-devel-linux-x86_64-debian-gcc 0.6-6 3.08 21.82 24.90 OK
r-devel-linux-x86_64-fedora-clang 0.6-6 30.31 OK
r-devel-linux-x86_64-fedora-gcc 0.6-6 29.20 OK
r-devel-macos-x86_64-clang 0.6-6 27.27 OK
r-devel-windows-ix86+x86_64 0.6-6 55.00 38.00 93.00 OK
r-patched-linux-x86_64 0.6-6 4.38 19.33 23.72 OK
r-patched-solaris-sparc 0.6-6 188.10 OK
r-patched-solaris-x86 0.6-6 39.40 OK
r-release-linux-x86_64 0.6-6 4.50 21.62 26.13 OK
r-release-osx-x86_64-mavericks 0.6-6 ERROR
r-release-windows-ix86+x86_64 0.6-6 32.00 40.00 72.00 OK
r-oldrel-windows-ix86+x86_64 0.6-6 3.00 12.00 15.00 ERROR

Check Details

Version: 0.6-6
Check: whether package can be installed
Result: ERROR
    Installation failed.
Flavors: r-release-osx-x86_64-mavericks, r-oldrel-windows-ix86+x86_64