CRAN Package Check Results for Package Rmpi

Last updated on 2017-01-19 17:52:04.

Flavor Version Tinstall Tcheck Ttotal Status Flags
r-devel-linux-x86_64-debian-clang 0.6-6 2.96 17.08 20.05 OK
r-devel-linux-x86_64-debian-gcc 0.6-6 2.72 16.05 18.77 OK
r-devel-linux-x86_64-fedora-clang 0.6-6 32.54 OK --no-stop-on-test-error
r-devel-linux-x86_64-fedora-gcc 0.6-6 32.64 OK --no-stop-on-test-error
r-devel-macos-x86_64-clang 0.6-6 29.20 OK --no-stop-on-test-error
r-devel-windows-ix86+x86_64 0.6-6 57.00 40.00 97.00 OK
r-patched-linux-x86_64 0.6-6 2.51 14.93 17.44 OK
r-patched-solaris-sparc 0.6-6 194.20 OK
r-patched-solaris-x86 0.6-6 40.10 OK
r-release-linux-x86_64 0.6-6 2.52 15.02 17.54 OK
r-release-osx-x86_64-mavericks 0.6-6 ERROR
r-release-windows-ix86+x86_64 0.6-6 29.00 38.00 67.00 OK
r-oldrel-windows-ix86+x86_64 0.6-6 1.00 2.00 3.00 ERROR

Check Details

Version: 0.6-6
Check: whether package can be installed
Result: ERROR
    Installation failed.
Flavors: r-release-osx-x86_64-mavericks, r-oldrel-windows-ix86+x86_64