CRAN Package Check Results for Package Rmpi

Last updated on 2016-12-08 15:48:40.

Flavor Version Tinstall Tcheck Ttotal Status Flags
r-devel-linux-x86_64-debian-clang 0.6-6 3.10 22.88 25.98 OK
r-devel-linux-x86_64-debian-gcc 0.6-6 3.09 23.29 26.38 OK
r-devel-linux-x86_64-fedora-clang 0.6-6 34.08 OK --no-stop-on-test-error
r-devel-linux-x86_64-fedora-gcc 0.6-6 34.35 OK --no-stop-on-test-error
r-devel-macos-x86_64-clang 0.6-6 29.96 OK
r-devel-windows-ix86+x86_64 0.6-6 90.00 54.00 144.00 OK
r-patched-linux-x86_64 0.6-6 3.71 21.38 25.09 OK
r-patched-solaris-sparc 0.6-6 188.10 OK
r-patched-solaris-x86 0.6-6 40.20 OK
r-release-linux-x86_64 0.6-6 3.31 21.47 24.78 OK
r-release-osx-x86_64-mavericks 0.6-6 ERROR
r-release-windows-ix86+x86_64 0.6-6 29.00 38.00 67.00 OK
r-oldrel-windows-ix86+x86_64 0.6-6 1.00 2.00 3.00 ERROR

Check Details

Version: 0.6-6
Check: whether package can be installed
Result: ERROR
    Installation failed.
Flavors: r-release-osx-x86_64-mavericks, r-oldrel-windows-ix86+x86_64