CRAN Package Check Results for Package Rmpi

Last updated on 2014-11-21 10:52:37.

Flavor Version Tinstall Tcheck Ttotal Status Flags
r-devel-linux-x86_64-debian-clang 0.6-5 2.70 18.55 21.24 NOTE
r-devel-linux-x86_64-debian-gcc 0.6-5 2.61 18.49 21.10 NOTE
r-devel-linux-x86_64-fedora-clang 0.6-5 33.47 NOTE
r-devel-linux-x86_64-fedora-gcc 0.6-5 32.09 NOTE
r-devel-osx-x86_64-clang 0.6-5 37.46 NOTE
r-devel-windows-ix86+x86_64 0.6-5 23.00 30.00 53.00 NOTE
r-patched-linux-x86_64 0.6-5 2.68 18.26 20.94 NOTE
r-patched-solaris-sparc 0.6-5 195.00 NOTE
r-patched-solaris-x86 0.6-5 46.90 NOTE
r-release-linux-ix86 0.6-5 4.01 21.47 25.48 NOTE
r-release-linux-x86_64 0.6-5 2.69 18.26 20.95 NOTE
r-release-osx-x86_64-mavericks 0.6-5 ERROR
r-release-osx-x86_64-snowleopard 0.6-5 OK
r-release-windows-ix86+x86_64 0.6-5 22.00 29.00 51.00 NOTE
r-oldrel-windows-ix86+x86_64 0.6-5 18.00 36.00 54.00 OK

Memtest notes: valgrind

Check Details

Version: 0.6-5
Check: R code for possible problems
Result: NOTE
    mpi.setup.rngstream: no visible global function definition for
     ‘nextRNGStream’
    mpi.universe.size: no visible global function definition for
     ‘detectCores’
Flavors: r-devel-linux-x86_64-debian-clang, r-devel-linux-x86_64-debian-gcc, r-devel-linux-x86_64-fedora-clang, r-devel-linux-x86_64-fedora-gcc, r-devel-osx-x86_64-clang, r-devel-windows-ix86+x86_64, r-patched-linux-x86_64, r-patched-solaris-sparc, r-patched-solaris-x86, r-release-linux-ix86, r-release-linux-x86_64, r-release-windows-ix86+x86_64

Version: 0.6-5
Check: whether package can be installed
Result: ERROR
    Installation failed.
Flavor: r-release-osx-x86_64-mavericks