CRAN Package Check Results for Package Rmpi

Last updated on 2018-04-26 16:49:32 CEST.

Flavor Version Tinstall Tcheck Ttotal Status Flags
r-devel-linux-x86_64-debian-clang 0.6-7 5.89 23.69 29.58 OK
r-devel-linux-x86_64-debian-gcc 0.6-7 4.85 21.36 26.21 OK
r-devel-linux-x86_64-fedora-clang 0.6-7 37.75 OK
r-devel-linux-x86_64-fedora-gcc 0.6-7 37.18 OK
r-devel-windows-ix86+x86_64 0.6-7 59.00 49.00 108.00 OK
r-patched-linux-x86_64 0.6-7 4.40 26.76 31.16 OK
r-patched-solaris-x86 0.6-7 53.90 OK
r-release-linux-x86_64 0.6-7 4.91 26.28 31.19 OK
r-release-windows-ix86+x86_64 0.6-7 59.00 49.00 108.00 OK
r-release-osx-x86_64 0.6-7 ERROR
r-oldrel-windows-ix86+x86_64 0.6-7 42.00 53.00 95.00 OK
r-oldrel-osx-x86_64 0.6-7 ERROR

Check Details

Version: 0.6-7
Check: whether package can be installed
Result: ERROR
    Installation failed.
Flavors: r-release-osx-x86_64, r-oldrel-osx-x86_64