CRAN Package Check Results for Package Rmpi

Last updated on 2017-10-23 11:48:41.

Flavor Version Tinstall Tcheck Ttotal Status Flags
r-devel-linux-x86_64-debian-clang 0.6-6 2.70 16.83 19.54 NOTE
r-devel-linux-x86_64-debian-gcc 0.6-6 2.91 18.54 21.45 NOTE
r-devel-linux-x86_64-fedora-clang 0.6-6 33.01 NOTE
r-devel-linux-x86_64-fedora-gcc 0.6-6 33.43 NOTE
r-devel-windows-ix86+x86_64 0.6-6 64.00 44.00 108.00 WARN
r-patched-linux-x86_64 0.6-6 2.72 16.69 19.41 NOTE
r-patched-solaris-x86 0.6-6 45.00 OK
r-release-linux-x86_64 0.6-6 2.61 16.69 19.30 NOTE
r-release-windows-ix86+x86_64 0.6-6 31.00 44.00 75.00 OK
r-release-osx-x86_64 0.6-6 ERROR
r-oldrel-windows-ix86+x86_64 0.6-6 29.00 38.00 67.00 OK
r-oldrel-osx-x86_64 0.6-6 ERROR

Check Details

Version: 0.6-6
Check: compiled code
Result: NOTE
    File ‘Rmpi/libs/Rmpi.so’:
     Found no calls to: ‘R_registerRoutines’, ‘R_useDynamicSymbols’
    
    It is good practice to register native routines and to disable symbol
    search.
    
    See ‘Writing portable packages’ in the ‘Writing R Extensions’ manual.
Flavors: r-devel-linux-x86_64-debian-clang, r-devel-linux-x86_64-debian-gcc, r-devel-linux-x86_64-fedora-clang, r-devel-linux-x86_64-fedora-gcc, r-patched-linux-x86_64, r-release-linux-x86_64

Version: 0.6-6
Check: line endings in shell scripts
Result: WARN
    Found the following shell script(s) with CR or CRLF line endings:
     configure.ac
    Non-Windows OSes require LF line endings.
Flavor: r-devel-windows-ix86+x86_64

Version: 0.6-6
Check: whether package can be installed
Result: ERROR
    Installation failed.
Flavors: r-release-osx-x86_64, r-oldrel-osx-x86_64