CRAN Package Check Results for Package Rmpi

Last updated on 2016-06-29 10:50:32.

Flavor Version Tinstall Tcheck Ttotal Status Flags
r-devel-linux-x86_64-debian-gcc 0.6-6 3.62 19.99 23.61 OK
r-devel-linux-x86_64-fedora-clang 0.6-6 30.40 OK
r-devel-linux-x86_64-fedora-gcc 0.6-6 28.20 OK
r-devel-osx-x86_64-clang 0.6-6 34.45 OK
r-devel-windows-ix86+x86_64 0.6-6 56.00 38.00 94.00 OK
r-patched-linux-x86_64 0.6-6 4.41 21.53 25.94 OK
r-patched-solaris-sparc 0.6-6 188.10 OK
r-patched-solaris-x86 0.6-6 41.30 OK
r-release-linux-x86_64 0.6-6 4.14 21.00 25.13 OK
r-release-osx-x86_64-mavericks 0.6-6 ERROR
r-release-windows-ix86+x86_64 0.6-6 28.00 37.00 65.00 OK
r-oldrel-windows-ix86+x86_64 0.6-6 3.00 12.00 15.00 ERROR

Check Details

Version: 0.6-6
Check: whether package can be installed
Result: ERROR
    Installation failed.
Flavors: r-release-osx-x86_64-mavericks, r-oldrel-windows-ix86+x86_64