CRAN Package Check Results for Package Rmpi

Last updated on 2016-08-28 15:47:10.

Flavor Version Tinstall Tcheck Ttotal Status Flags
r-devel-linux-x86_64-debian-clang 0.6-6 3.02 18.83 21.85 OK
r-devel-linux-x86_64-debian-gcc 0.6-6 3.05 18.53 21.58 OK
r-devel-linux-x86_64-fedora-clang 0.6-6 30.64 OK
r-devel-linux-x86_64-fedora-gcc 0.6-6 28.04 OK
r-devel-osx-x86_64-clang 0.6-6 27.32 OK
r-devel-windows-ix86+x86_64 0.6-6 62.00 65.00 127.00 OK
r-patched-linux-x86_64 0.6-6 4.70 19.22 23.92 OK
r-patched-solaris-sparc 0.6-6 188.10 OK
r-patched-solaris-x86 0.6-6 39.70 OK
r-release-linux-x86_64 0.6-6 3.14 18.87 22.00 OK
r-release-osx-x86_64-mavericks 0.6-6 ERROR
r-release-windows-ix86+x86_64 0.6-6 28.00 37.00 65.00 OK
r-oldrel-windows-ix86+x86_64 0.6-6 3.00 12.00 15.00 ERROR

Check Details

Version: 0.6-6
Check: whether package can be installed
Result: ERROR
    Installation failed.
Flavors: r-release-osx-x86_64-mavericks, r-oldrel-windows-ix86+x86_64