CRAN Package Check Results for Package Rmpi

Last updated on 2016-05-26 05:47:51.

Flavor Version Tinstall Tcheck Ttotal Status Flags
r-devel-linux-x86_64-debian-gcc 0.6-5 2.95 18.25 21.20 NOTE
r-devel-linux-x86_64-fedora-clang 0.6-5 29.74 NOTE
r-devel-linux-x86_64-fedora-gcc 0.6-5 28.38 NOTE
r-devel-osx-x86_64-clang 0.6-5 40.88 NOTE
r-devel-windows-ix86+x86_64 0.6-5 1.00 4.00 5.00 ERROR
r-patched-linux-x86_64 0.6-5 2.74 18.77 21.51 NOTE
r-patched-solaris-sparc 0.6-5 189.90 NOTE
r-patched-solaris-x86 0.6-5 40.80 NOTE
r-release-linux-x86_64 0.6-5 2.76 18.25 21.01 NOTE
r-release-osx-x86_64-mavericks 0.6-5 ERROR
r-release-windows-ix86+x86_64 0.6-5 2.00 5.00 7.00 ERROR
r-oldrel-windows-ix86+x86_64 0.6-5 29.00 33.00 62.00 NOTE

Memtest notes: valgrind

Check Details

Version: 0.6-5
Check: dependencies in R code
Result: NOTE
    'library' or 'require' call to ‘parallel’ in package code.
     Please use :: or requireNamespace() instead.
     See section 'Suggested packages' in the 'Writing R Extensions' manual.
Flavors: r-devel-linux-x86_64-debian-gcc, r-devel-linux-x86_64-fedora-clang, r-devel-linux-x86_64-fedora-gcc, r-devel-osx-x86_64-clang, r-patched-linux-x86_64, r-patched-solaris-sparc, r-patched-solaris-x86, r-release-linux-x86_64, r-oldrel-windows-ix86+x86_64

Version: 0.6-5
Check: R code for possible problems
Result: NOTE
    mpi.apply: no visible global function definition for ‘runif’
    mpi.iapply: no visible global function definition for ‘runif’
    mpi.parSim: no visible binding for global variable ‘rnorm’
    mpi.remote.exec: no visible global function definition for ‘runif’
    mpi.setup.rngstream: no visible global function definition for
     ‘nextRNGStream’
    mpi.universe.size: no visible global function definition for
     ‘detectCores’
    Undefined global functions or variables:
     detectCores nextRNGStream rnorm runif
    Consider adding
     importFrom("stats", "rnorm", "runif")
    to your NAMESPACE file.
Flavors: r-devel-linux-x86_64-debian-gcc, r-devel-linux-x86_64-fedora-clang, r-devel-linux-x86_64-fedora-gcc, r-devel-osx-x86_64-clang, r-patched-linux-x86_64, r-patched-solaris-sparc, r-patched-solaris-x86, r-release-linux-x86_64

Version: 0.6-5
Check: whether package can be installed
Result: ERROR
    Installation failed.
Flavors: r-devel-windows-ix86+x86_64, r-release-windows-ix86+x86_64

Version: 0.6-5
Check: whether package can be installed
Result: ERROR
    Installation failed.
    See ‘/Builds/CRAN-QA-Simon/packages/mavericks-x86_64/results/3.3/Rmpi.Rcheck/00install.out’ for details.
    * DONE
    Status: 1 ERROR
Flavor: r-release-osx-x86_64-mavericks

Version: 0.6-5
Check: R code for possible problems
Result: NOTE
    mpi.setup.rngstream: no visible global function definition for
     'nextRNGStream'
    mpi.universe.size: no visible global function definition for
     'detectCores'
Flavor: r-oldrel-windows-ix86+x86_64