CRAN Package Check Results for Package Rmpi

Last updated on 2015-04-25 19:47:26.

Flavor Version Tinstall Tcheck Ttotal Status Flags
r-devel-linux-x86_64-debian-clang 0.6-5 2.64 20.10 22.74 NOTE
r-devel-linux-x86_64-debian-gcc 0.6-5 2.67 18.36 21.02 NOTE
r-devel-linux-x86_64-fedora-clang 0.6-5 32.34 NOTE
r-devel-linux-x86_64-fedora-gcc 0.6-5 30.89 NOTE
r-devel-osx-x86_64-clang 0.6-5 35.03 NOTE
r-devel-windows-ix86+x86_64 0.6-5 14.00 32.00 46.00 NOTE
r-patched-linux-x86_64 0.6-5 2.71 17.81 20.52 NOTE
r-patched-solaris-sparc 0.6-5 211.30 NOTE
r-patched-solaris-x86 0.6-5 43.00 NOTE
r-release-linux-x86_64 0.6-5 2.65 18.34 20.99 NOTE
r-release-osx-x86_64-mavericks 0.6-5 ERROR
r-release-osx-x86_64-snowleopard 0.6-5 OK
r-release-windows-ix86+x86_64 0.6-5 11.00 34.00 45.00 NOTE
r-oldrel-windows-ix86+x86_64 0.6-5 35.00 33.00 68.00 NOTE

Memtest notes: valgrind

Check Details

Version: 0.6-5
Check: dependencies in R code
Result: NOTE
    'library' or 'require' call to 'parallel' in package code.
     Please use :: or requireNamespace() instead.
     See section 'Suggested packages' in the 'Writing R Extensions' manual.
Flavors: r-devel-windows-ix86+x86_64, r-release-windows-ix86+x86_64, r-oldrel-windows-ix86+x86_64

Version: 0.6-5
Check: R code for possible problems
Result: NOTE
    mpi.setup.rngstream: no visible global function definition for
     'nextRNGStream'
    mpi.universe.size: no visible global function definition for
     'detectCores'
Flavors: r-devel-windows-ix86+x86_64, r-release-windows-ix86+x86_64, r-oldrel-windows-ix86+x86_64