CRAN Package Check Results for Package Rmpi

Last updated on 2017-03-29 11:49:51.

Flavor Version Tinstall Tcheck Ttotal Status Flags
r-devel-linux-x86_64-debian-clang 0.6-6 2.99 17.11 20.10 NOTE
r-devel-linux-x86_64-debian-gcc 0.6-6 2.83 16.50 19.33 NOTE
r-devel-linux-x86_64-fedora-clang 0.6-6 32.33 NOTE --no-stop-on-test-error
r-devel-linux-x86_64-fedora-gcc 0.6-6 32.96 NOTE --no-stop-on-test-error
r-devel-macos-x86_64-clang 0.6-6 29.43 NOTE --no-stop-on-test-error
r-devel-windows-ix86+x86_64 0.6-6 38.00 41.00 79.00 OK
r-patched-linux-x86_64 0.6-6 2.69 16.70 19.39 NOTE
r-patched-solaris-sparc 0.6-6 246.40 OK
r-patched-solaris-x86 0.6-6 43.20 OK
r-release-linux-x86_64 0.6-6 2.52 15.19 17.71 OK
r-release-osx-x86_64-mavericks 0.6-6 ERROR
r-release-windows-ix86+x86_64 0.6-6 29.00 38.00 67.00 OK
r-oldrel-windows-ix86+x86_64 0.6-6 1.00 2.00 3.00 ERROR

Check Details

Version: 0.6-6
Check: compiled code
Result: NOTE
    File ‘Rmpi/libs/Rmpi.so’:
     Found no calls to: ‘R_registerRoutines’, ‘R_useDynamicSymbols’
    
    It is good practice to register native routines and to disable symbol
    search.
    
    See ‘Writing portable packages’ in the ‘Writing R Extensions’ manual.
Flavors: r-devel-linux-x86_64-debian-clang, r-devel-linux-x86_64-debian-gcc, r-patched-linux-x86_64

Version: 0.6-6
Flags: --no-stop-on-test-error
Check: compiled code
Result: NOTE
    File ‘Rmpi/libs/Rmpi.so’:
     Found no calls to: ‘R_registerRoutines’, ‘R_useDynamicSymbols’
    
    It is good practice to register native routines and to disable symbol
    search.
    
    See ‘Writing portable packages’ in the ‘Writing R Extensions’ manual.
Flavors: r-devel-linux-x86_64-fedora-clang, r-devel-linux-x86_64-fedora-gcc, r-devel-macos-x86_64-clang

Version: 0.6-6
Check: whether package can be installed
Result: ERROR
    Installation failed.
Flavors: r-release-osx-x86_64-mavericks, r-oldrel-windows-ix86+x86_64