CRAN Package Check Results for Package Rmpi

Last updated on 2018-01-19 05:50:11 CET.

Flavor Version Tinstall Tcheck Ttotal Status Flags
r-devel-linux-x86_64-debian-clang 0.6-6 3.99 26.06 30.05 NOTE
r-devel-linux-x86_64-debian-gcc 0.6-6 2.94 22.02 24.96 NOTE
r-devel-linux-x86_64-fedora-clang 0.6-6 36.35 NOTE
r-devel-linux-x86_64-fedora-gcc 0.6-6 35.97 NOTE
r-devel-windows-ix86+x86_64 0.6-6 31.00 46.00 77.00 OK
r-patched-linux-x86_64 0.6-6 3.59 25.14 28.73 NOTE
r-patched-solaris-x86 0.6-6 50.20 OK
r-release-linux-x86_64 0.6-6 3.76 25.63 29.39 NOTE
r-release-windows-ix86+x86_64 0.6-6 31.00 44.00 75.00 OK
r-release-osx-x86_64 0.6-6 ERROR
r-oldrel-windows-ix86+x86_64 0.6-6 29.00 38.00 67.00 OK
r-oldrel-osx-x86_64 0.6-6 ERROR

Check Details

Version: 0.6-6
Check: compiled code
Result: NOTE
    File ‘Rmpi/libs/Rmpi.so’:
     Found no calls to: ‘R_registerRoutines’, ‘R_useDynamicSymbols’
    
    It is good practice to register native routines and to disable symbol
    search.
    
    See ‘Writing portable packages’ in the ‘Writing R Extensions’ manual.
Flavors: r-devel-linux-x86_64-debian-clang, r-devel-linux-x86_64-debian-gcc, r-devel-linux-x86_64-fedora-clang, r-devel-linux-x86_64-fedora-gcc, r-patched-linux-x86_64, r-release-linux-x86_64

Version: 0.6-6
Check: whether package can be installed
Result: ERROR
    Installation failed.
Flavors: r-release-osx-x86_64, r-oldrel-osx-x86_64