CRAN Package Check Results for Package Rmpi

Last updated on 2014-12-18 19:50:46.

Flavor Version Tinstall Tcheck Ttotal Status Flags
r-devel-linux-x86_64-debian-clang 0.6-5 2.50 18.88 21.38 NOTE
r-devel-linux-x86_64-debian-gcc 0.6-5 2.67 18.96 21.63 NOTE
r-devel-linux-x86_64-fedora-clang 0.6-5 35.36 NOTE
r-devel-linux-x86_64-fedora-gcc 0.6-5 32.51 NOTE
r-devel-osx-x86_64-clang 0.6-5 37.25 NOTE
r-devel-windows-ix86+x86_64 0.6-5 39.00 38.00 77.00 NOTE
r-patched-linux-x86_64 0.6-5 2.64 19.42 22.06 NOTE
r-patched-solaris-sparc 0.6-5 195.00 NOTE
r-patched-solaris-x86 0.6-5 47.80 NOTE
r-release-linux-ix86 0.6-5 4.02 21.47 25.48 NOTE
r-release-linux-x86_64 0.6-5 2.68 19.15 21.82 NOTE
r-release-osx-x86_64-mavericks 0.6-5 ERROR
r-release-osx-x86_64-snowleopard 0.6-5 OK
r-release-windows-ix86+x86_64 0.6-5 22.00 29.00 51.00 NOTE
r-oldrel-windows-ix86+x86_64 0.6-5 18.00 36.00 54.00 OK

Memtest notes: valgrind

Check Details

Version: 0.6-5
Check: R code for possible problems
Result: NOTE
    mpi.setup.rngstream: no visible global function definition for
     ‘nextRNGStream’
    mpi.universe.size: no visible global function definition for
     ‘detectCores’
Flavors: r-devel-linux-x86_64-debian-clang, r-devel-linux-x86_64-debian-gcc, r-devel-linux-x86_64-fedora-clang, r-devel-linux-x86_64-fedora-gcc, r-devel-osx-x86_64-clang, r-devel-windows-ix86+x86_64, r-patched-linux-x86_64, r-patched-solaris-sparc, r-patched-solaris-x86, r-release-linux-ix86, r-release-linux-x86_64, r-release-windows-ix86+x86_64

Version: 0.6-5
Check: whether package can be installed
Result: ERROR
    Installation failed.
Flavor: r-release-osx-x86_64-mavericks