CRAN Package Check Results for Package Rmpi

Last updated on 2015-05-22 23:48:10.

Flavor Version Tinstall Tcheck Ttotal Status Flags
r-devel-linux-x86_64-debian-clang 0.6-5 2.73 18.64 21.37 NOTE
r-devel-linux-x86_64-debian-gcc 0.6-5 2.64 19.26 21.90 NOTE
r-devel-linux-x86_64-fedora-clang 0.6-5 32.25 NOTE
r-devel-linux-x86_64-fedora-gcc 0.6-5 31.21 NOTE
r-devel-osx-x86_64-clang 0.6-5 36.04 NOTE
r-devel-windows-ix86+x86_64 0.6-5 43.00 31.00 74.00 NOTE
r-patched-linux-x86_64 0.6-5 3.09 17.94 21.03 NOTE
r-patched-solaris-sparc 0.6-5 214.60 NOTE
r-patched-solaris-x86 0.6-5 44.30 NOTE
r-release-linux-x86_64 0.6-5 2.82 18.62 21.44 NOTE
r-release-osx-x86_64-mavericks 0.6-5 ERROR
r-release-osx-x86_64-snowleopard 0.6-5 OK
r-release-windows-ix86+x86_64 0.6-5 11.00 34.00 45.00 NOTE
r-oldrel-windows-ix86+x86_64 0.6-5 35.00 33.00 68.00 NOTE

Memtest notes: valgrind

Check Details

Version: 0.6-5
Check: dependencies in R code
Result: NOTE
    'library' or 'require' call to ‘parallel’ in package code.
     Please use :: or requireNamespace() instead.
     See section 'Suggested packages' in the 'Writing R Extensions' manual.
Flavors: r-devel-linux-x86_64-debian-clang, r-devel-linux-x86_64-debian-gcc, r-devel-linux-x86_64-fedora-clang, r-devel-linux-x86_64-fedora-gcc, r-devel-osx-x86_64-clang, r-devel-windows-ix86+x86_64, r-patched-linux-x86_64, r-patched-solaris-sparc, r-patched-solaris-x86, r-release-linux-x86_64, r-release-windows-ix86+x86_64, r-oldrel-windows-ix86+x86_64

Version: 0.6-5
Check: R code for possible problems
Result: NOTE
    mpi.setup.rngstream: no visible global function definition for
     ‘nextRNGStream’
    mpi.universe.size: no visible global function definition for
     ‘detectCores’
Flavors: r-devel-linux-x86_64-debian-clang, r-devel-linux-x86_64-debian-gcc, r-devel-linux-x86_64-fedora-clang, r-devel-linux-x86_64-fedora-gcc, r-devel-osx-x86_64-clang, r-devel-windows-ix86+x86_64, r-patched-linux-x86_64, r-patched-solaris-sparc, r-patched-solaris-x86, r-release-linux-x86_64, r-release-windows-ix86+x86_64, r-oldrel-windows-ix86+x86_64

Version: 0.6-5
Check: whether package can be installed
Result: ERROR
    Installation failed.
Flavor: r-release-osx-x86_64-mavericks