CRAN Package Check Results for Package Rmpi

Last updated on 2020-09-25 23:50:30 CEST.

Flavor Version Tinstall Tcheck Ttotal Status Flags
r-devel-linux-x86_64-debian-clang 0.6-9 7.10 36.60 43.70 OK
r-devel-linux-x86_64-debian-gcc 0.6-9 5.79 28.50 34.29 OK
r-devel-linux-x86_64-fedora-clang 0.6-9 59.08 OK
r-devel-linux-x86_64-fedora-gcc 0.6-9 50.29 OK
r-devel-windows-ix86+x86_64 0.6-9 21.00 47.00 68.00 OK
r-patched-linux-x86_64 0.6-9 7.05 34.90 41.95 OK
r-patched-solaris-x86 0.6-9 61.80 OK
r-release-linux-x86_64 0.6-9 6.51 34.96 41.47 OK
r-release-macos-x86_64 0.6-9 ERROR
r-release-windows-ix86+x86_64 0.6-9 34.00 52.00 86.00 OK
r-oldrel-macos-x86_64 0.6-9 ERROR
r-oldrel-windows-ix86+x86_64 0.6-9 34.00 75.00 109.00 OK

Check Details

Version: 0.6-9
Check: whether package can be installed
Result: ERROR
    Installation failed.
Flavors: r-release-macos-x86_64, r-oldrel-macos-x86_64