CRAN Package Check Results for Package Rmpi

Last updated on 2014-08-23 20:47:03.

Flavor Version Tinstall Tcheck Ttotal Status Flags
r-devel-linux-x86_64-debian-clang 0.6-5 2.52 17.69 20.22 NOTE
r-devel-linux-x86_64-debian-gcc 0.6-5 2.42 18.06 20.48 NOTE
r-devel-linux-x86_64-fedora-clang 0.6-5 33.59 NOTE
r-devel-linux-x86_64-fedora-gcc 0.6-5 31.60 NOTE
r-devel-osx-x86_64-clang 0.6-5 39.36 NOTE
r-devel-windows-ix86+x86_64 0.6-5 22.00 30.00 52.00 OK
r-patched-linux-x86_64 0.6-5 2.58 17.86 20.44 OK
r-patched-solaris-sparc 0.6-5 200.20 OK
r-patched-solaris-x86 0.6-5 46.90 OK
r-release-linux-ix86 0.6-5 4.23 23.52 27.76 OK
r-release-linux-x86_64 0.6-5 2.60 18.82 21.42 OK
r-release-osx-x86_64-mavericks 0.6-5 ERROR
r-release-osx-x86_64-snowleopard 0.6-5 OK
r-release-windows-ix86+x86_64 0.6-5 36.00 30.00 66.00 OK
r-oldrel-windows-ix86+x86_64 0.6-5 18.00 36.00 54.00 OK

Memtest notes: valgrind

Check Details

Version: 0.6-5
Check: R code for possible problems
Result: NOTE
    mpi.setup.rngstream: no visible global function definition for
     ‘nextRNGStream’
    mpi.universe.size: no visible global function definition for
     ‘detectCores’
Flavors: r-devel-linux-x86_64-debian-clang, r-devel-linux-x86_64-debian-gcc, r-devel-linux-x86_64-fedora-clang, r-devel-linux-x86_64-fedora-gcc, r-devel-osx-x86_64-clang

Version: 0.6-5
Check: whether package can be installed
Result: ERROR
    Installation failed.
Flavor: r-release-osx-x86_64-mavericks