CRAN Package Check Results for Package Rmpi

Last updated on 2017-05-24 07:50:06.

Flavor Version Tinstall Tcheck Ttotal Status Flags
r-devel-linux-x86_64-debian-clang 0.6-6 3.32 17.01 20.33 NOTE
r-devel-linux-x86_64-debian-gcc 0.6-6 2.81 17.19 19.99 NOTE
r-devel-linux-x86_64-fedora-clang 0.6-6 33.44 NOTE --no-stop-on-test-error
r-devel-linux-x86_64-fedora-gcc 0.6-6 32.28 NOTE --no-stop-on-test-error
r-devel-windows-ix86+x86_64 0.6-6 73.00 58.00 131.00 OK
r-patched-linux-x86_64 0.6-6 2.64 16.66 19.29 NOTE
r-patched-solaris-sparc 0.6-6 246.40 OK
r-patched-solaris-x86 0.6-6 43.90 OK
r-release-linux-x86_64 0.6-6 2.80 17.19 19.98 NOTE
r-release-windows-ix86+x86_64 0.6-6 34.00 42.00 76.00 OK
r-release-osx-x86_64 0.6-6 ERROR
r-oldrel-windows-ix86+x86_64 0.6-6 29.00 38.00 67.00 OK
r-oldrel-osx-x86_64 0.6-6 ERROR

Check Details

Version: 0.6-6
Check: compiled code
Result: NOTE
    File ‘Rmpi/libs/Rmpi.so’:
     Found no calls to: ‘R_registerRoutines’, ‘R_useDynamicSymbols’
    
    It is good practice to register native routines and to disable symbol
    search.
    
    See ‘Writing portable packages’ in the ‘Writing R Extensions’ manual.
Flavors: r-devel-linux-x86_64-debian-clang, r-devel-linux-x86_64-debian-gcc, r-patched-linux-x86_64, r-release-linux-x86_64

Version: 0.6-6
Flags: --no-stop-on-test-error
Check: compiled code
Result: NOTE
    File ‘Rmpi/libs/Rmpi.so’:
     Found no calls to: ‘R_registerRoutines’, ‘R_useDynamicSymbols’
    
    It is good practice to register native routines and to disable symbol
    search.
    
    See ‘Writing portable packages’ in the ‘Writing R Extensions’ manual.
Flavors: r-devel-linux-x86_64-fedora-clang, r-devel-linux-x86_64-fedora-gcc

Version: 0.6-6
Check: whether package can be installed
Result: ERROR
    Installation failed.
Flavors: r-release-osx-x86_64, r-oldrel-osx-x86_64