CRAN Package Check Results for Package Rmpi

Last updated on 2018-06-22 18:46:55 CEST.

Flavor Version Tinstall Tcheck Ttotal Status Flags
r-devel-linux-x86_64-debian-clang 0.6-7 5.19 28.40 33.59 OK
r-devel-linux-x86_64-debian-gcc 0.6-7 4.18 22.02 26.20 OK
r-devel-linux-x86_64-fedora-clang 0.6-7 39.17 OK
r-devel-linux-x86_64-fedora-gcc 0.6-7 37.75 OK
r-devel-windows-ix86+x86_64 0.6-7 53.00 67.00 120.00 OK
r-patched-linux-x86_64 0.6-7 5.14 27.01 32.15 OK
r-patched-solaris-x86 0.6-7 53.50 OK
r-release-linux-x86_64 0.6-7 5.46 26.61 32.07 OK
r-release-windows-ix86+x86_64 0.6-7 59.00 49.00 108.00 OK
r-release-osx-x86_64 0.6-7 ERROR
r-oldrel-windows-ix86+x86_64 0.6-7 42.00 53.00 95.00 OK
r-oldrel-osx-x86_64 0.6-7 ERROR

Additional issues

rchk

Check Details

Version: 0.6-7
Check: whether package can be installed
Result: ERROR
    Installation failed.
Flavors: r-release-osx-x86_64, r-oldrel-osx-x86_64