CRAN Package Check Results for Package Rmpi

Last updated on 2016-07-24 06:47:07.

Flavor Version Tinstall Tcheck Ttotal Status Flags
r-devel-linux-x86_64-debian-clang 0.6-6 3.76 21.43 25.18 OK
r-devel-linux-x86_64-debian-gcc 0.6-6 5.26 21.09 26.34 OK
r-devel-linux-x86_64-fedora-clang 0.6-6 30.09 OK
r-devel-linux-x86_64-fedora-gcc 0.6-6 28.62 OK
r-devel-osx-x86_64-clang 0.6-6 27.22 OK
r-devel-windows-ix86+x86_64 0.6-6 28.00 38.00 66.00 OK
r-patched-linux-x86_64 0.6-6 5.31 21.52 26.82 OK
r-patched-solaris-sparc 0.6-6 188.10 OK
r-patched-solaris-x86 0.6-6 39.20 OK
r-release-linux-x86_64 0.6-6 5.02 21.80 26.83 OK
r-release-osx-x86_64-mavericks 0.6-6 ERROR
r-release-windows-ix86+x86_64 0.6-6 28.00 37.00 65.00 OK
r-oldrel-windows-ix86+x86_64 0.6-6 3.00 12.00 15.00 ERROR

Check Details

Version: 0.6-6
Check: whether package can be installed
Result: ERROR
    Installation failed.
Flavors: r-release-osx-x86_64-mavericks, r-oldrel-windows-ix86+x86_64