CRAN Package Check Results for Package Rmpi

Last updated on 2017-06-29 17:50:30.

Flavor Version Tinstall Tcheck Ttotal Status Flags
r-devel-linux-x86_64-debian-clang 0.6-6 3.29 16.55 19.85 NOTE
r-devel-linux-x86_64-debian-gcc 0.6-6 2.70 16.73 19.43 NOTE
r-devel-linux-x86_64-fedora-clang 0.6-6 32.48 NOTE
r-devel-linux-x86_64-fedora-gcc 0.6-6 32.07 NOTE
r-devel-windows-ix86+x86_64 0.6-6 52.00 60.00 112.00 OK
r-patched-linux-x86_64 0.6-6 2.83 16.93 19.75 NOTE
r-patched-solaris-sparc 0.6-6 246.40 OK
r-patched-solaris-x86 0.6-6 43.80 OK
r-release-linux-x86_64 0.6-6 2.70 16.89 19.59 NOTE
r-release-windows-ix86+x86_64 0.6-6 34.00 42.00 76.00 OK
r-release-osx-x86_64 0.6-6 ERROR
r-oldrel-windows-ix86+x86_64 0.6-6 29.00 38.00 67.00 OK
r-oldrel-osx-x86_64 0.6-6 ERROR

Check Details

Version: 0.6-6
Check: compiled code
Result: NOTE
    File ‘Rmpi/libs/Rmpi.so’:
     Found no calls to: ‘R_registerRoutines’, ‘R_useDynamicSymbols’
    
    It is good practice to register native routines and to disable symbol
    search.
    
    See ‘Writing portable packages’ in the ‘Writing R Extensions’ manual.
Flavors: r-devel-linux-x86_64-debian-clang, r-devel-linux-x86_64-debian-gcc, r-devel-linux-x86_64-fedora-clang, r-devel-linux-x86_64-fedora-gcc, r-patched-linux-x86_64, r-release-linux-x86_64

Version: 0.6-6
Check: whether package can be installed
Result: ERROR
    Installation failed.
Flavors: r-release-osx-x86_64, r-oldrel-osx-x86_64