CRAN Package Check Results for Package Rmpi

Last updated on 2014-04-24 09:49:09.

Flavor Version Tinstall Tcheck Ttotal Status Flags
r-devel-linux-x86_64-debian-clang 0.6-3 2.49 19.32 21.81 OK
r-devel-linux-x86_64-debian-gcc 0.6-3 2.54 20.00 22.54 OK
r-devel-linux-x86_64-fedora-clang 0.6-3 34.15 OK
r-devel-linux-x86_64-fedora-gcc 0.6-3 31.82 OK
r-devel-osx-x86_64-clang 0.6-3 33.80 OK
r-devel-osx-x86_64-gcc 0.6-3 OK
r-patched-linux-x86_64 0.6-3 2.85 19.61 22.46 OK
r-patched-solaris-sparc 0.6-3 190.90 OK
r-patched-solaris-x86 0.6-3 46.00 OK
r-release-linux-ix86 0.6-3 6.00 32.00 38.00 OK
r-release-linux-x86_64 0.6-3 2.76 20.44 23.20 OK
r-release-osx-x86_64-mavericks 0.6-3 ERROR

Check Details

Version: 0.6-3
Check: whether package can be installed
Result: ERROR
    Installation failed.
    See ‘/Builds/CRAN-QA-Simon/packages/mavericks-x86_64/results/3.1/Rmpi.Rcheck/00install.out’ for details.
Flavor: r-release-osx-x86_64-mavericks