CRAN Package Check Results for Package Rmpi

Last updated on 2015-07-28 17:48:37.

Flavor Version Tinstall Tcheck Ttotal Status Flags
r-devel-linux-x86_64-debian-clang 0.6-5 3.01 17.00 20.01 NOTE
r-devel-linux-x86_64-debian-gcc 0.6-5 2.77 17.49 20.26 NOTE
r-devel-linux-x86_64-fedora-clang 0.6-5 31.22 NOTE
r-devel-linux-x86_64-fedora-gcc 0.6-5 29.47 NOTE
r-devel-osx-x86_64-clang 0.6-5 33.29 NOTE
r-devel-windows-ix86+x86_64 0.6-5 30.00 31.00 61.00 NOTE
r-patched-linux-x86_64 0.6-5 2.76 17.59 20.34 NOTE
r-patched-solaris-sparc 0.6-5 209.10 NOTE
r-patched-solaris-x86 0.6-5 44.30 NOTE
r-release-linux-x86_64 0.6-5 2.68 17.25 19.93 NOTE
r-release-osx-x86_64-mavericks 0.6-5 ERROR
r-release-windows-ix86+x86_64 0.6-5 28.00 31.00 59.00 NOTE
r-oldrel-windows-ix86+x86_64 0.6-5 35.00 33.00 68.00 NOTE

Memtest notes: valgrind

Check Details

Version: 0.6-5
Check: dependencies in R code
Result: NOTE
    'library' or 'require' call to ‘parallel’ in package code.
     Please use :: or requireNamespace() instead.
     See section 'Suggested packages' in the 'Writing R Extensions' manual.
Flavors: r-devel-linux-x86_64-debian-clang, r-devel-linux-x86_64-debian-gcc, r-devel-linux-x86_64-fedora-clang, r-devel-linux-x86_64-fedora-gcc, r-devel-osx-x86_64-clang, r-devel-windows-ix86+x86_64, r-patched-linux-x86_64, r-patched-solaris-sparc, r-patched-solaris-x86, r-release-linux-x86_64, r-release-windows-ix86+x86_64, r-oldrel-windows-ix86+x86_64

Version: 0.6-5
Check: R code for possible problems
Result: NOTE
    mpi.apply: no visible global function definition for ‘runif’
    mpi.iapply: no visible global function definition for ‘runif’
    mpi.parSim: no visible binding for global variable ‘rnorm’
    mpi.remote.exec: no visible global function definition for ‘runif’
    mpi.setup.rngstream: no visible global function definition for
     ‘nextRNGStream’
    mpi.universe.size: no visible global function definition for
     ‘detectCores’
    Undefined global functions or variables:
     detectCores nextRNGStream rnorm runif
    Consider adding
     importFrom("stats", "rnorm", "runif")
    to your NAMESPACE.
Flavors: r-devel-linux-x86_64-debian-clang, r-devel-linux-x86_64-debian-gcc, r-devel-linux-x86_64-fedora-clang, r-devel-linux-x86_64-fedora-gcc, r-devel-windows-ix86+x86_64

Version: 0.6-5
Check: R code for possible problems
Result: NOTE
    mpi.setup.rngstream: no visible global function definition for
     ‘nextRNGStream’
    mpi.universe.size: no visible global function definition for
     ‘detectCores’
    Undefined global functions or variables:
     detectCores nextRNGStream
Flavor: r-devel-osx-x86_64-clang

Version: 0.6-5
Check: R code for possible problems
Result: NOTE
    mpi.setup.rngstream: no visible global function definition for
     ‘nextRNGStream’
    mpi.universe.size: no visible global function definition for
     ‘detectCores’
Flavors: r-patched-linux-x86_64, r-patched-solaris-sparc, r-patched-solaris-x86, r-release-linux-x86_64, r-release-windows-ix86+x86_64, r-oldrel-windows-ix86+x86_64

Version: 0.6-5
Check: whether package can be installed
Result: ERROR
    Installation failed.
Flavor: r-release-osx-x86_64-mavericks