CRAN Package Check Results for Package RnavGraph

Last updated on 2015-03-05 17:49:16.

Flavor Version Tinstall Tcheck Ttotal Status Flags
r-devel-linux-x86_64-debian-clang 0.1.8 3.80 63.66 67.46 OK
r-devel-linux-x86_64-debian-gcc 0.1.8 3.82 61.87 65.69 OK
r-devel-linux-x86_64-fedora-clang 0.1.8 137.53 OK
r-devel-linux-x86_64-fedora-gcc 0.1.8 132.02 OK
r-devel-osx-x86_64-clang 0.1.8 131.70 OK
r-devel-windows-ix86+x86_64 0.1.8 16.00 116.00 132.00 OK
r-patched-linux-x86_64 0.1.8 4.53 73.01 77.54 OK
r-patched-solaris-sparc 0.1.8 1123.30 OK
r-patched-solaris-x86 0.1.8 244.40 OK
r-release-linux-ix86 0.1.8 6.04 100.46 106.50 OK
r-release-linux-x86_64 0.1.8 4.72 74.17 78.90 OK
r-release-osx-x86_64-mavericks 0.1.8 NOTE
r-release-osx-x86_64-snowleopard 0.1.8 NOTE
r-release-windows-ix86+x86_64 0.1.8 19.00 141.00 160.00 OK
r-oldrel-windows-ix86+x86_64 0.1.8 19.00 143.00 162.00 OK

Check Details

Version: 0.1.8
Check: package dependencies
Result: NOTE
    Package suggested but not available for checking: ‘RDRToolbox’
Flavors: r-release-osx-x86_64-mavericks, r-release-osx-x86_64-snowleopard