CRAN Package Check Results for Package RnavGraph

Last updated on 2014-12-21 01:47:08.

Flavor Version Tinstall Tcheck Ttotal Status Flags
r-devel-linux-x86_64-debian-clang 0.1.8 4.41 72.56 76.97 OK
r-devel-linux-x86_64-debian-gcc 0.1.8 4.19 70.88 75.07 OK
r-devel-linux-x86_64-fedora-clang 0.1.8 91.35 OK
r-devel-linux-x86_64-fedora-gcc 0.1.8 86.53 OK
r-devel-osx-x86_64-clang 0.1.8 91.68 OK
r-devel-windows-ix86+x86_64 0.1.8 19.00 127.00 146.00 OK
r-patched-linux-x86_64 0.1.8 4.50 73.98 78.48 OK
r-patched-solaris-sparc 0.1.7 1115.00 WARN
r-patched-solaris-x86 0.1.8 221.50 OK
r-release-linux-ix86 0.1.7 5.91 94.43 100.34 OK
r-release-linux-x86_64 0.1.8 4.45 74.62 79.07 OK
r-release-osx-x86_64-mavericks 0.1.8 NOTE
r-release-osx-x86_64-snowleopard 0.1.8 NOTE
r-release-windows-ix86+x86_64 0.1.8 20.00 137.00 157.00 OK
r-oldrel-windows-ix86+x86_64 0.1.8 17.00 141.00 158.00 OK

Check Details

Version: 0.1.7
Check: for unstated dependencies in examples
Result: WARN
    Warning: parse error in file 'RnavGraph-Ex.R':
    160:1: unexpected symbol
    159:
    160: cleanEx
     ^
Flavor: r-patched-solaris-sparc

Version: 0.1.8
Check: package dependencies
Result: NOTE
    Package suggested but not available for checking: ‘RDRToolbox’
Flavors: r-release-osx-x86_64-mavericks, r-release-osx-x86_64-snowleopard