CRAN Package Check Results for Package RnavGraph

Last updated on 2014-07-23 04:48:31.

Flavor Version Tinstall Tcheck Ttotal Status Flags
r-devel-linux-x86_64-debian-clang 0.1.6 3.32 56.25 59.57 NOTE
r-devel-linux-x86_64-debian-gcc 0.1.6 3.42 56.06 59.48 NOTE
r-devel-linux-x86_64-fedora-clang 0.1.6 139.88 NOTE
r-devel-linux-x86_64-fedora-gcc 0.1.6 132.39 NOTE
r-devel-osx-x86_64-clang 0.1.6 131.43 NOTE
r-devel-windows-ix86+x86_64 0.1.6 15.00 96.00 111.00 NOTE
r-patched-linux-x86_64 0.1.6 3.43 55.34 58.76 NOTE
r-patched-solaris-sparc 0.1.6 883.60 NOTE
r-patched-solaris-x86 0.1.6 192.10 NOTE
r-release-linux-ix86 0.1.6 4.64 81.91 86.55 NOTE
r-release-linux-x86_64 0.1.6 3.51 59.08 62.60 NOTE
r-release-osx-x86_64-mavericks 0.1.6 NOTE
r-release-osx-x86_64-snowleopard 0.1.6 NOTE
r-release-windows-ix86+x86_64 0.1.6 12.00 103.00 115.00 NOTE
r-oldrel-windows-ix86+x86_64 0.1.6 13.00 112.00 125.00 NOTE

Check Details

Version: 0.1.6
Check: dependencies in R code
Result: NOTE
    Namespace in Imports field not imported from: ‘RBGL’
     All declared Imports should be used.
    See the information on DESCRIPTION files in the chapter ‘Creating R
    packages’ of the ‘Writing R Extensions’ manual.
Flavors: r-devel-linux-x86_64-debian-clang, r-devel-linux-x86_64-debian-gcc, r-devel-linux-x86_64-fedora-clang, r-devel-linux-x86_64-fedora-gcc, r-devel-osx-x86_64-clang, r-devel-windows-ix86+x86_64, r-patched-linux-x86_64, r-patched-solaris-sparc, r-patched-solaris-x86, r-release-linux-ix86, r-release-linux-x86_64, r-release-osx-x86_64-mavericks, r-release-osx-x86_64-snowleopard, r-release-windows-ix86+x86_64, r-oldrel-windows-ix86+x86_64

Version: 0.1.6
Check: Rd line widths
Result: NOTE
    Rd file 'scagEdgeWeights.Rd':
     \usage lines wider than 90 characters:
     scags = c("Clumpy", "NotClumpy", "Monotonic", "NotMonotonic",
     "Convex", "NotConvex", "Stringy", "NotStringy",
     "Skinny", "NotSkinny", "Outlying","NotOutlying",
     "Sparse", "NotSparse", "Striated", "NotStriated",
    
    These lines will be truncated in the PDF manual.
Flavors: r-devel-linux-x86_64-fedora-clang, r-devel-linux-x86_64-fedora-gcc

Version: 0.1.6
Check: package dependencies
Result: NOTE
    Package suggested but not available for checking: ‘RDRToolbox’
Flavors: r-patched-solaris-sparc, r-patched-solaris-x86, r-release-osx-x86_64-mavericks, r-release-osx-x86_64-snowleopard