CRAN Package Check Results for Package RnavGraph

Last updated on 2015-08-04 09:47:34.

Flavor Version Tinstall Tcheck Ttotal Status Flags
r-devel-linux-x86_64-debian-clang 0.1.8 3.54 65.79 69.34 NOTE
r-devel-linux-x86_64-debian-gcc 0.1.8 3.83 65.01 68.84 NOTE
r-devel-linux-x86_64-fedora-clang 0.1.8 142.59 NOTE
r-devel-linux-x86_64-fedora-gcc 0.1.8 136.44 NOTE
r-devel-osx-x86_64-clang 0.1.8 124.84 OK
r-devel-windows-ix86+x86_64 0.1.8 26.00 125.00 151.00 NOTE
r-patched-linux-x86_64 0.1.8 3.66 63.85 67.51 OK
r-patched-solaris-sparc 0.1.8 993.00 OK
r-patched-solaris-x86 0.1.8 207.30 OK
r-release-linux-x86_64 0.1.8 3.66 64.10 67.76 OK
r-release-osx-x86_64-mavericks 0.1.8 WARN
r-release-windows-ix86+x86_64 0.1.8 24.00 183.00 207.00 OK
r-oldrel-windows-ix86+x86_64 0.1.8 25.00 196.00 221.00 OK

Check Details

Version: 0.1.8
Check: R code for possible problems
Result: NOTE
    .isPath: no visible global function definition for ‘tail’
    .isPath: no visible global function definition for ‘head’
    navGraph : <anonymous>: no visible global function definition for
     ‘tail’
    navGraph : <anonymous>: no visible global function definition for ‘sd’
    navGraph: no visible global function definition for ‘colors’
    ng_image_array_gray : <anonymous>: no visible global function
     definition for ‘grey’
    scagGraph: no visible global function definition for ‘quantile’
    closeViz,NG_Viz2DAxis: no visible global function definition for
     ‘dev.off’
    initializeViz,NG_Viz2DAxis: no visible global function definition for
     ‘dev.new’
    initializeViz,NG_Viz2DAxis: no visible global function definition for
     ‘dev.cur’
    plot,NG_graph-ANY: no visible global function definition for ‘box’
    plot,NG_graph-ANY: no visible global function definition for ‘axis’
    plot,NG_graph-ANY: no visible global function definition for ‘points’
    plot,NG_graph-ANY: no visible global function definition for ‘text’
    plot,NG_graph-ANY: no visible global function definition for ‘segments’
    updateViz,NG_Viz2DAxis: no visible global function definition for
     ‘dev.set’
    Undefined global functions or variables:
     axis box colors dev.cur dev.new dev.off dev.set grey head points
     quantile sd segments tail text
    Consider adding
     importFrom("grDevices", "colors", "dev.cur", "dev.new", "dev.off",
     "dev.set", "grey")
     importFrom("graphics", "axis", "box", "points", "segments", "text")
     importFrom("stats", "quantile", "sd")
     importFrom("utils", "head", "tail")
    to your NAMESPACE.
Flavors: r-devel-linux-x86_64-debian-clang, r-devel-linux-x86_64-debian-gcc, r-devel-linux-x86_64-fedora-clang, r-devel-linux-x86_64-fedora-gcc, r-devel-windows-ix86+x86_64

Version: 0.1.8
Check: package dependencies
Result: NOTE
    Packages suggested but not available for checking: ‘RDRToolbox’ ‘vegan’
Flavor: r-release-osx-x86_64-mavericks

Version: 0.1.8
Check: running R code from vignettes
Result: WARN
    Errors in running code in vignettes:
    when running code in ‘RnavGraph.Rnw’
     ...
    > p.digits <- digits[, sel]
    
    > ng.i.digits <- ng_image_array_gray("USPS Handwritten Digits",
    + p.digits, 16, 16, invert = TRUE, img_in_row = FALSE)
    
    > library(vegan)
    
     When sourcing ‘RnavGraph.R’:
    Error: there is no package called ‘vegan’
    Execution halted
Flavor: r-release-osx-x86_64-mavericks

Version: 0.1.8
Check: re-building of vignette outputs
Result: NOTE
    Error in re-building vignettes:
     ...
    Loading required package: tcltk
    Loading required package: graph
    
    RnavGraph Version 0.1.8
    Please read the package vignette. Use vignette("RnavGraph").
    
    
    Loading required package: grid
    
    Error: processing vignette 'RnavGraph.Rnw' failed with diagnostics:
     chunk 59
    Error in library(vegan) : there is no package called ‘vegan’
    Execution halted
Flavor: r-release-osx-x86_64-mavericks