CRAN Package Check Results for Package RnavGraph

Last updated on 2014-11-01 07:48:58.

Flavor Version Tinstall Tcheck Ttotal Status Flags
r-devel-linux-x86_64-debian-clang 0.1.7 4.38 70.46 74.84 OK
r-devel-linux-x86_64-debian-gcc 0.1.7 4.29 68.14 72.42 OK
r-devel-linux-x86_64-fedora-clang 0.1.7 86.07 WARN
r-devel-linux-x86_64-fedora-gcc 0.1.7 78.60 WARN
r-devel-osx-x86_64-clang 0.1.7 84.60 OK
r-devel-windows-ix86+x86_64 0.1.7 15.00 118.00 133.00 OK
r-patched-linux-x86_64 0.1.7 4.64 70.44 75.07 OK
r-patched-solaris-sparc 0.1.7 951.70 OK
r-patched-solaris-x86 0.1.7 227.40 OK
r-release-linux-ix86 0.1.6 4.52 82.51 87.04 NOTE
r-release-linux-x86_64 0.1.6 3.77 60.07 63.84 NOTE
r-release-osx-x86_64-mavericks 0.1.7 NOTE
r-release-osx-x86_64-snowleopard 0.1.7 NOTE
r-release-windows-ix86+x86_64 0.1.7 17.00 128.00 145.00 OK
r-oldrel-windows-ix86+x86_64 0.1.7 17.00 134.00 151.00 OK

Check Details

Version: 0.1.7
Check: sizes of PDF files under ‘inst/doc’
Result: WARN
     ‘gs+qpdf’ made some significant size reductions:
     compacted ‘RnavGraph.pdf’ from 955Kb to 613Kb
     consider running tools::compactPDF(gs_quality = "ebook") on these files
Flavors: r-devel-linux-x86_64-fedora-clang, r-devel-linux-x86_64-fedora-gcc

Version: 0.1.6
Check: dependencies in R code
Result: NOTE
    Namespace in Imports field not imported from: ‘RBGL’
     All declared Imports should be used.
    See the information on DESCRIPTION files in the chapter ‘Creating R
    packages’ of the ‘Writing R Extensions’ manual.
Flavors: r-release-linux-ix86, r-release-linux-x86_64

Version: 0.1.6
Check: Rd line widths
Result: NOTE
    Rd file 'scagEdgeWeights.Rd':
     \usage lines wider than 90 characters:
     scags = c("Clumpy", "NotClumpy", "Monotonic", "NotMonotonic",
     "Convex", "NotConvex", "Stringy", "NotStringy",
     "Skinny", "NotSkinny", "Outlying","NotOutlying",
     "Sparse", "NotSparse", "Striated", "NotStriated",
    
    These lines will be truncated in the PDF manual.
Flavor: r-release-linux-x86_64

Version: 0.1.7
Check: package dependencies
Result: NOTE
    Package suggested but not available for checking: ‘RDRToolbox’
Flavors: r-release-osx-x86_64-mavericks, r-release-osx-x86_64-snowleopard