CRAN Package Check Results for Package RnavGraph

Last updated on 2014-04-24 17:49:52.

Flavor Version Tinstall Tcheck Ttotal Status Flags
r-devel-linux-x86_64-debian-clang 0.1.6 3.60 59.47 63.07 NOTE
r-devel-linux-x86_64-debian-gcc 0.1.6 3.58 59.46 63.04 NOTE
r-devel-linux-x86_64-fedora-clang 0.1.6 137.61 NOTE
r-devel-linux-x86_64-fedora-gcc 0.1.6 132.86 NOTE
r-devel-osx-x86_64-clang 0.1.6 113.36 NOTE
r-devel-osx-x86_64-gcc 0.1.6 ERROR
r-devel-windows-ix86+x86_64 0.1.6 13.00 101.00 114.00 NOTE
r-patched-linux-x86_64 0.1.6 3.50 60.60 64.10 NOTE
r-patched-solaris-sparc 0.1.6 883.60 NOTE
r-patched-solaris-x86 0.1.6 202.00 NOTE
r-release-linux-ix86 0.1.6 6.00 110.00 116.00 NOTE
r-release-linux-x86_64 0.1.6 3.46 59.22 62.68 NOTE
r-release-osx-x86_64-mavericks 0.1.6 ERROR
r-release-osx-x86_64-snowleopard 0.1.6 NOTE
r-release-windows-ix86+x86_64 0.1.6 13.00 105.00 118.00 NOTE
r-oldrel-windows-ix86+x86_64 0.1.6 14.00 104.00 118.00 NOTE

Check Details

Version: 0.1.6
Check: dependencies in R code
Result: NOTE
    Namespace in Imports field not imported from: ‘RBGL’
     All declared Imports should be used.
    See the information on DESCRIPTION files in the chapter ‘Creating R
    packages’ of the ‘Writing R Extensions’ manual.
Flavors: r-devel-linux-x86_64-debian-clang, r-devel-linux-x86_64-debian-gcc, r-devel-linux-x86_64-fedora-clang, r-devel-linux-x86_64-fedora-gcc, r-devel-osx-x86_64-clang, r-devel-windows-ix86+x86_64, r-patched-linux-x86_64, r-patched-solaris-sparc, r-patched-solaris-x86, r-release-linux-ix86, r-release-linux-x86_64, r-release-osx-x86_64-snowleopard, r-release-windows-ix86+x86_64, r-oldrel-windows-ix86+x86_64

Version: 0.1.6
Check: Rd line widths
Result: NOTE
    Rd file 'scagEdgeWeights.Rd':
     \usage lines wider than 90 characters:
     scags = c("Clumpy", "NotClumpy", "Monotonic", "NotMonotonic",
     "Convex", "NotConvex", "Stringy", "NotStringy",
     "Skinny", "NotSkinny", "Outlying","NotOutlying",
     "Sparse", "NotSparse", "Striated", "NotStriated",
    
    These lines will be truncated in the PDF manual.
Flavors: r-devel-linux-x86_64-fedora-clang, r-devel-linux-x86_64-fedora-gcc

Version: 0.1.6
Check: package dependencies
Result: ERROR
    Packages required but not available: ‘graph’ ‘RBGL’
    
    Packages suggested but not available for checking:
     ‘PairViz’ ‘RDRToolbox’ ‘vegan’ ‘Rgraphviz’
    
    See the information on DESCRIPTION files in the chapter ‘Creating R
    packages’ of the ‘Writing R Extensions’ manual.
Flavor: r-devel-osx-x86_64-gcc

Version: 0.1.6
Check: package dependencies
Result: NOTE
    Package suggested but not available for checking: ‘RDRToolbox’
Flavors: r-patched-solaris-sparc, r-patched-solaris-x86, r-release-osx-x86_64-snowleopard

Version: 0.1.6
Check: package dependencies
Result: ERROR
    Packages required but not available: ‘graph’ ‘RBGL’
    
    Packages suggested but not available for checking:
     ‘PairViz’ ‘RDRToolbox’ ‘Rgraphviz’
    
    See the information on DESCRIPTION files in the chapter ‘Creating R
    packages’ of the ‘Writing R Extensions’ manual.
Flavor: r-release-osx-x86_64-mavericks