CRAN Package Check Results for Package RnavGraph

Last updated on 2015-01-29 20:49:04.

Flavor Version Tinstall Tcheck Ttotal Status Flags
r-devel-linux-x86_64-debian-clang 0.1.8 4.22 67.51 71.73 OK
r-devel-linux-x86_64-debian-gcc 0.1.8 3.96 65.53 69.49 OK
r-devel-linux-x86_64-fedora-clang 0.1.8 155.52 OK
r-devel-linux-x86_64-fedora-gcc 0.1.8 134.92 OK
r-devel-osx-x86_64-clang 0.1.8 148.98 OK
r-devel-windows-ix86+x86_64 0.1.8 21.00 114.00 135.00 OK
r-patched-linux-x86_64 0.1.8 4.54 73.98 78.51 OK
r-patched-solaris-sparc 0.1.8 1107.60 WARN
r-patched-solaris-x86 0.1.8 246.90 OK
r-release-linux-ix86 0.1.8 5.80 95.44 101.24 OK
r-release-linux-x86_64 0.1.8 4.45 73.53 77.98 OK
r-release-osx-x86_64-mavericks 0.1.8 NOTE
r-release-osx-x86_64-snowleopard 0.1.8 NOTE
r-release-windows-ix86+x86_64 0.1.8 17.00 131.00 148.00 OK
r-oldrel-windows-ix86+x86_64 0.1.8 18.00 132.00 150.00 OK

Check Details

Version: 0.1.7
Check: for unstated dependencies in examples
Result: WARN
    Warning: parse error in file 'RnavGraph-Ex.R':
    160:1: unexpected symbol
    159:
    160: cleanEx
     ^
Flavor: r-patched-solaris-sparc

Version: 0.1.8
Check: package dependencies
Result: NOTE
    Package suggested but not available for checking: ‘RDRToolbox’
Flavors: r-release-osx-x86_64-mavericks, r-release-osx-x86_64-snowleopard