CRAN Package Check Results for Package RnavGraph

Last updated on 2014-10-02 01:48:26.

Flavor Version Tinstall Tcheck Ttotal Status Flags
r-devel-linux-x86_64-debian-clang 0.1.6 3.25 55.90 59.16 NOTE
r-devel-linux-x86_64-debian-gcc 0.1.6 3.33 56.78 60.11 NOTE
r-devel-linux-x86_64-fedora-clang 0.1.6 132.28 NOTE
r-devel-linux-x86_64-fedora-gcc 0.1.6 126.09 NOTE
r-devel-osx-x86_64-clang 0.1.6 111.56 NOTE
r-devel-windows-ix86+x86_64 0.1.6 14.00 100.00 114.00 NOTE
r-patched-linux-x86_64 0.1.6 3.34 59.13 62.48 NOTE
r-patched-solaris-sparc 0.1.6 893.40 NOTE
r-patched-solaris-x86 0.1.6 186.70 NOTE
r-release-linux-ix86 0.1.6 4.78 82.45 87.22 NOTE
r-release-linux-x86_64 0.1.6 3.55 60.00 63.56 NOTE
r-release-osx-x86_64-mavericks 0.1.6 NOTE
r-release-osx-x86_64-snowleopard 0.1.6 NOTE
r-release-windows-ix86+x86_64 0.1.6 13.00 107.00 120.00 NOTE
r-oldrel-windows-ix86+x86_64 0.1.6 14.00 111.00 125.00 NOTE

Check Details

Version: 0.1.6
Check: dependencies in R code
Result: NOTE
    Namespace in Imports field not imported from: ‘RBGL’
     All declared Imports should be used.
    See the information on DESCRIPTION files in the chapter ‘Creating R
    packages’ of the ‘Writing R Extensions’ manual.
Flavors: r-devel-linux-x86_64-debian-clang, r-devel-linux-x86_64-debian-gcc, r-devel-linux-x86_64-fedora-clang, r-devel-linux-x86_64-fedora-gcc, r-devel-osx-x86_64-clang, r-devel-windows-ix86+x86_64, r-patched-linux-x86_64, r-patched-solaris-sparc, r-patched-solaris-x86, r-release-linux-ix86, r-release-linux-x86_64, r-release-osx-x86_64-mavericks, r-release-osx-x86_64-snowleopard, r-release-windows-ix86+x86_64, r-oldrel-windows-ix86+x86_64

Version: 0.1.6
Check: R code for possible problems
Result: NOTE
    Warning in tclRequire("Img") : Tcl package 'Img' not found
    Warning in fun(libname, pkgname) :
     Can not load the tk Img extension. Hence you can not use the 'ng_image_files' R function. Read the package vignette on how to set up tcl/tk.
    scagEdgeWeights: no visible global function definition for
     ‘scagnostics’
    closeViz,NG_Viz2DAxis: no visible global function definition for
     ‘rgl.set’
    closeViz,NG_Viz2DAxis: no visible global function definition for
     ‘rgl.close’
    initializeViz,NG_Viz2DAxis: no visible global function definition for
     ‘rgl.open’
    initializeViz,NG_Viz2DAxis: no visible global function definition for
     ‘rgl.cur’
    updateViz,NG_Viz2DAxis: no visible global function definition for
     ‘rgl.set’
Flavors: r-devel-linux-x86_64-debian-clang, r-devel-linux-x86_64-debian-gcc, r-devel-linux-x86_64-fedora-clang, r-devel-linux-x86_64-fedora-gcc, r-devel-windows-ix86+x86_64

Version: 0.1.6
Check: Rd line widths
Result: NOTE
    Rd file 'scagEdgeWeights.Rd':
     \usage lines wider than 90 characters:
     scags = c("Clumpy", "NotClumpy", "Monotonic", "NotMonotonic",
     "Convex", "NotConvex", "Stringy", "NotStringy",
     "Skinny", "NotSkinny", "Outlying","NotOutlying",
     "Sparse", "NotSparse", "Striated", "NotStriated",
    
    These lines will be truncated in the PDF manual.
Flavors: r-devel-linux-x86_64-debian-clang, r-devel-linux-x86_64-debian-gcc, r-devel-linux-x86_64-fedora-clang, r-devel-linux-x86_64-fedora-gcc, r-patched-linux-x86_64, r-release-linux-x86_64

Version: 0.1.6
Check: R code for possible problems
Result: NOTE
    scagEdgeWeights: no visible global function definition for
     ‘scagnostics’
    closeViz,NG_Viz2DAxis: no visible global function definition for
     ‘rgl.set’
    closeViz,NG_Viz2DAxis: no visible global function definition for
     ‘rgl.close’
    initializeViz,NG_Viz2DAxis: no visible global function definition for
     ‘rgl.open’
    initializeViz,NG_Viz2DAxis: no visible global function definition for
     ‘rgl.cur’
    updateViz,NG_Viz2DAxis: no visible global function definition for
     ‘rgl.set’
Flavor: r-devel-osx-x86_64-clang

Version: 0.1.6
Check: package dependencies
Result: NOTE
    Package suggested but not available for checking: ‘RDRToolbox’
Flavors: r-patched-solaris-sparc, r-patched-solaris-x86, r-release-osx-x86_64-mavericks, r-release-osx-x86_64-snowleopard