CRAN Package Check Results for Package RnavGraphImageData

Last updated on 2017-06-26 20:48:42.

Flavor Version Tinstall Tcheck Ttotal Status Flags
r-devel-linux-x86_64-debian-clang 0.0.3 0.70 11.81 12.51 OK
r-devel-linux-x86_64-debian-gcc 0.0.3 0.74 11.96 12.69 OK
r-devel-linux-x86_64-fedora-clang 0.0.3 19.83 OK
r-devel-linux-x86_64-fedora-gcc 0.0.3 19.42 OK
r-devel-windows-ix86+x86_64 0.0.3 3.00 41.00 44.00 OK
r-patched-linux-x86_64 0.0.3 0.86 11.72 12.58 OK
r-patched-solaris-sparc 0.0.3 123.60 OK
r-patched-solaris-x86 0.0.3 29.90 OK
r-release-linux-x86_64 0.0.3 0.76 11.63 12.39 OK
r-release-windows-ix86+x86_64 0.0.3 3.00 39.00 42.00 OK
r-release-osx-x86_64 0.0.3 NOTE
r-oldrel-windows-ix86+x86_64 0.0.3 3.00 36.00 39.00 OK
r-oldrel-osx-x86_64 0.0.3 OK

Check Details

Version: 0.0.3
Check: package dependencies
Result: NOTE
    Package suggested but not available for checking: ‘RnavGraph’
Flavor: r-release-osx-x86_64