CRAN Package Check Results for Package RnavGraphImageData

Last updated on 2018-04-24 10:47:36 CEST.

Flavor Version Tinstall Tcheck Ttotal Status Flags
r-devel-linux-x86_64-debian-clang 0.0.3 0.87 16.14 17.01 OK
r-devel-linux-x86_64-debian-gcc 0.0.3 0.76 14.42 15.18 OK
r-devel-linux-x86_64-fedora-clang 0.0.3 22.36 OK
r-devel-linux-x86_64-fedora-gcc 0.0.3 21.82 OK
r-devel-windows-ix86+x86_64 0.0.3 4.00 32.00 36.00 OK
r-patched-linux-x86_64 0.0.3 0.78 17.58 18.36 OK
r-patched-solaris-x86 0.0.3 35.20 OK
r-release-linux-x86_64 0.0.3 0.79 17.61 18.40 OK
r-release-windows-ix86+x86_64 0.0.3 4.00 32.00 36.00 OK
r-release-osx-x86_64 0.0.3 NOTE
r-oldrel-windows-ix86+x86_64 0.0.3 2.00 34.00 36.00 OK
r-oldrel-osx-x86_64 0.0.3 NOTE

Check Details

Version: 0.0.3
Check: package dependencies
Result: NOTE
    Package suggested but not available for checking: ‘RnavGraph’
Flavors: r-release-osx-x86_64, r-oldrel-osx-x86_64