CRAN Package Check Results for Package RnavGraphImageData

Last updated on 2017-12-13 07:48:43 CET.

Flavor Version Tinstall Tcheck Ttotal Status Flags
r-devel-linux-x86_64-debian-clang 0.0.3 0.79 15.49 16.28 OK
r-devel-linux-x86_64-debian-gcc 0.0.3 0.54 13.33 13.87 OK
r-devel-linux-x86_64-fedora-clang 0.0.3 19.20 OK
r-devel-linux-x86_64-fedora-gcc 0.0.3 48.23 OK
r-devel-windows-ix86+x86_64 0.0.3 4.00 26.00 30.00 OK
r-patched-linux-x86_64 0.0.3 0.89 16.03 16.92 OK
r-patched-solaris-x86 0.0.3 30.40 OK
r-release-linux-x86_64 0.0.3 0.95 15.97 16.92 OK
r-release-windows-ix86+x86_64 0.0.3 2.00 41.00 43.00 OK
r-release-osx-x86_64 0.0.3 NOTE
r-oldrel-windows-ix86+x86_64 0.0.3 3.00 37.00 40.00 OK
r-oldrel-osx-x86_64 0.0.3 OK

Check Details

Version: 0.0.3
Check: package dependencies
Result: NOTE
    Package suggested but not available for checking: ‘RnavGraph’
Flavor: r-release-osx-x86_64