CRAN Package Check Results for Package RnavGraphImageData

Last updated on 2014-09-20 03:48:51.

Flavor Version Tinstall Tcheck Ttotal Status Flags
r-devel-linux-x86_64-debian-clang 0.0.3 0.64 9.87 10.51 OK
r-devel-linux-x86_64-debian-gcc 0.0.3 0.62 9.62 10.23 OK
r-devel-linux-x86_64-fedora-clang 0.0.3 20.07 OK
r-devel-linux-x86_64-fedora-gcc 0.0.3 18.71 OK
r-devel-osx-x86_64-clang 0.0.3 26.85 OK
r-devel-windows-ix86+x86_64 0.0.3 2.00 16.00 18.00 OK
r-patched-linux-x86_64 0.0.3 0.66 10.77 11.43 OK
r-patched-solaris-sparc 0.0.3 123.70 OK
r-patched-solaris-x86 0.0.3 32.60 OK
r-release-linux-ix86 0.0.3 1.15 16.39 17.54 OK
r-release-linux-x86_64 0.0.3 0.68 10.68 11.36 OK
r-release-osx-x86_64-mavericks 0.0.3 NOTE
r-release-windows-ix86+x86_64 0.0.3 2.00 18.00 20.00 OK
r-oldrel-windows-ix86+x86_64 0.0.3 3.00 18.00 21.00 OK

Check Details

Version: 0.0.3
Check: package dependencies
Result: NOTE
    Package suggested but not available for checking: ‘RnavGraph’
Flavor: r-release-osx-x86_64-mavericks