CRAN Package Check Results for Package RnavGraphImageData

Last updated on 2017-08-23 09:47:35.

Flavor Version Tinstall Tcheck Ttotal Status Flags
r-devel-linux-x86_64-debian-clang 0.0.3 0.76 12.30 13.06 OK
r-devel-linux-x86_64-debian-gcc 0.0.3 0.86 12.16 13.02 OK
r-devel-linux-x86_64-fedora-clang 0.0.3 19.99 OK
r-devel-linux-x86_64-fedora-gcc 0.0.3 19.38 OK
r-devel-windows-ix86+x86_64 0.0.3 2.00 28.00 30.00 OK
r-patched-linux-x86_64 0.0.3 0.77 11.98 12.75 OK
r-patched-solaris-x86 0.0.3 30.40 OK
r-release-linux-x86_64 0.0.3 0.85 11.87 12.72 OK
r-release-windows-ix86+x86_64 0.0.3 2.00 35.00 37.00 OK
r-release-osx-x86_64 0.0.3 NOTE
r-oldrel-windows-ix86+x86_64 0.0.3 4.00 33.00 37.00 OK
r-oldrel-osx-x86_64 0.0.3 OK

Check Details

Version: 0.0.3
Check: package dependencies
Result: NOTE
    Package suggested but not available for checking: ‘RnavGraph’
Flavor: r-release-osx-x86_64