CRAN Package Check Results for Package RnavGraphImageData

Last updated on 2015-04-28 17:47:04.

Flavor Version Tinstall Tcheck Ttotal Status Flags
r-devel-linux-x86_64-debian-clang 0.0.3 0.72 9.79 10.51 OK
r-devel-linux-x86_64-debian-gcc 0.0.3 0.65 9.94 10.59 OK
r-devel-linux-x86_64-fedora-clang 0.0.3 19.96 OK
r-devel-linux-x86_64-fedora-gcc 0.0.3 18.41 OK
r-devel-osx-x86_64-clang 0.0.3 25.57 OK
r-devel-windows-ix86+x86_64 0.0.3 2.00 19.00 21.00 OK
r-patched-linux-x86_64 0.0.3 0.67 9.73 10.40 OK
r-patched-solaris-sparc 0.0.3 137.40 OK
r-patched-solaris-x86 0.0.3 30.00 OK
r-release-linux-x86_64 0.0.3 0.68 10.26 10.93 OK
r-release-osx-x86_64-mavericks 0.0.3 OK
r-release-osx-x86_64-snowleopard 0.0.3 NOTE
r-release-windows-ix86+x86_64 0.0.3 3.00 19.00 22.00 OK
r-oldrel-windows-ix86+x86_64 0.0.3 2.00 19.00 21.00 OK

Check Details

Version: 0.0.3
Check: package dependencies
Result: NOTE
    Package suggested but not available for checking: ‘RnavGraph’
Flavor: r-release-osx-x86_64-snowleopard