CRAN Package Check Results for Package RnavGraphImageData

Last updated on 2014-10-23 05:46:51.

Flavor Version Tinstall Tcheck Ttotal Status Flags
r-devel-linux-x86_64-debian-clang 0.0.3 0.79 10.33 11.12 OK
r-devel-linux-x86_64-debian-gcc 0.0.3 0.70 10.66 11.36 OK
r-devel-linux-x86_64-fedora-clang 0.0.3 21.73 OK
r-devel-linux-x86_64-fedora-gcc 0.0.3 20.07 OK
r-devel-osx-x86_64-clang 0.0.3 27.66 OK
r-devel-windows-ix86+x86_64 0.0.3 3.00 19.00 22.00 OK
r-patched-linux-x86_64 0.0.3 0.98 10.77 11.75 OK
r-patched-solaris-sparc 0.0.3 123.70 OK
r-patched-solaris-x86 0.0.3 33.20 OK
r-release-linux-ix86 0.0.3 1.12 16.33 17.45 OK
r-release-linux-x86_64 0.0.3 0.94 10.62 11.57 OK
r-release-osx-x86_64-mavericks 0.0.3 NOTE
r-release-windows-ix86+x86_64 0.0.3 3.00 22.00 25.00 OK
r-oldrel-windows-ix86+x86_64 0.0.3 3.00 23.00 26.00 OK

Check Details

Version: 0.0.3
Check: package dependencies
Result: NOTE
    Package suggested but not available for checking: ‘RnavGraph’
Flavor: r-release-osx-x86_64-mavericks