CRAN Package Check Results for Package RnavGraphImageData

Last updated on 2014-08-01 05:48:31.

Flavor Version Tinstall Tcheck Ttotal Status Flags
r-devel-linux-x86_64-debian-clang 0.0.3 0.66 10.34 11.00 OK
r-devel-linux-x86_64-debian-gcc 0.0.3 0.65 10.18 10.82 OK
r-devel-linux-x86_64-fedora-clang 0.0.3 22.15 OK
r-devel-linux-x86_64-fedora-gcc 0.0.3 19.66 OK
r-devel-osx-x86_64-clang 0.0.3 25.23 OK
r-devel-windows-ix86+x86_64 0.0.3 3.00 17.00 20.00 OK
r-patched-linux-x86_64 0.0.3 0.66 10.05 10.71 OK
r-patched-solaris-sparc 0.0.3 123.70 OK
r-patched-solaris-x86 0.0.3 32.40 OK
r-release-linux-ix86 0.0.3 1.17 16.26 17.42 OK
r-release-linux-x86_64 0.0.3 0.68 10.31 10.99 OK
r-release-osx-x86_64-mavericks 0.0.3 NOTE
r-release-windows-ix86+x86_64 0.0.3 5.00 23.00 28.00 OK
r-oldrel-windows-ix86+x86_64 0.0.3 5.00 25.00 30.00 OK

Check Details

Version: 0.0.3
Check: package dependencies
Result: NOTE
    Package suggested but not available for checking: RnavGraph
Flavor: r-release-osx-x86_64-mavericks