CRAN Package Check Results for Package RnavGraphImageData

Last updated on 2014-11-29 08:53:27.

Flavor Version Tinstall Tcheck Ttotal Status Flags
r-devel-linux-x86_64-debian-clang 0.0.3 0.85 10.46 11.31 OK
r-devel-linux-x86_64-debian-gcc 0.0.3 0.70 10.66 11.36 OK
r-devel-linux-x86_64-fedora-clang 0.0.3 23.42 OK
r-devel-linux-x86_64-fedora-gcc 0.0.3 23.12 OK
r-devel-osx-x86_64-clang 0.0.3 26.72 OK
r-devel-windows-ix86+x86_64 0.0.3 2.00 17.00 19.00 OK
r-patched-linux-x86_64 0.0.3 0.73 10.41 11.14 OK
r-patched-solaris-sparc 0.0.3 123.70 OK
r-patched-solaris-x86 0.0.3 33.50 OK
r-release-linux-ix86 0.0.3 1.13 16.02 17.15 OK
r-release-linux-x86_64 0.0.3 0.73 10.43 11.16 OK
r-release-osx-x86_64-mavericks 0.0.3 NOTE
r-release-windows-ix86+x86_64 0.0.3 3.00 20.00 23.00 OK
r-oldrel-windows-ix86+x86_64 0.0.3 2.00 20.00 22.00 OK

Check Details

Version: 0.0.3
Check: package dependencies
Result: NOTE
    Package suggested but not available for checking: ‘RnavGraph’
Flavor: r-release-osx-x86_64-mavericks