CRAN Package Check Results for Package RnavGraphImageData

Last updated on 2014-07-24 16:48:05.

Flavor Version Tinstall Tcheck Ttotal Status Flags
r-devel-linux-x86_64-debian-clang 0.0.3 0.76 9.91 10.67 OK
r-devel-linux-x86_64-debian-gcc 0.0.3 0.64 9.85 10.49 OK
r-devel-linux-x86_64-fedora-clang 0.0.3 22.18 OK
r-devel-linux-x86_64-fedora-gcc 0.0.3 20.51 OK
r-devel-osx-x86_64-clang 0.0.3 25.53 OK
r-devel-windows-ix86+x86_64 0.0.3 2.00 18.00 20.00 OK
r-patched-linux-x86_64 0.0.3 0.70 10.40 11.10 OK
r-patched-solaris-sparc 0.0.3 124.20 OK
r-patched-solaris-x86 0.0.3 32.30 OK
r-release-linux-ix86 0.0.3 1.24 16.23 17.46 OK
r-release-linux-x86_64 0.0.3 0.68 10.26 10.94 OK
r-release-osx-x86_64-mavericks 0.0.3 NOTE
r-release-windows-ix86+x86_64 0.0.3 2.00 18.00 20.00 OK
r-oldrel-windows-ix86+x86_64 0.0.3 3.00 18.00 21.00 OK

Check Details

Version: 0.0.3
Check: package dependencies
Result: NOTE
    Package suggested but not available for checking: ‘RnavGraph’
Flavor: r-release-osx-x86_64-mavericks