CRAN Package Check Results for Package RnavGraphImageData

Last updated on 2017-10-19 01:46:31.

Flavor Version Tinstall Tcheck Ttotal Status Flags
r-devel-linux-x86_64-debian-clang 0.0.3 0.80 11.56 12.36 OK
r-devel-linux-x86_64-debian-gcc 0.0.3 0.76 12.14 12.90 OK
r-devel-linux-x86_64-fedora-clang 0.0.3 21.10 OK
r-devel-linux-x86_64-fedora-gcc 0.0.3 20.09 OK
r-devel-windows-ix86+x86_64 0.0.3 3.00 29.00 32.00 OK
r-patched-linux-x86_64 0.0.3 0.80 11.89 12.70 OK
r-patched-solaris-x86 0.0.3 30.80 OK
r-release-linux-x86_64 0.0.3 0.79 11.68 12.47 OK
r-release-windows-ix86+x86_64 0.0.3 4.00 26.00 30.00 OK
r-release-osx-x86_64 0.0.3 NOTE
r-oldrel-windows-ix86+x86_64 0.0.3 3.00 35.00 38.00 OK
r-oldrel-osx-x86_64 0.0.3 OK

Check Details

Version: 0.0.3
Check: package dependencies
Result: NOTE
    Package suggested but not available for checking: ‘RnavGraph’
Flavor: r-release-osx-x86_64