CRAN Package Check Results for Package RnavGraphImageData

Last updated on 2014-04-24 07:52:36.

Flavor Version Tinstall Tcheck Ttotal Status Flags
r-devel-linux-x86_64-debian-clang 0.0.3 0.76 10.59 11.35 OK
r-devel-linux-x86_64-debian-gcc 0.0.3 0.70 10.30 11.00 OK
r-devel-linux-x86_64-fedora-clang 0.0.3 21.57 OK
r-devel-linux-x86_64-fedora-gcc 0.0.3 20.73 OK
r-devel-osx-x86_64-clang 0.0.3 23.84 OK
r-devel-osx-x86_64-gcc 0.0.3 NOTE
r-devel-windows-ix86+x86_64 0.0.3 2.00 16.00 18.00 OK
r-patched-linux-x86_64 0.0.3 0.74 10.24 10.98 OK
r-patched-solaris-sparc 0.0.3 124.20 OK
r-patched-solaris-x86 0.0.3 33.50 OK
r-release-linux-ix86 0.0.3 1.00 23.00 24.00 OK
r-release-linux-x86_64 0.0.3 2.71 10.63 13.34 OK
r-release-osx-x86_64-mavericks 0.0.3 NOTE
r-release-windows-ix86+x86_64 0.0.3 2.00 17.00 19.00 OK
r-oldrel-windows-ix86+x86_64 0.0.3 2.00 17.00 19.00 OK

Check Details

Version: 0.0.3
Check: package dependencies
Result: NOTE
    Package suggested but not available for checking: ‘RnavGraph’
Flavors: r-devel-osx-x86_64-gcc, r-release-osx-x86_64-mavericks