CRAN Package Check Results for Package RnavGraphImageData

Last updated on 2018-02-25 10:47:27 CET.

Flavor Version Tinstall Tcheck Ttotal Status Flags
r-devel-linux-x86_64-debian-clang 0.0.3 0.90 17.72 18.62 OK
r-devel-linux-x86_64-debian-gcc 0.0.3 0.81 14.28 15.09 OK
r-devel-linux-x86_64-fedora-clang 0.0.3 21.98 OK
r-devel-linux-x86_64-fedora-gcc 0.0.3 21.66 OK
r-devel-windows-ix86+x86_64 0.0.3 4.00 38.00 42.00 OK
r-patched-linux-x86_64 0.0.3 1.04 16.65 17.69 OK
r-patched-solaris-x86 0.0.3 30.70 OK
r-release-linux-x86_64 0.0.3 0.95 16.65 17.60 OK
r-release-windows-ix86+x86_64 0.0.3 3.00 36.00 39.00 OK
r-release-osx-x86_64 0.0.3 NOTE
r-oldrel-windows-ix86+x86_64 0.0.3 3.00 37.00 40.00 OK
r-oldrel-osx-x86_64 0.0.3 OK

Check Details

Version: 0.0.3
Check: package dependencies
Result: NOTE
    Package suggested but not available for checking: ‘RnavGraph’
Flavor: r-release-osx-x86_64