CRAN Package Check Results for Package RnavGraphImageData

Last updated on 2014-12-22 03:49:03.

Flavor Version Tinstall Tcheck Ttotal Status Flags
r-devel-linux-x86_64-debian-clang 0.0.3 0.72 10.62 11.35 OK
r-devel-linux-x86_64-debian-gcc 0.0.3 0.70 10.30 10.99 OK
r-devel-linux-x86_64-fedora-clang 0.0.3 22.93 OK
r-devel-linux-x86_64-fedora-gcc 0.0.3 21.78 OK
r-devel-osx-x86_64-clang 0.0.3 26.54 OK
r-devel-windows-ix86+x86_64 0.0.3 3.00 17.00 20.00 OK
r-patched-linux-x86_64 0.0.3 0.74 10.16 10.90 OK
r-patched-solaris-sparc 0.0.3 123.70 OK
r-patched-solaris-x86 0.0.3 33.50 OK
r-release-linux-ix86 0.0.3 1.16 16.07 17.23 OK
r-release-linux-x86_64 0.0.3 0.74 10.82 11.56 OK
r-release-osx-x86_64-mavericks 0.0.3 NOTE
r-release-windows-ix86+x86_64 0.0.3 2.00 19.00 21.00 OK
r-oldrel-windows-ix86+x86_64 0.0.3 3.00 20.00 23.00 OK

Check Details

Version: 0.0.3
Check: package dependencies
Result: NOTE
    Package suggested but not available for checking: ‘RnavGraph’
Flavor: r-release-osx-x86_64-mavericks