CRAN Package Check Results for Package RnavGraphImageData

Last updated on 2017-04-30 05:48:44.

Flavor Version Tinstall Tcheck Ttotal Status Flags
r-devel-linux-x86_64-debian-clang 0.0.3 0.77 11.76 12.53 OK
r-devel-linux-x86_64-debian-gcc 0.0.3 0.82 11.82 12.64 OK
r-devel-linux-x86_64-fedora-clang 0.0.3 20.00 OK --no-stop-on-test-error
r-devel-linux-x86_64-fedora-gcc 0.0.3 19.50 OK --no-stop-on-test-error
r-devel-windows-ix86+x86_64 0.0.3 5.00 42.00 47.00 OK
r-patched-linux-x86_64 0.0.3 0.83 11.59 12.41 OK
r-patched-solaris-sparc 0.0.3 123.60 OK
r-patched-solaris-x86 0.0.3 29.60 OK
r-release-linux-x86_64 0.0.3 0.73 11.98 12.71 OK
r-release-windows-ix86+x86_64 0.0.3 7.00 38.00 45.00 OK
r-release-osx-x86_64 0.0.3 NOTE
r-oldrel-windows-ix86+x86_64 0.0.3 7.00 38.00 45.00 OK
r-oldrel-osx-x86_64 0.0.3 OK

Check Details

Version: 0.0.3
Check: package dependencies
Result: NOTE
    Package suggested but not available for checking: ‘RnavGraph’
Flavor: r-release-osx-x86_64