CRAN Package Check Results for Package Rnightlights

Last updated on 2019-08-23 11:48:46 CEST.

Flavor Version Tinstall Tcheck Ttotal Status Flags
r-devel-linux-x86_64-debian-clang 0.2.3 13.77 118.16 131.93 OK
r-devel-linux-x86_64-debian-gcc 0.2.3 OK
r-devel-linux-x86_64-fedora-clang 0.2.3 160.94 OK
r-devel-linux-x86_64-fedora-gcc 0.2.3 157.10 OK
r-devel-windows-ix86+x86_64 0.2.3 35.00 215.00 250.00 OK
r-patched-linux-x86_64 0.2.3 13.27 115.33 128.60 OK
r-patched-solaris-x86 0.2.3 217.20 OK
r-release-linux-x86_64 0.2.3 11.80 115.20 127.00 OK
r-release-windows-ix86+x86_64 0.2.3 43.00 199.00 242.00 OK
r-release-osx-x86_64 0.2.3 FAIL
r-oldrel-windows-ix86+x86_64 0.2.3 28.00 184.00 212.00 OK
r-oldrel-osx-x86_64 0.2.3 OK

Check Details

Version: 0.2.3
Check: dependencies in R code
Result: FAIL
    
Flavor: r-release-osx-x86_64