CRAN Package Check Results for Package RobAStBase

Last updated on 2014-08-29 21:47:49.

Flavor Version Tinstall Tcheck Ttotal Status Flags
r-devel-linux-x86_64-debian-clang 0.9 17.14 99.31 116.46 NOTE
r-devel-linux-x86_64-debian-gcc 0.9 18.48 91.54 110.03 NOTE
r-devel-linux-x86_64-fedora-clang 0.9 281.39 NOTE
r-devel-linux-x86_64-fedora-gcc 0.9 254.69 NOTE
r-devel-osx-x86_64-clang 0.9 202.87 NOTE
r-devel-windows-ix86+x86_64 0.9 26.00 133.00 159.00 NOTE
r-patched-linux-x86_64 0.9 18.10 101.48 119.58 OK
r-patched-solaris-sparc 0.9 1512.00 OK
r-patched-solaris-x86 0.9 317.20 OK
r-release-linux-ix86 0.9 20.69 122.02 142.71 OK
r-release-linux-x86_64 0.9 18.56 104.07 122.63 OK
r-release-osx-x86_64-mavericks 0.9 OK
r-release-osx-x86_64-snowleopard 0.9 WARN
r-release-windows-ix86+x86_64 0.9 32.00 157.00 189.00 OK
r-oldrel-windows-ix86+x86_64 0.9 34.00 131.00 165.00 OK

Check Details

Version: 0.9
Check: R code for possible problems
Result: NOTE
    .onAttach: no visible global function definition for
     ‘buildStartupMessage’
    RobAStBaseMASK: no visible global function definition for ‘infoShow’
Flavors: r-devel-linux-x86_64-debian-clang, r-devel-linux-x86_64-debian-gcc, r-devel-linux-x86_64-fedora-clang, r-devel-linux-x86_64-fedora-gcc, r-devel-osx-x86_64-clang, r-devel-windows-ix86+x86_64

Version: 0.9
Check: package dependencies
Result: NOTE
    Package suggested but not available for checking: 'ROptEst'
Flavor: r-release-osx-x86_64-snowleopard

Version: 0.9
Check: Rd cross-references
Result: NOTE
    Package unavailable to check Rd xrefs: 'ROptEst'
Flavor: r-release-osx-x86_64-snowleopard

Version: 0.9
Check: examples
Result: WARN
    checking a package with encoding 'latin1' in an ASCII locale
    
     OK
Flavor: r-release-osx-x86_64-snowleopard