CRAN Package Check Results for Package RobAStBase

Last updated on 2014-04-20 03:47:35.

Flavor Version Tinstall Tcheck Ttotal Status Flags
r-devel-linux-x86_64-debian-clang 0.9 17.76 107.82 125.58 OK
r-devel-linux-x86_64-debian-gcc 0.9 18.28 106.53 124.81 OK
r-devel-linux-x86_64-fedora-clang 0.9 285.41 OK
r-devel-linux-x86_64-fedora-gcc 0.9 275.31 OK
r-devel-macosx-x86_64-clang 0.9 202.31 OK
r-devel-macosx-x86_64-gcc 0.9 ERROR
r-devel-windows-ix86+x86_64 0.9 25.00 143.00 168.00 OK
r-patched-linux-x86_64 0.9 17.89 109.22 127.10 OK
r-patched-solaris-sparc 0.9 1532.50 OK
r-patched-solaris-x86 0.9 328.20 OK
r-release-linux-ix86 OK
r-release-linux-x86_64 0.9 17.31 105.16 122.47 OK
r-release-macosx-x86_64 0.9 WARN
r-release-windows-ix86+x86_64 0.9 45.00 153.00 198.00 OK
r-oldrel-windows-ix86+x86_64 0.9 34.00 147.00 181.00 OK

Check Details

Version: 0.9
Check: package dependencies
Result: ERROR
    Package required but not available: ‘rrcov’
    
    Package suggested but not available for checking: ‘ROptEst’
    
    See the information on DESCRIPTION files in the chapter ‘Creating R
    packages’ of the ‘Writing R Extensions’ manual.
Flavor: r-devel-macosx-x86_64-gcc

Version: 0.9
Check: package dependencies
Result: NOTE
    Package suggested but not available for checking: 'ROptEst'
Flavor: r-release-macosx-x86_64

Version: 0.9
Check: Rd cross-references
Result: NOTE
    Package unavailable to check Rd xrefs: 'ROptEst'
Flavor: r-release-macosx-x86_64

Version: 0.9
Check: examples
Result: WARNING
    checking a package with encoding 'latin1' in an ASCII locale
    
     OK
Flavor: r-release-macosx-x86_64