CRAN Package Check Results for Package RobAStBase

Last updated on 2014-07-31 23:47:17.

Flavor Version Tinstall Tcheck Ttotal Status Flags
r-devel-linux-x86_64-debian-clang 0.9 17.82 98.86 116.68 OK
r-devel-linux-x86_64-debian-gcc 0.9 17.85 97.14 114.98 OK
r-devel-linux-x86_64-fedora-clang 0.9 273.38 OK
r-devel-linux-x86_64-fedora-gcc 0.9 263.11 OK
r-devel-osx-x86_64-clang 0.9 207.87 OK
r-devel-windows-ix86+x86_64 0.9 36.00 142.00 178.00 OK
r-patched-linux-x86_64 0.9 16.87 102.72 119.59 OK
r-patched-solaris-sparc 0.9 1512.00 OK
r-patched-solaris-x86 0.9 323.50 OK
r-release-linux-ix86 0.9 20.29 120.85 141.14 OK
r-release-linux-x86_64 0.9 18.46 102.23 120.69 OK
r-release-osx-x86_64-mavericks 0.9 OK
r-release-osx-x86_64-snowleopard 0.9 WARN
r-release-windows-ix86+x86_64 0.9 48.00 205.00 253.00 OK
r-oldrel-windows-ix86+x86_64 0.9 32.00 197.00 229.00 OK

Check Details

Version: 0.9
Check: package dependencies
Result: NOTE
    Package suggested but not available for checking: 'ROptEst'
Flavor: r-release-osx-x86_64-snowleopard

Version: 0.9
Check: Rd cross-references
Result: NOTE
    Package unavailable to check Rd xrefs: 'ROptEst'
Flavor: r-release-osx-x86_64-snowleopard

Version: 0.9
Check: examples
Result: WARNING
    checking a package with encoding 'latin1' in an ASCII locale
    
     OK
Flavor: r-release-osx-x86_64-snowleopard