CRAN Package Check Results for Package RobAStBase

Last updated on 2015-08-01 14:51:09.

Flavor Version Tinstall Tcheck Ttotal Status Flags
r-devel-linux-x86_64-debian-clang 0.9 14.44 80.69 95.13 NOTE
r-devel-linux-x86_64-debian-gcc 0.9 13.80 77.67 91.47 NOTE
r-devel-linux-x86_64-fedora-clang 0.9 196.20 NOTE
r-devel-linux-x86_64-fedora-gcc 0.9 183.54 NOTE
r-devel-osx-x86_64-clang 0.9 159.98 NOTE
r-devel-windows-ix86+x86_64 0.9 44.00 188.00 232.00 NOTE
r-patched-linux-x86_64 0.9 14.62 77.92 92.55 NOTE
r-patched-solaris-sparc 0.9 1215.40 NOTE
r-patched-solaris-x86 0.9 235.10 NOTE
r-release-linux-x86_64 0.9 13.76 83.08 96.84 NOTE
r-release-osx-x86_64-mavericks 0.9 NOTE
r-release-windows-ix86+x86_64 0.9 40.00 137.00 177.00 NOTE
r-oldrel-windows-ix86+x86_64 0.9 52.00 179.00 231.00 NOTE

Check Details

Version: 0.9
Check: R code for possible problems
Result: NOTE
    .ddPlot.MatNtNtCoCo: no visible global function definition for ‘par’
    .ddPlot.MatNtNtCoCo: no visible binding for global variable ‘box’
    .ddPlot.MatNtNtCoCo: no visible binding for global variable ‘abline’
    .ddPlot.MatNtNtCoCo: no visible binding for global variable ‘text’
    .ddPlot.MatNtNtCoCo: no visible global function definition for
     ‘quantile’
    .fadeColor : <anonymous>: no visible global function definition for
     ‘colorRamp’
    .fadeColor : colv2col: no visible global function definition for ‘rgb’
    .onAttach: no visible global function definition for
     ‘buildStartupMessage’
    .plotRescaledAxis: no visible global function definition for ‘axis’
    .plotRescaledAxis: no visible global function definition for ‘box’
    .rescalefct: no visible binding for global variable ‘pnorm’
    ComparePlot: no visible binding for global variable ‘pnorm’
    ComparePlot: no visible binding for global variable ‘qnorm’
    RobAStBaseMASK: no visible global function definition for ‘infoShow’
    kStepEstimator: no visible global function definition for
     ‘complete.cases’
    kStepEstimator: no visible global function definition for ‘na.omit’
    oneStepEstimator: no visible global function definition for
     ‘complete.cases’
    oneStepEstimator: no visible global function definition for ‘na.omit’
    comparePlot,IC-IC: no visible global function definition for ‘par’
    comparePlot,IC-IC: no visible binding for global variable ‘pnorm’
    comparePlot,IC-IC: no visible binding for global variable ‘qnorm’
    comparePlot,IC-IC : absInfoEval: no visible binding for global variable
     ‘object’
    comparePlot,IC-IC: no visible binding for global variable ‘matlines’
    comparePlot,IC-IC: no visible global function definition for ‘abline’
    comparePlot,IC-IC: no visible binding for global variable ‘title’
    comparePlot,IC-IC: no visible global function definition for ‘mtext’
    confint,ALEstimate-asymmetricBias: no visible global function
     definition for ‘qnorm’
    confint,ALEstimate-missing: no visible global function definition for
     ‘qnorm’
    confint,ALEstimate-onesidedBias: no visible global function definition
     for ‘qnorm’
    confint,ALEstimate-symmetricBias: no visible global function definition
     for ‘qnorm’
    ddPlot,data.frame: no visible global function definition for ‘par’
    ddPlot,matrix: no visible global function definition for ‘par’
    ddPlot,numeric: no visible global function definition for ‘par’
    getRiskFctBV,asSemivar-asymmetricBias : <anonymous>: no visible global
     function definition for ‘pnorm’
    getRiskFctBV,asSemivar-asymmetricBias : <anonymous>: no visible global
     function definition for ‘dnorm’
    getRiskFctBV,asSemivar-onesidedBias : <anonymous>: no visible global
     function definition for ‘pnorm’
    getRiskFctBV,asSemivar-onesidedBias : <anonymous>: no visible global
     function definition for ‘dnorm’
    getRiskIC,IC-fiUnOvShoot-ContNeighborhood-missing: no visible global
     function definition for ‘pnorm’
    getRiskIC,IC-fiUnOvShoot-ContNeighborhood-missing: no visible global
     function definition for ‘dbinom’
    getRiskIC,IC-fiUnOvShoot-ContNeighborhood-missing: no visible global
     function definition for ‘conv.tnorm’
    getRiskIC,IC-fiUnOvShoot-ContNeighborhood-missing: no visible global
     function definition for ‘pbinom’
    getRiskIC,IC-fiUnOvShoot-ContNeighborhood-missing: no visible binding
     for global variable ‘conv.tnorm’
    getRiskIC,IC-fiUnOvShoot-ContNeighborhood-missing: no visible global
     function definition for ‘fft’
    getRiskIC,IC-fiUnOvShoot-TotalVarNeighborhood-missing: no visible
     global function definition for ‘pnorm’
    getRiskIC,IC-fiUnOvShoot-TotalVarNeighborhood-missing: no visible
     global function definition for ‘dbinom’
    getRiskIC,IC-fiUnOvShoot-TotalVarNeighborhood-missing: no visible
     global function definition for ‘conv.tnorm’
    getRiskIC,IC-fiUnOvShoot-TotalVarNeighborhood-missing: no visible
     binding for global variable ‘conv.tnorm’
    getRiskIC,IC-fiUnOvShoot-TotalVarNeighborhood-missing: no visible
     global function definition for ‘pbinom’
    getRiskIC,IC-fiUnOvShoot-TotalVarNeighborhood-missing: no visible
     global function definition for ‘fft’
    getRiskIC,TotalVarIC-asUnOvShoot-UncondNeighborhood-missing: no visible
     global function definition for ‘pnorm’
    infoPlot,IC: no visible global function definition for ‘par’
    infoPlot,IC: no visible global function definition for ‘grey’
    infoPlot,IC: no visible binding for global variable ‘pnorm’
    infoPlot,IC: no visible binding for global variable ‘qnorm’
    infoPlot,IC : do.pts: no visible binding for global variable ‘points’
    infoPlot,IC : tx: no visible global function definition for ‘text’
    infoPlot,IC: no visible binding for global variable ‘par’
    infoPlot,IC: no visible binding for global variable ‘lines’
    infoPlot,IC: no visible binding for global variable ‘title’
    infoPlot,IC: no visible global function definition for ‘mtext’
    kStepEstimator.start,function: no visible global function definition
     for ‘na.omit’
    locMEstimator,numeric-InfluenceCurve: no visible global function
     definition for ‘complete.cases’
    locMEstimator,numeric-InfluenceCurve: no visible global function
     definition for ‘na.omit’
    locMEstimator,numeric-InfluenceCurve: no visible global function
     definition for ‘uniroot’
    plot,IC-missing: no visible global function definition for ‘par’
    plot,IC-missing: no visible binding for global variable ‘pnorm’
    plot,IC-missing: no visible binding for global variable ‘qnorm’
    plot,IC-missing: no visible binding for global variable ‘par’
    plot,IC-missing: no visible global function definition for ‘abline’
    plot,IC-missing: no visible binding for global variable ‘lines’
    plot,IC-missing: no visible binding for global variable ‘title’
    plot,IC-missing: no visible global function definition for ‘mtext’
    plot,IC-numeric: no visible global function definition for ‘par’
    qqplot,ANY-kStepEstimate: no visible global function definition for
     ‘par’
    Undefined global functions or variables:
     abline axis box buildStartupMessage colorRamp complete.cases
     conv.tnorm dbinom dnorm fft grey infoShow lines matlines mtext
     na.omit object par pbinom pnorm points qnorm quantile rgb text title
     uniroot
    Consider adding
     importFrom("grDevices", "colorRamp", "grey", "rgb")
     importFrom("graphics", "abline", "axis", "box", "lines", "matlines",
     "mtext", "par", "points", "text", "title")
     importFrom("stats", "complete.cases", "dbinom", "dnorm", "fft",
     "na.omit", "pbinom", "pnorm", "qnorm", "quantile",
     "uniroot")
    to your NAMESPACE.
Flavors: r-devel-linux-x86_64-debian-clang, r-devel-linux-x86_64-debian-gcc, r-devel-linux-x86_64-fedora-clang, r-devel-linux-x86_64-fedora-gcc, r-devel-windows-ix86+x86_64

Version: 0.9
Check: R code for possible problems
Result: NOTE
    .onAttach: no visible global function definition for
     ‘buildStartupMessage’
    RobAStBaseMASK: no visible global function definition for ‘infoShow’
    comparePlot,IC-IC : absInfoEval: no visible binding for global variable
     ‘object’
    getRiskIC,IC-fiUnOvShoot-ContNeighborhood-missing: no visible global
     function definition for ‘conv.tnorm’
    getRiskIC,IC-fiUnOvShoot-ContNeighborhood-missing: no visible binding
     for global variable ‘conv.tnorm’
    getRiskIC,IC-fiUnOvShoot-TotalVarNeighborhood-missing: no visible
     global function definition for ‘conv.tnorm’
    getRiskIC,IC-fiUnOvShoot-TotalVarNeighborhood-missing: no visible
     binding for global variable ‘conv.tnorm’
    Undefined global functions or variables:
     buildStartupMessage conv.tnorm infoShow object
Flavor: r-devel-osx-x86_64-clang

Version: 0.9
Check: R code for possible problems
Result: NOTE
    .onAttach: no visible global function definition for
     ‘buildStartupMessage’
    RobAStBaseMASK: no visible global function definition for ‘infoShow’
    comparePlot,IC-IC : .local : absInfoEval: no visible binding for global
     variable ‘object’
    getRiskIC,IC-fiUnOvShoot-ContNeighborhood-missing : .local: no visible
     global function definition for ‘conv.tnorm’
    getRiskIC,IC-fiUnOvShoot-ContNeighborhood-missing : .local: no visible
     binding for global variable ‘conv.tnorm’
    getRiskIC,IC-fiUnOvShoot-TotalVarNeighborhood-missing : .local: no
     visible global function definition for ‘conv.tnorm’
    getRiskIC,IC-fiUnOvShoot-TotalVarNeighborhood-missing : .local: no
     visible binding for global variable ‘conv.tnorm’
Flavors: r-patched-linux-x86_64, r-patched-solaris-sparc, r-patched-solaris-x86, r-release-linux-x86_64, r-release-windows-ix86+x86_64, r-oldrel-windows-ix86+x86_64

Version: 0.9
Check: package dependencies
Result: NOTE
    Package suggested but not available for checking: ‘ROptEst’
Flavor: r-release-osx-x86_64-mavericks

Version: 0.9
Check: R code for possible problems
Result: NOTE
    .onAttach: no visible global function definition for
     ‘buildStartupMessage’
    RobAStBaseMASK: no visible global function definition for ‘infoShow’
Flavor: r-release-osx-x86_64-mavericks

Version: 0.9
Check: Rd cross-references
Result: NOTE
    Package unavailable to check Rd xrefs: ‘ROptEst’
Flavor: r-release-osx-x86_64-mavericks