CRAN Package Check Results for Package RobAStBase

Last updated on 2014-12-18 03:50:37.

Flavor Version Tinstall Tcheck Ttotal Status Flags
r-devel-linux-x86_64-debian-clang 0.9 16.16 96.01 112.16 NOTE
r-devel-linux-x86_64-debian-gcc 0.9 16.91 93.18 110.09 NOTE
r-devel-linux-x86_64-fedora-clang 0.9 260.21 NOTE
r-devel-linux-x86_64-fedora-gcc 0.9 228.27 NOTE
r-devel-osx-x86_64-clang 0.9 214.82 NOTE
r-devel-windows-ix86+x86_64 0.9 29.00 141.00 170.00 NOTE
r-patched-linux-x86_64 0.9 17.58 103.33 120.90 NOTE
r-patched-solaris-sparc 0.9 1505.30 NOTE
r-patched-solaris-x86 0.9 317.40 NOTE
r-release-linux-ix86 0.9 19.94 116.08 136.02 NOTE
r-release-linux-x86_64 0.9 17.59 104.39 121.98 NOTE
r-release-osx-x86_64-mavericks 0.9 OK
r-release-osx-x86_64-snowleopard 0.9 WARN
r-release-windows-ix86+x86_64 0.9 42.00 154.00 196.00 NOTE
r-oldrel-windows-ix86+x86_64 0.9 33.00 134.00 167.00 OK

Check Details

Version: 0.9
Check: R code for possible problems
Result: NOTE
    .onAttach: no visible global function definition for
     ‘buildStartupMessage’
    RobAStBaseMASK: no visible global function definition for ‘infoShow’
Flavors: r-devel-linux-x86_64-debian-clang, r-devel-linux-x86_64-debian-gcc, r-devel-linux-x86_64-fedora-clang, r-devel-linux-x86_64-fedora-gcc, r-devel-osx-x86_64-clang, r-devel-windows-ix86+x86_64, r-patched-linux-x86_64, r-patched-solaris-sparc, r-patched-solaris-x86, r-release-linux-ix86, r-release-linux-x86_64, r-release-windows-ix86+x86_64

Version: 0.9
Check: package dependencies
Result: NOTE
    Package suggested but not available for checking: 'ROptEst'
Flavor: r-release-osx-x86_64-snowleopard

Version: 0.9
Check: Rd cross-references
Result: NOTE
    Package unavailable to check Rd xrefs: 'ROptEst'
Flavor: r-release-osx-x86_64-snowleopard

Version: 0.9
Check: examples
Result: WARN
    checking a package with encoding 'latin1' in an ASCII locale
    
     OK
Flavor: r-release-osx-x86_64-snowleopard