CRAN Package Check Results for Package RobAStBase

Last updated on 2017-04-24 12:47:57.

Flavor Version Tinstall Tcheck Ttotal Status Flags
r-devel-linux-x86_64-debian-clang 1.0 16.35 97.41 113.76 OK
r-devel-linux-x86_64-debian-gcc 1.0 0.25 2.20 2.44 ERROR
r-devel-linux-x86_64-fedora-clang 1.0.1 113.45 OK --no-stop-on-test-error
r-devel-linux-x86_64-fedora-gcc 1.0.1 104.93 OK --no-stop-on-test-error
r-devel-windows-ix86+x86_64 1.0 47.00 164.00 211.00 OK
r-patched-linux-x86_64 1.0.1 16.90 89.72 106.62 OK
r-patched-solaris-sparc 1.0.1 1181.10 OK
r-patched-solaris-x86 1.0.1 221.80 OK
r-release-linux-x86_64 1.0 16.45 90.72 107.16 OK
r-release-windows-ix86+x86_64 1.0 33.00 139.00 172.00 OK
r-release-osx-x86_64 1.0.1 OK
r-oldrel-windows-ix86+x86_64 1.0 32.00 134.00 166.00 OK
r-oldrel-osx-x86_64 1.0 OK

Check Details

Version: 1.0
Check: package dependencies
Result: ERROR
    Packages required but not available: ‘distrMod’ ‘RandVar’
    
    Package suggested but not available for checking: ‘ROptEst’
    
    See section ‘The DESCRIPTION file’ in the ‘Writing R Extensions’
    manual.
Flavor: r-devel-linux-x86_64-debian-gcc