CRAN Package Check Results for Package RobAStBase

Last updated on 2015-03-03 05:47:04.

Flavor Version Tinstall Tcheck Ttotal Status Flags
r-devel-linux-x86_64-debian-clang 0.9 14.67 78.47 93.14 NOTE
r-devel-linux-x86_64-debian-gcc 0.9 14.00 73.18 87.18 NOTE
r-devel-linux-x86_64-fedora-clang 0.9 190.08 NOTE
r-devel-linux-x86_64-fedora-gcc 0.9 182.12 NOTE
r-devel-osx-x86_64-clang 0.9 165.25 NOTE
r-devel-windows-ix86+x86_64 0.9 43.00 158.00 201.00 NOTE
r-patched-linux-x86_64 0.9 19.33 100.50 119.83 NOTE
r-patched-solaris-sparc 0.9 1535.10 NOTE
r-patched-solaris-x86 0.9 316.40 NOTE
r-release-linux-ix86 0.9 19.95 119.42 139.37 NOTE
r-release-linux-x86_64 0.9 18.64 104.29 122.94 NOTE
r-release-osx-x86_64-mavericks 0.9 NOTE
r-release-osx-x86_64-snowleopard 0.9 WARN
r-release-windows-ix86+x86_64 0.9 36.00 214.00 250.00 NOTE
r-oldrel-windows-ix86+x86_64 0.9 40.00 148.00 188.00 OK

Check Details

Version: 0.9
Check: R code for possible problems
Result: NOTE
    .onAttach: no visible global function definition for
     ‘buildStartupMessage’
    RobAStBaseMASK: no visible global function definition for ‘infoShow’
Flavors: r-devel-linux-x86_64-debian-clang, r-devel-linux-x86_64-debian-gcc, r-devel-linux-x86_64-fedora-clang, r-devel-linux-x86_64-fedora-gcc, r-devel-osx-x86_64-clang, r-devel-windows-ix86+x86_64, r-patched-linux-x86_64, r-patched-solaris-sparc, r-patched-solaris-x86, r-release-linux-ix86, r-release-linux-x86_64, r-release-osx-x86_64-mavericks, r-release-windows-ix86+x86_64

Version: 0.9
Check: package dependencies
Result: NOTE
    Package suggested but not available for checking: 'ROptEst'
Flavor: r-release-osx-x86_64-snowleopard

Version: 0.9
Check: Rd cross-references
Result: NOTE
    Package unavailable to check Rd xrefs: 'ROptEst'
Flavor: r-release-osx-x86_64-snowleopard

Version: 0.9
Check: examples
Result: WARN
    checking a package with encoding 'latin1' in an ASCII locale
    
     OK
Flavor: r-release-osx-x86_64-snowleopard