CRAN Package Check Results for Package RobAStBase

Last updated on 2014-09-21 13:46:52.

Flavor Version Tinstall Tcheck Ttotal Status Flags
r-devel-linux-x86_64-debian-clang 0.9 16.48 95.03 111.51 NOTE
r-devel-linux-x86_64-debian-gcc 0.9 15.84 96.78 112.63 NOTE
r-devel-linux-x86_64-fedora-clang 0.9 259.92 NOTE
r-devel-linux-x86_64-fedora-gcc 0.9 245.37 NOTE
r-devel-osx-x86_64-clang 0.9 197.09 NOTE
r-devel-windows-ix86+x86_64 0.9 29.00 135.00 164.00 NOTE
r-patched-linux-x86_64 0.9 17.41 102.56 119.97 OK
r-patched-solaris-sparc 0.9 1512.00 OK
r-patched-solaris-x86 0.9 318.20 OK
r-release-linux-ix86 0.9 21.08 123.48 144.56 OK
r-release-linux-x86_64 0.9 16.91 104.48 121.39 OK
r-release-osx-x86_64-mavericks 0.9 OK
r-release-osx-x86_64-snowleopard 0.9 WARN
r-release-windows-ix86+x86_64 0.9 36.00 159.00 195.00 OK
r-oldrel-windows-ix86+x86_64 0.9 34.00 139.00 173.00 OK

Check Details

Version: 0.9
Check: R code for possible problems
Result: NOTE
    .onAttach: no visible global function definition for
     ‘buildStartupMessage’
    RobAStBaseMASK: no visible global function definition for ‘infoShow’
Flavors: r-devel-linux-x86_64-debian-clang, r-devel-linux-x86_64-debian-gcc, r-devel-linux-x86_64-fedora-clang, r-devel-linux-x86_64-fedora-gcc, r-devel-osx-x86_64-clang, r-devel-windows-ix86+x86_64

Version: 0.9
Check: package dependencies
Result: NOTE
    Package suggested but not available for checking: 'ROptEst'
Flavor: r-release-osx-x86_64-snowleopard

Version: 0.9
Check: Rd cross-references
Result: NOTE
    Package unavailable to check Rd xrefs: 'ROptEst'
Flavor: r-release-osx-x86_64-snowleopard

Version: 0.9
Check: examples
Result: WARN
    checking a package with encoding 'latin1' in an ASCII locale
    
     OK
Flavor: r-release-osx-x86_64-snowleopard