CRAN Package Check Results for Package RobAStBase

Last updated on 2015-01-27 21:48:06.

Flavor Version Tinstall Tcheck Ttotal Status Flags
r-devel-linux-x86_64-debian-clang 0.9 16.41 85.95 102.36 NOTE
r-devel-linux-x86_64-debian-gcc 0.9 15.80 82.05 97.85 NOTE
r-devel-linux-x86_64-fedora-clang 0.9 249.96 NOTE
r-devel-linux-x86_64-fedora-gcc 0.9 254.20 NOTE
r-devel-osx-x86_64-clang 0.9 210.30 NOTE
r-devel-windows-ix86+x86_64 0.9 32.00 120.00 152.00 NOTE
r-patched-linux-x86_64 0.9 20.31 98.48 118.79 NOTE
r-patched-solaris-sparc 0.9 1535.10 NOTE
r-patched-solaris-x86 0.9 314.20 NOTE
r-release-linux-ix86 0.9 19.83 116.75 136.58 NOTE
r-release-linux-x86_64 0.9 17.98 104.49 122.47 NOTE
r-release-osx-x86_64-mavericks 0.9 NOTE
r-release-osx-x86_64-snowleopard 0.9 WARN
r-release-windows-ix86+x86_64 0.9 39.00 146.00 185.00 NOTE
r-oldrel-windows-ix86+x86_64 0.9 35.00 145.00 180.00 OK

Check Details

Version: 0.9
Check: R code for possible problems
Result: NOTE
    .onAttach: no visible global function definition for
     ‘buildStartupMessage’
    RobAStBaseMASK: no visible global function definition for ‘infoShow’
Flavors: r-devel-linux-x86_64-debian-clang, r-devel-linux-x86_64-debian-gcc, r-devel-linux-x86_64-fedora-clang, r-devel-linux-x86_64-fedora-gcc, r-devel-osx-x86_64-clang, r-devel-windows-ix86+x86_64, r-patched-linux-x86_64, r-patched-solaris-sparc, r-patched-solaris-x86, r-release-linux-ix86, r-release-linux-x86_64, r-release-osx-x86_64-mavericks, r-release-windows-ix86+x86_64

Version: 0.9
Check: package dependencies
Result: NOTE
    Package suggested but not available for checking: 'ROptEst'
Flavor: r-release-osx-x86_64-snowleopard

Version: 0.9
Check: Rd cross-references
Result: NOTE
    Package unavailable to check Rd xrefs: 'ROptEst'
Flavor: r-release-osx-x86_64-snowleopard

Version: 0.9
Check: examples
Result: WARN
    checking a package with encoding 'latin1' in an ASCII locale
    
     OK
Flavor: r-release-osx-x86_64-snowleopard