CRAN Package Check Results for Package RobAStBase

Last updated on 2015-05-23 15:47:27.

Flavor Version Tinstall Tcheck Ttotal Status Flags
r-devel-linux-x86_64-debian-clang 0.9 14.41 75.68 90.09 NOTE
r-devel-linux-x86_64-debian-gcc 0.9 13.72 73.06 86.78 NOTE
r-devel-linux-x86_64-fedora-clang 0.9 189.56 NOTE
r-devel-linux-x86_64-fedora-gcc 0.9 177.47 NOTE
r-devel-osx-x86_64-clang 0.9 157.97 NOTE
r-devel-windows-ix86+x86_64 0.9 32.00 122.00 154.00 NOTE
r-patched-linux-x86_64 0.9 14.67 75.25 89.92 NOTE
r-patched-solaris-sparc 0.9 1147.90 NOTE
r-patched-solaris-x86 0.9 232.30 NOTE
r-release-linux-x86_64 0.9 13.84 74.78 88.62 NOTE
r-release-osx-x86_64-mavericks 0.9 NOTE
r-release-osx-x86_64-snowleopard 0.9 NOTE
r-release-windows-ix86+x86_64 0.9 29.00 120.00 149.00 NOTE
r-oldrel-windows-ix86+x86_64 0.9 39.00 140.00 179.00 NOTE

Check Details

Version: 0.9
Check: R code for possible problems
Result: NOTE
    .onAttach: no visible global function definition for
     ‘buildStartupMessage’
    RobAStBaseMASK: no visible global function definition for ‘infoShow’
Flavors: r-devel-linux-x86_64-debian-clang, r-devel-linux-x86_64-debian-gcc, r-devel-linux-x86_64-fedora-clang, r-devel-linux-x86_64-fedora-gcc, r-devel-osx-x86_64-clang, r-devel-windows-ix86+x86_64, r-patched-linux-x86_64, r-patched-solaris-sparc, r-patched-solaris-x86, r-release-linux-x86_64, r-release-osx-x86_64-mavericks, r-release-windows-ix86+x86_64, r-oldrel-windows-ix86+x86_64

Version: 0.9
Check: package dependencies
Result: NOTE
    Package suggested but not available for checking: ‘ROptEst’
Flavors: r-release-osx-x86_64-mavericks, r-release-osx-x86_64-snowleopard

Version: 0.9
Check: Rd cross-references
Result: NOTE
    Package unavailable to check Rd xrefs: ‘ROptEst’
Flavors: r-release-osx-x86_64-mavericks, r-release-osx-x86_64-snowleopard