CRAN Package Check Results for Package RobAStBase

Last updated on 2015-04-19 19:52:01.

Flavor Version Tinstall Tcheck Ttotal Status Flags
r-devel-linux-x86_64-debian-clang 0.9 14.32 75.90 90.22 NOTE
r-devel-linux-x86_64-debian-gcc 0.9 13.93 74.85 88.78 NOTE
r-devel-linux-x86_64-fedora-clang 0.9 192.33 NOTE
r-devel-linux-x86_64-fedora-gcc 0.9 177.70 NOTE
r-devel-osx-x86_64-clang 0.9 169.26 NOTE
r-devel-windows-ix86+x86_64 0.9 39.00 149.00 188.00 NOTE
r-patched-linux-x86_64 0.9 14.12 75.76 89.88 NOTE
r-patched-solaris-sparc 0.9 1136.20 NOTE
r-patched-solaris-x86 0.9 226.20 NOTE
r-release-linux-x86_64 0.9 13.90 76.41 90.30 NOTE
r-release-osx-x86_64-mavericks 0.9 NOTE
r-release-osx-x86_64-snowleopard 0.9 NOTE
r-release-windows-ix86+x86_64 0.9 27.00 111.00 138.00 NOTE
r-oldrel-windows-ix86+x86_64 0.9 35.00 132.00 167.00 NOTE

Check Details

Version: 0.9
Check: R code for possible problems
Result: NOTE
    .onAttach: no visible global function definition for
     ‘buildStartupMessage’
    RobAStBaseMASK: no visible global function definition for ‘infoShow’
Flavors: r-devel-linux-x86_64-debian-clang, r-devel-linux-x86_64-debian-gcc, r-devel-linux-x86_64-fedora-clang, r-devel-linux-x86_64-fedora-gcc, r-devel-osx-x86_64-clang, r-devel-windows-ix86+x86_64, r-patched-linux-x86_64, r-patched-solaris-sparc, r-patched-solaris-x86, r-release-linux-x86_64, r-release-osx-x86_64-mavericks, r-release-windows-ix86+x86_64, r-oldrel-windows-ix86+x86_64

Version: 0.9
Check: package dependencies
Result: NOTE
    Package suggested but not available for checking: ‘ROptEst’
Flavors: r-release-osx-x86_64-mavericks, r-release-osx-x86_64-snowleopard

Version: 0.9
Check: Rd cross-references
Result: NOTE
    Package unavailable to check Rd xrefs: ‘ROptEst’
Flavors: r-release-osx-x86_64-mavericks, r-release-osx-x86_64-snowleopard