CRAN Package Check Results for Package RobAStBase

Last updated on 2014-11-26 15:47:37.

Flavor Version Tinstall Tcheck Ttotal Status Flags
r-devel-linux-x86_64-debian-clang 0.9 17.32 97.14 114.46 NOTE
r-devel-linux-x86_64-debian-gcc 0.9 15.68 92.35 108.03 NOTE
r-devel-linux-x86_64-fedora-clang 0.9 255.17 NOTE
r-devel-linux-x86_64-fedora-gcc 0.9 241.74 NOTE
r-devel-osx-x86_64-clang 0.9 203.62 NOTE
r-devel-windows-ix86+x86_64 0.9 29.00 140.00 169.00 NOTE
r-patched-linux-x86_64 0.9 17.50 101.97 119.48 NOTE
r-patched-solaris-sparc 0.9 1505.30 NOTE
r-patched-solaris-x86 0.9 312.10 NOTE
r-release-linux-ix86 0.9 19.70 114.87 134.57 NOTE
r-release-linux-x86_64 0.9 17.60 104.65 122.25 NOTE
r-release-osx-x86_64-mavericks 0.9 OK
r-release-osx-x86_64-snowleopard 0.9 WARN
r-release-windows-ix86+x86_64 0.9 32.00 152.00 184.00 NOTE
r-oldrel-windows-ix86+x86_64 0.9 31.00 146.00 177.00 OK

Check Details

Version: 0.9
Check: R code for possible problems
Result: NOTE
    .onAttach: no visible global function definition for
     ‘buildStartupMessage’
    RobAStBaseMASK: no visible global function definition for ‘infoShow’
Flavors: r-devel-linux-x86_64-debian-clang, r-devel-linux-x86_64-debian-gcc, r-devel-linux-x86_64-fedora-clang, r-devel-linux-x86_64-fedora-gcc, r-devel-osx-x86_64-clang, r-devel-windows-ix86+x86_64, r-patched-linux-x86_64, r-patched-solaris-sparc, r-patched-solaris-x86, r-release-linux-ix86, r-release-linux-x86_64, r-release-windows-ix86+x86_64

Version: 0.9
Check: package dependencies
Result: NOTE
    Package suggested but not available for checking: 'ROptEst'
Flavor: r-release-osx-x86_64-snowleopard

Version: 0.9
Check: Rd cross-references
Result: NOTE
    Package unavailable to check Rd xrefs: 'ROptEst'
Flavor: r-release-osx-x86_64-snowleopard

Version: 0.9
Check: examples
Result: WARN
    checking a package with encoding 'latin1' in an ASCII locale
    
     OK
Flavor: r-release-osx-x86_64-snowleopard