CRAN Package Check Results for Package RobLox

Last updated on 2019-06-19 18:52:53 CEST.

Flavor Version Tinstall Tcheck Ttotal Status Flags
r-devel-linux-x86_64-debian-clang 1.2.0 15.71 153.64 169.35 OK
r-devel-linux-x86_64-debian-gcc 1.2.0 15.83 118.33 134.16 OK
r-devel-linux-x86_64-fedora-clang 1.2.0 199.07 OK
r-devel-linux-x86_64-fedora-gcc 1.2.0 192.11 OK
r-devel-windows-ix86+x86_64 1.2.0 43.00 211.00 254.00 OK
r-patched-linux-x86_64 1.2.0 18.75 150.92 169.67 OK
r-patched-solaris-x86 1.2.0 281.30 OK
r-release-linux-x86_64 1.2.0 18.12 150.72 168.84 OK
r-release-windows-ix86+x86_64 1.2.0 44.00 215.00 259.00 OK
r-release-osx-x86_64 1.2.0 ERROR
r-oldrel-windows-ix86+x86_64 1.2.0 20.00 205.00 225.00 OK
r-oldrel-osx-x86_64 1.2.0 OK

Check Details

Version: 1.2.0
Check: package dependencies
Result: ERROR
    Package required but not available: ‘Biobase’
    
    See section ‘The DESCRIPTION file’ in the ‘Writing R Extensions’
    manual.
Flavor: r-release-osx-x86_64