CRAN Package Check Results for Package RobLoxBioC

Last updated on 2020-02-26 08:52:35 CET.

Flavor Version Tinstall Tcheck Ttotal Status Flags
r-devel-linux-x86_64-debian-clang 1.2.0 28.13 257.74 285.87 OK
r-devel-linux-x86_64-debian-gcc 1.2.0 23.44 194.61 218.05 OK
r-devel-linux-x86_64-fedora-clang 1.2.0 342.89 OK
r-devel-linux-x86_64-fedora-gcc 1.2.0 341.40 OK
r-devel-windows-ix86+x86_64 1.2.0 51.00 231.00 282.00 OK
r-devel-windows-ix86+x86_64-gcc8 1.2.0 55.00 240.00 295.00 OK
r-patched-linux-x86_64 1.2.0 25.50 211.20 236.70 OK
r-patched-solaris-x86 1.2.0 432.80 NOTE
r-release-linux-x86_64 1.2.0 25.88 212.00 237.88 OK
r-release-windows-ix86+x86_64 1.2.0 52.00 204.00 256.00 OK
r-release-osx-x86_64 1.2.0 ERROR
r-oldrel-windows-ix86+x86_64 1.2.0 29.00 210.00 239.00 OK
r-oldrel-osx-x86_64 1.2.0 NOTE

Check Details

Version: 1.2.0
Check: package dependencies
Result: NOTE
    Packages suggested but not available for checking:
     'affydata', 'hgu95av2cdf', 'illuminaHumanv3.db'
Flavor: r-patched-solaris-x86

Version: 1.2.0
Check: package dependencies
Result: NOTE
    Packages suggested but not available for checking:
     'affydata', 'hgu95av2cdf', 'beadarrayExampleData',
     'illuminaHumanv3.db'
Flavor: r-release-osx-x86_64

Version: 1.2.0
Check: whether package can be installed
Result: ERROR
    Installation failed.
Flavor: r-release-osx-x86_64

Version: 1.2.0
Check: package dependencies
Result: NOTE
    Packages suggested but not available for checking:
     ‘affydata’ ‘hgu95av2cdf’ ‘beadarrayExampleData’ ‘illuminaHumanv3.db’
Flavor: r-oldrel-osx-x86_64