CRAN Package Check Results for Package RobLoxBioC

Last updated on 2015-04-19 17:48:48.

Flavor Version Tinstall Tcheck Ttotal Status Flags
r-devel-linux-x86_64-debian-clang 0.9 12.30 118.56 130.86 NOTE
r-devel-linux-x86_64-debian-gcc 0.9 10.95 113.22 124.17 NOTE
r-devel-linux-x86_64-fedora-clang 0.9 268.64 NOTE
r-devel-linux-x86_64-fedora-gcc 0.9 249.39 NOTE
r-devel-osx-x86_64-clang 0.9 235.24 NOTE
r-devel-windows-ix86+x86_64 0.9 40.00 222.00 262.00 NOTE
r-patched-linux-x86_64 0.9 11.12 113.25 124.38 NOTE
r-patched-solaris-sparc 0.9 1582.10 NOTE
r-patched-solaris-x86 0.9 328.10 NOTE
r-release-linux-x86_64 0.9 11.07 116.27 127.34 NOTE
r-release-osx-x86_64-mavericks 0.9 ERROR
r-release-osx-x86_64-snowleopard 0.9 ERROR
r-release-windows-ix86+x86_64 0.9 23.00 156.00 179.00 NOTE
r-oldrel-windows-ix86+x86_64 0.9 43.00 343.00 386.00 NOTE

Check Details

Version: 0.9
Check: R code for possible problems
Result: NOTE
    AffySimStudy: no visible global function definition for ‘estimate’
    IlluminaSimStudy: no visible global function definition for ‘estimate’
Flavors: r-devel-linux-x86_64-debian-clang, r-devel-linux-x86_64-debian-gcc, r-devel-linux-x86_64-fedora-clang, r-devel-linux-x86_64-fedora-gcc, r-devel-osx-x86_64-clang, r-devel-windows-ix86+x86_64, r-patched-linux-x86_64, r-patched-solaris-sparc, r-patched-solaris-x86, r-release-linux-x86_64, r-release-windows-ix86+x86_64, r-oldrel-windows-ix86+x86_64

Version: 0.9
Check: whether package can be installed
Result: ERROR
    Installation failed.
Flavor: r-release-osx-x86_64-mavericks

Version: 0.9
Check: package dependencies
Result: ERROR
    Packages required but not available:
     ‘RobLox’ ‘affy’ ‘BiocGenerics’ ‘Biobase’ ‘beadarray’
    
    See section ‘The DESCRIPTION file’ in the ‘Writing R Extensions’
    manual.
Flavor: r-release-osx-x86_64-snowleopard