CRAN Package Check Results for Package RobLoxBioC

Last updated on 2014-11-22 18:50:51.

Flavor Version Tinstall Tcheck Ttotal Status Flags
r-devel-linux-x86_64-debian-clang 0.9 15.06 162.94 178.00 NOTE
r-devel-linux-x86_64-debian-gcc 0.9 15.20 155.68 170.88 NOTE
r-devel-linux-x86_64-fedora-clang 0.9 425.72 NOTE
r-devel-linux-x86_64-fedora-gcc 0.9 416.50 NOTE
r-devel-osx-x86_64-clang 0.9 351.80 NOTE
r-devel-windows-ix86+x86_64 0.9 33.00 233.00 266.00 NOTE
r-patched-linux-x86_64 0.9 16.09 169.68 185.77 NOTE
r-patched-solaris-sparc 0.9 2405.80 NOTE
r-patched-solaris-x86 0.9 539.00 NOTE
r-release-linux-ix86 0.9 19.74 190.56 210.31 NOTE
r-release-linux-x86_64 0.9 16.38 168.15 184.52 NOTE
r-release-osx-x86_64-mavericks 0.9 ERROR
r-release-osx-x86_64-snowleopard 0.9 OK
r-release-windows-ix86+x86_64 0.9 54.00 254.00 308.00 NOTE
r-oldrel-windows-ix86+x86_64 0.9 27.00 197.00 224.00 OK

Check Details

Version: 0.9
Check: R code for possible problems
Result: NOTE
    AffySimStudy: no visible global function definition for ‘estimate’
    IlluminaSimStudy: no visible global function definition for ‘estimate’
Flavors: r-devel-linux-x86_64-debian-clang, r-devel-linux-x86_64-debian-gcc, r-devel-linux-x86_64-fedora-clang, r-devel-linux-x86_64-fedora-gcc, r-devel-osx-x86_64-clang, r-devel-windows-ix86+x86_64, r-patched-linux-x86_64, r-patched-solaris-sparc, r-patched-solaris-x86, r-release-linux-ix86, r-release-linux-x86_64, r-release-windows-ix86+x86_64

Version: 0.9
Check: whether package can be installed
Result: ERROR
    Installation failed.
Flavor: r-release-osx-x86_64-mavericks