CRAN Package Check Results for Package RobLoxBioC

Last updated on 2018-06-21 23:50:36 CEST.

Flavor Version Tinstall Tcheck Ttotal Status Flags
r-devel-linux-x86_64-debian-clang 0.9 19.52 228.02 247.54 NOTE
r-devel-linux-x86_64-debian-gcc 0.9 16.71 197.57 214.28 NOTE
r-devel-linux-x86_64-fedora-clang 0.9 326.20 NOTE
r-devel-linux-x86_64-fedora-gcc 0.9 308.50 NOTE
r-devel-windows-ix86+x86_64 0.9 95.00 318.00 413.00 NOTE
r-patched-linux-x86_64 0.9 17.63 204.29 221.92 NOTE
r-patched-solaris-x86 0.9 376.50 NOTE
r-release-linux-x86_64 0.9 17.55 201.60 219.15 NOTE
r-release-windows-ix86+x86_64 0.9 28.00 260.00 288.00 NOTE
r-release-osx-x86_64 0.9 NOTE
r-oldrel-windows-ix86+x86_64 0.9 30.00 199.00 229.00 NOTE
r-oldrel-osx-x86_64 0.9 NOTE

Check Details

Version: 0.9
Check: R code for possible problems
Result: NOTE
    AffySimStudy: no visible global function definition for ‘curve’
    AffySimStudy: no visible binding for global variable ‘pnorm’
    AffySimStudy : fun: no visible global function definition for ‘pnorm’
    AffySimStudy: no visible global function definition for ‘legend’
    AffySimStudy: no visible global function definition for ‘rbinom’
    AffySimStudy: no visible global function definition for ‘rnorm’
    AffySimStudy: no visible global function definition for ‘dev.new’
    AffySimStudy: no visible global function definition for ‘qnorm’
    AffySimStudy: no visible global function definition for ‘estimate’
    AffySimStudy: no visible global function definition for ‘layout’
    AffySimStudy: no visible global function definition for ‘abline’
    AffySimStudy: no visible global function definition for ‘par’
    IlluminaSimStudy: no visible global function definition for ‘curve’
    IlluminaSimStudy: no visible binding for global variable ‘pnorm’
    IlluminaSimStudy : fun: no visible global function definition for
     ‘pnorm’
    IlluminaSimStudy: no visible global function definition for ‘legend’
    IlluminaSimStudy: no visible global function definition for ‘rbinom’
    IlluminaSimStudy: no visible global function definition for ‘rnorm’
    IlluminaSimStudy: no visible global function definition for ‘dev.new’
    IlluminaSimStudy: no visible global function definition for ‘qnorm’
    IlluminaSimStudy: no visible global function definition for ‘estimate’
    IlluminaSimStudy: no visible global function definition for ‘layout’
    IlluminaSimStudy: no visible global function definition for ‘abline’
    IlluminaSimStudy: no visible global function definition for ‘par’
    KolmogorovMinDist,BeadLevelList-AbscontDistribution: no visible global
     function definition for ‘arrayNames’
    KolmogorovMinDist,BeadLevelList-AbscontDistribution: no visible global
     function definition for ‘getArrayData’
    KolmogorovMinDist,matrix-Norm : ksdist: no visible global function
     definition for ‘pnorm’
    KolmogorovMinDist,matrix-Norm: no visible global function definition
     for ‘qnorm’
    KolmogorovMinDist,matrix-Norm: no visible global function definition
     for ‘optim’
    robloxbioc,beadLevelData: no visible global function definition for
     ‘mappedkeys’
    robloxbioc,beadLevelData: no visible global function definition for
     ‘revmap’
    robloxbioc,beadLevelData: no visible global function definition for
     ‘packageDescription’
    robloxbioc,beadLevelData: no visible global function definition for
     ‘featureData<-’
    robloxbioc,beadLevelData: no visible global function definition for
     ‘phenoData<-’
    robloxbioc,matrix: no visible global function definition for ‘qnorm’
    robloxbioc,matrix: no visible global function definition for ‘uniroot’
    Undefined global functions or variables:
     abline arrayNames curve dev.new estimate featureData<- getArrayData
     layout legend mappedkeys optim packageDescription par phenoData<-
     pnorm qnorm rbinom revmap rnorm uniroot
    Consider adding
     importFrom("grDevices", "dev.new")
     importFrom("graphics", "abline", "curve", "layout", "legend", "par")
     importFrom("stats", "optim", "pnorm", "qnorm", "rbinom", "rnorm",
     "uniroot")
     importFrom("utils", "packageDescription")
    to your NAMESPACE file.
Flavors: r-devel-linux-x86_64-debian-clang, r-devel-linux-x86_64-debian-gcc, r-devel-linux-x86_64-fedora-clang, r-devel-linux-x86_64-fedora-gcc, r-devel-windows-ix86+x86_64, r-patched-linux-x86_64, r-patched-solaris-x86, r-release-linux-x86_64, r-release-windows-ix86+x86_64, r-release-osx-x86_64, r-oldrel-windows-ix86+x86_64, r-oldrel-osx-x86_64