CRAN Package Check Results for Package RobLoxBioC

Last updated on 2014-10-26 01:48:15.

Flavor Version Tinstall Tcheck Ttotal Status Flags
r-devel-linux-x86_64-debian-clang 0.9 16.16 162.68 178.84 NOTE
r-devel-linux-x86_64-debian-gcc 0.9 16.61 160.14 176.76 NOTE
r-devel-linux-x86_64-fedora-clang 0.9 462.46 NOTE
r-devel-linux-x86_64-fedora-gcc 0.9 435.61 NOTE
r-devel-osx-x86_64-clang 0.9 345.62 NOTE
r-devel-windows-ix86+x86_64 0.9 31.00 225.00 256.00 NOTE
r-patched-linux-x86_64 0.9 16.24 161.30 177.54 NOTE
r-patched-solaris-sparc 0.9 2405.80 NOTE
r-patched-solaris-x86 0.9 546.60 NOTE
r-release-linux-ix86 0.9 18.17 184.70 202.87 OK
r-release-linux-x86_64 0.9 14.78 158.96 173.75 OK
r-release-osx-x86_64-mavericks 0.9 ERROR
r-release-osx-x86_64-snowleopard 0.9 OK
r-release-windows-ix86+x86_64 0.9 40.00 238.00 278.00 OK
r-oldrel-windows-ix86+x86_64 0.9 27.00 200.00 227.00 OK

Check Details

Version: 0.9
Check: R code for possible problems
Result: NOTE
    AffySimStudy: no visible global function definition for ‘estimate’
    IlluminaSimStudy: no visible global function definition for ‘estimate’
Flavors: r-devel-linux-x86_64-debian-clang, r-devel-linux-x86_64-debian-gcc, r-devel-linux-x86_64-fedora-clang, r-devel-linux-x86_64-fedora-gcc, r-devel-osx-x86_64-clang, r-devel-windows-ix86+x86_64, r-patched-linux-x86_64, r-patched-solaris-sparc, r-patched-solaris-x86

Version: 0.9
Check: whether package can be installed
Result: ERROR
    Installation failed.
Flavor: r-release-osx-x86_64-mavericks