CRAN Package Check Results for Package RobLoxBioC

Last updated on 2021-10-17 20:49:15 CEST.

Flavor Version Tinstall Tcheck Ttotal Status Flags
r-devel-linux-x86_64-debian-clang 1.2.0 33.09 295.48 328.57 OK
r-devel-linux-x86_64-debian-gcc 1.2.0 28.86 222.89 251.75 OK
r-devel-linux-x86_64-fedora-clang 1.2.0 411.05 NOTE
r-devel-linux-x86_64-fedora-gcc 1.2.0 391.04 NOTE
r-devel-windows-x86_64 1.2.0 48.00 317.00 365.00 OK
r-devel-windows-x86_64-gcc10-UCRT 1.2.0 OK
r-patched-linux-x86_64 1.2.0 29.51 277.73 307.24 OK
r-patched-solaris-x86 1.2.0 537.70 NOTE
r-release-linux-x86_64 1.2.0 31.49 281.58 313.07 OK
r-release-macos-arm64 1.2.0 NOTE
r-release-macos-x86_64 1.2.0 ERROR
r-release-windows-ix86+x86_64 1.2.0 55.00 307.00 362.00 OK
r-oldrel-macos-x86_64 1.2.0 NOTE
r-oldrel-windows-ix86+x86_64 1.2.0 73.00 325.00 398.00 OK

Check Details

Version: 1.2.0
Check: package dependencies
Result: NOTE
    Package suggested but not available for checking: ‘affydata’
Flavors: r-devel-linux-x86_64-fedora-clang, r-devel-linux-x86_64-fedora-gcc

Version: 1.2.0
Check: Rd cross-references
Result: NOTE
    Undeclared package ‘distrEx’ in Rd xrefs
Flavor: r-devel-linux-x86_64-fedora-clang

Version: 1.2.0
Check: package dependencies
Result: NOTE
    Packages suggested but not available for checking:
     'affydata', 'hgu95av2cdf', 'illuminaHumanv3.db'
Flavor: r-patched-solaris-x86

Version: 1.2.0
Check: package dependencies
Result: NOTE
    Package suggested but not available for checking: ‘illuminaHumanv3.db’
Flavor: r-release-macos-arm64

Version: 1.2.0
Check: package dependencies
Result: NOTE
    Packages suggested but not available for checking:
     'affydata', 'hgu95av2cdf', 'beadarrayExampleData',
     'illuminaHumanv3.db'
Flavors: r-release-macos-x86_64, r-oldrel-macos-x86_64

Version: 1.2.0
Check: whether package can be installed
Result: ERROR
    Installation failed.
Flavor: r-release-macos-x86_64