CRAN Package Check Results for Package RobLoxBioC

Last updated on 2015-03-31 23:49:42.

Flavor Version Tinstall Tcheck Ttotal Status Flags
r-devel-linux-x86_64-debian-clang 0.9 12.88 115.38 128.26 NOTE
r-devel-linux-x86_64-debian-gcc 0.9 11.05 112.40 123.46 NOTE
r-devel-linux-x86_64-fedora-clang 0.9 272.02 NOTE
r-devel-linux-x86_64-fedora-gcc 0.9 255.55 NOTE
r-devel-osx-x86_64-clang 0.9 233.72 NOTE
r-prerel-windows-ix86+x86_64 0.9 25.00 160.00 185.00 NOTE
r-prerel-linux-x86_64 0.9 11.19 114.57 125.76 NOTE
r-prerel-solaris-sparc 0.9 1582.10 NOTE
r-prerel-solaris-x86 0.9 327.30 NOTE
r-release-linux-x86_64 0.9 18.78 168.96 187.74 NOTE
r-release-osx-x86_64-mavericks 0.9 ERROR
r-release-osx-x86_64-snowleopard 0.9 OK
r-release-windows-ix86+x86_64 0.9 49.00 271.00 320.00 NOTE
r-oldrel-windows-ix86+x86_64 0.9 38.00 195.00 233.00 OK

Check Details

Version: 0.9
Check: R code for possible problems
Result: NOTE
    AffySimStudy: no visible global function definition for ‘estimate’
    IlluminaSimStudy: no visible global function definition for ‘estimate’
Flavors: r-devel-linux-x86_64-debian-clang, r-devel-linux-x86_64-debian-gcc, r-devel-linux-x86_64-fedora-clang, r-devel-linux-x86_64-fedora-gcc, r-devel-osx-x86_64-clang, r-prerel-windows-ix86+x86_64, r-prerel-linux-x86_64, r-prerel-solaris-sparc, r-prerel-solaris-x86, r-release-linux-x86_64, r-release-windows-ix86+x86_64

Version: 0.9
Check: whether package can be installed
Result: ERROR
    Installation failed.
Flavor: r-release-osx-x86_64-mavericks