CRAN Package Check Results for Package RobLoxBioC

Last updated on 2015-07-01 03:47:46.

Flavor Version Tinstall Tcheck Ttotal Status Flags
r-devel-linux-x86_64-debian-clang 0.9 12.21 120.56 132.76 NOTE
r-devel-linux-x86_64-debian-gcc 0.9 11.18 113.41 124.59 NOTE
r-devel-linux-x86_64-fedora-clang 0.9 263.40 NOTE
r-devel-linux-x86_64-fedora-gcc 0.9 249.00 NOTE
r-devel-osx-x86_64-clang 0.9 239.79 NOTE
r-devel-windows-ix86+x86_64 0.9 25.00 181.00 206.00 NOTE
r-patched-linux-x86_64 0.9 11.78 103.33 115.10 NOTE
r-patched-solaris-sparc 0.9 1589.10 NOTE
r-patched-solaris-x86 0.9 346.30 NOTE
r-release-linux-x86_64 0.9 11.28 101.25 112.52 NOTE
r-release-osx-x86_64-mavericks 0.9 ERROR
r-release-windows-ix86+x86_64 0.9 42.00 176.00 218.00 NOTE
r-oldrel-windows-ix86+x86_64 0.9 49.00 279.00 328.00 NOTE

Check Details

Version: 0.9
Check: R code for possible problems
Result: NOTE
    .getA1.locsc: no visible global function definition for ‘approx’
    .getA2.locsc: no visible global function definition for ‘approx’
    .geta.locsc: no visible global function definition for ‘approx’
    .getb.locsc: no visible global function definition for ‘approx’
    AffySimStudy: no visible global function definition for ‘curve’
    AffySimStudy: no visible binding for global variable ‘pnorm’
    AffySimStudy : fun: no visible global function definition for ‘pnorm’
    AffySimStudy: no visible global function definition for ‘legend’
    AffySimStudy: no visible global function definition for ‘rbinom’
    AffySimStudy: no visible global function definition for ‘rnorm’
    AffySimStudy: no visible global function definition for ‘dev.new’
    AffySimStudy: no visible global function definition for ‘qnorm’
    AffySimStudy: no visible global function definition for ‘estimate’
    AffySimStudy: no visible global function definition for ‘layout’
    AffySimStudy: no visible global function definition for ‘abline’
    AffySimStudy: no visible global function definition for ‘par’
    IlluminaSimStudy: no visible global function definition for ‘curve’
    IlluminaSimStudy: no visible binding for global variable ‘pnorm’
    IlluminaSimStudy : fun: no visible global function definition for
     ‘pnorm’
    IlluminaSimStudy: no visible global function definition for ‘legend’
    IlluminaSimStudy: no visible global function definition for ‘rbinom’
    IlluminaSimStudy: no visible global function definition for ‘rnorm’
    IlluminaSimStudy: no visible global function definition for ‘dev.new’
    IlluminaSimStudy: no visible global function definition for ‘qnorm’
    IlluminaSimStudy: no visible global function definition for ‘estimate’
    IlluminaSimStudy: no visible global function definition for ‘layout’
    IlluminaSimStudy: no visible global function definition for ‘abline’
    IlluminaSimStudy: no visible global function definition for ‘par’
Flavors: r-devel-linux-x86_64-debian-clang, r-devel-linux-x86_64-debian-gcc, r-devel-linux-x86_64-fedora-clang, r-devel-linux-x86_64-fedora-gcc, r-devel-windows-ix86+x86_64

Version: 0.9
Check: R code for possible problems
Result: NOTE
    AffySimStudy: no visible global function definition for ‘estimate’
    IlluminaSimStudy: no visible global function definition for ‘estimate’
Flavors: r-devel-osx-x86_64-clang, r-patched-linux-x86_64, r-patched-solaris-sparc, r-patched-solaris-x86, r-release-linux-x86_64, r-release-windows-ix86+x86_64, r-oldrel-windows-ix86+x86_64

Version: 0.9
Check: whether package can be installed
Result: ERROR
    Installation failed.
Flavor: r-release-osx-x86_64-mavericks