CRAN Package Check Results for Package RobLoxBioC

Last updated on 2014-12-19 15:48:36.

Flavor Version Tinstall Tcheck Ttotal Status Flags
r-devel-linux-x86_64-debian-clang 0.9 14.67 163.94 178.61 NOTE
r-devel-linux-x86_64-debian-gcc 0.9 14.54 155.43 169.97 NOTE
r-devel-linux-x86_64-fedora-clang 0.9 446.56 NOTE
r-devel-linux-x86_64-fedora-gcc 0.9 388.71 NOTE
r-devel-osx-x86_64-clang 0.9 358.00 NOTE
r-devel-windows-ix86+x86_64 0.9 37.00 228.00 265.00 NOTE
r-patched-linux-x86_64 0.9 15.51 173.49 189.00 NOTE
r-patched-solaris-sparc 0.9 2405.80 NOTE
r-patched-solaris-x86 0.9 536.90 NOTE
r-release-linux-ix86 0.9 19.14 190.45 209.59 NOTE
r-release-linux-x86_64 0.9 15.74 171.88 187.61 NOTE
r-release-osx-x86_64-mavericks 0.9 ERROR
r-release-osx-x86_64-snowleopard 0.9 OK
r-release-windows-ix86+x86_64 0.9 39.00 260.00 299.00 NOTE
r-oldrel-windows-ix86+x86_64 0.9 35.00 205.00 240.00 OK

Check Details

Version: 0.9
Check: R code for possible problems
Result: NOTE
    AffySimStudy: no visible global function definition for ‘estimate’
    IlluminaSimStudy: no visible global function definition for ‘estimate’
Flavors: r-devel-linux-x86_64-debian-clang, r-devel-linux-x86_64-debian-gcc, r-devel-linux-x86_64-fedora-clang, r-devel-linux-x86_64-fedora-gcc, r-devel-osx-x86_64-clang, r-devel-windows-ix86+x86_64, r-patched-linux-x86_64, r-patched-solaris-sparc, r-patched-solaris-x86, r-release-linux-ix86, r-release-linux-x86_64, r-release-windows-ix86+x86_64

Version: 0.9
Check: whether package can be installed
Result: ERROR
    Installation failed.
Flavor: r-release-osx-x86_64-mavericks