Last updated on 2025-06-23 07:49:34 CEST.
Flavor | Version | Tinstall | Tcheck | Ttotal | Status | Flags |
---|---|---|---|---|---|---|
r-devel-linux-x86_64-debian-clang | 1.2.3 | 36.03 | 275.99 | 312.02 | OK | |
r-devel-linux-x86_64-debian-gcc | 1.2.3 | 23.93 | 194.70 | 218.63 | OK | |
r-devel-linux-x86_64-fedora-clang | 1.2.3 | 487.97 | OK | |||
r-devel-linux-x86_64-fedora-gcc | 1.2.3 | 450.95 | OK | |||
r-devel-windows-x86_64 | 1.2.3 | 31.00 | 219.00 | 250.00 | OK | |
r-patched-linux-x86_64 | 1.2.3 | 30.72 | 258.63 | 289.35 | OK | |
r-release-linux-x86_64 | 1.2.3 | 31.75 | 259.50 | 291.25 | OK | |
r-release-macos-arm64 | 1.2.3 | 117.00 | OK | |||
r-release-macos-x86_64 | 1.2.3 | 262.00 | OK | |||
r-release-windows-x86_64 | 1.2.3 | 33.00 | 226.00 | 259.00 | OK | |
r-oldrel-macos-arm64 | 1.2.3 | 125.00 | NOTE | |||
r-oldrel-macos-x86_64 | 1.2.3 | 264.00 | NOTE | |||
r-oldrel-windows-x86_64 | 1.2.3 | 43.00 | 303.00 | 346.00 | OK |
Version: 1.2.3
Check: package dependencies
Result: NOTE
Packages suggested but not available for checking:
'affydata', 'hgu95av2cdf', 'beadarrayExampleData',
'illuminaHumanv3.db'
Flavor: r-oldrel-macos-arm64
Version: 1.2.3
Check: package dependencies
Result: NOTE
Package suggested but not available for checking: ‘illuminaHumanv3.db’
Flavor: r-oldrel-macos-x86_64