CRAN Package Check Results for Package RobLoxBioC

Last updated on 2015-02-27 16:47:59.

Flavor Version Tinstall Tcheck Ttotal Status Flags
r-devel-linux-x86_64-debian-clang 0.9 11.25 114.65 125.90 NOTE
r-devel-linux-x86_64-debian-gcc 0.9 13.11 111.16 124.28 NOTE
r-devel-linux-x86_64-fedora-clang 0.9 269.77 NOTE
r-devel-linux-x86_64-fedora-gcc 0.9 261.91 NOTE
r-devel-osx-x86_64-clang 0.9 226.73 NOTE
r-devel-windows-ix86+x86_64 0.9 39.00 170.00 209.00 NOTE
r-patched-linux-x86_64 0.9 19.35 171.32 190.68 NOTE
r-patched-solaris-sparc 0.9 2423.70 NOTE
r-release-linux-ix86 0.9 26.56 192.73 219.29 NOTE
r-release-linux-x86_64 0.9 18.32 175.20 193.53 NOTE
r-release-osx-x86_64-mavericks 0.9 ERROR
r-release-osx-x86_64-snowleopard 0.9 OK
r-release-windows-ix86+x86_64 0.9 44.00 252.00 296.00 NOTE
r-oldrel-windows-ix86+x86_64 0.9 35.00 190.00 225.00 OK

Check Details

Version: 0.9
Check: R code for possible problems
Result: NOTE
    AffySimStudy: no visible global function definition for ‘estimate’
    IlluminaSimStudy: no visible global function definition for ‘estimate’
Flavors: r-devel-linux-x86_64-debian-clang, r-devel-linux-x86_64-debian-gcc, r-devel-linux-x86_64-fedora-clang, r-devel-linux-x86_64-fedora-gcc, r-devel-osx-x86_64-clang, r-devel-windows-ix86+x86_64, r-patched-linux-x86_64, r-patched-solaris-sparc, r-release-linux-ix86, r-release-linux-x86_64, r-release-windows-ix86+x86_64

Version: 0.9
Check: whether package can be installed
Result: ERROR
    Installation failed.
Flavor: r-release-osx-x86_64-mavericks