CRAN Package Check Results for Package RobLoxBioC

Last updated on 2014-04-19 18:47:48.

Flavor Version Tinstall Tcheck Ttotal Status Flags
r-devel-linux-x86_64-debian-clang 0.9 0.26 1.27 1.53 ERROR
r-devel-linux-x86_64-debian-gcc 0.9 13.39 160.85 174.24 OK
r-devel-linux-x86_64-fedora-clang 0.9 433.62 OK
r-devel-linux-x86_64-fedora-gcc 0.9 416.08 OK
r-devel-macosx-x86_64-clang 0.9 304.82 OK
r-devel-macosx-x86_64-gcc 0.9 ERROR
r-devel-windows-ix86+x86_64 0.9 31.00 210.00 241.00 OK
r-patched-linux-x86_64 0.9 13.58 160.00 173.58 OK
r-patched-solaris-sparc 0.9 2158.90 OK
r-patched-solaris-x86 0.9 497.60 OK
r-release-linux-ix86 OK
r-release-linux-x86_64 0.9 14.11 158.93 173.04 OK
r-release-macosx-x86_64 0.9 ERROR
r-release-windows-ix86+x86_64 0.9 43.00 231.00 274.00 OK
r-oldrel-windows-ix86+x86_64 0.9 27.00 187.00 214.00 OK

Check Details

Version: 0.9
Check: package dependencies
Result: ERROR
    Package required but not available: ‘beadarray’
    
    See the information on DESCRIPTION files in the chapter ‘Creating R
    packages’ of the ‘Writing R Extensions’ manual.
Flavor: r-devel-linux-x86_64-debian-clang

Version: 0.9
Check: package dependencies
Result: ERROR
    Packages required but not available:
     ‘RobLox’ ‘affy’ ‘BiocGenerics’ ‘Biobase’ ‘beadarray’
    
    See the information on DESCRIPTION files in the chapter ‘Creating R
    packages’ of the ‘Writing R Extensions’ manual.
Flavors: r-devel-macosx-x86_64-gcc, r-release-macosx-x86_64