CRAN Package Check Results for Package RobLoxBioC

Last updated on 2015-05-25 03:47:50.

Flavor Version Tinstall Tcheck Ttotal Status Flags
r-devel-linux-x86_64-debian-clang 0.9 12.30 118.14 130.44 NOTE
r-devel-linux-x86_64-debian-gcc 0.9 11.33 112.71 124.04 NOTE
r-devel-linux-x86_64-fedora-clang 0.9 267.09 NOTE
r-devel-linux-x86_64-fedora-gcc 0.9 255.70 NOTE
r-devel-osx-x86_64-clang 0.9 218.73 NOTE
r-devel-windows-ix86+x86_64 0.9 21.00 172.00 193.00 NOTE
r-patched-linux-x86_64 0.9 11.25 115.13 126.38 NOTE
r-patched-solaris-sparc 0.9 1589.10 NOTE
r-patched-solaris-x86 0.9 345.00 NOTE
r-release-linux-x86_64 0.9 11.10 116.46 127.56 NOTE
r-release-osx-x86_64-mavericks 0.9 ERROR
r-release-osx-x86_64-snowleopard 0.9 ERROR
r-release-windows-ix86+x86_64 0.9 30.00 183.00 213.00 NOTE
r-oldrel-windows-ix86+x86_64 0.9 53.00 373.00 426.00 NOTE

Check Details

Version: 0.9
Check: R code for possible problems
Result: NOTE
    AffySimStudy: no visible global function definition for ‘estimate’
    IlluminaSimStudy: no visible global function definition for ‘estimate’
Flavors: r-devel-linux-x86_64-debian-clang, r-devel-linux-x86_64-debian-gcc, r-devel-linux-x86_64-fedora-clang, r-devel-linux-x86_64-fedora-gcc, r-devel-osx-x86_64-clang, r-devel-windows-ix86+x86_64, r-patched-linux-x86_64, r-patched-solaris-sparc, r-patched-solaris-x86, r-release-linux-x86_64, r-release-windows-ix86+x86_64, r-oldrel-windows-ix86+x86_64

Version: 0.9
Check: whether package can be installed
Result: ERROR
    Installation failed.
Flavor: r-release-osx-x86_64-mavericks

Version: 0.9
Check: package dependencies
Result: ERROR
    Packages required but not available:
     ‘RobLox’ ‘affy’ ‘BiocGenerics’ ‘Biobase’ ‘beadarray’
    
    See section ‘The DESCRIPTION file’ in the ‘Writing R Extensions’
    manual.
Flavor: r-release-osx-x86_64-snowleopard