CRAN Package Check Results for Package RobLoxBioC

Last updated on 2014-07-24 15:52:25.

Flavor Version Tinstall Tcheck Ttotal Status Flags
r-devel-linux-x86_64-debian-clang 0.9 17.10 173.45 190.55 OK
r-devel-linux-x86_64-debian-gcc 0.9 16.22 165.27 181.50 OK
r-devel-linux-x86_64-fedora-clang 0.9 469.68 OK
r-devel-linux-x86_64-fedora-gcc 0.9 455.54 OK
r-devel-osx-x86_64-clang 0.9 334.52 OK
r-devel-windows-ix86+x86_64 0.9 32.00 240.00 272.00 OK
r-patched-linux-x86_64 0.9 13.46 151.68 165.13 OK
r-patched-solaris-sparc 0.9 2158.90 OK
r-patched-solaris-x86 0.9 495.20 OK
r-release-linux-ix86 0.9 17.78 179.76 197.53 OK
r-release-linux-x86_64 0.9 13.63 155.11 168.74 OK
r-release-osx-x86_64-mavericks 0.9 ERROR
r-release-osx-x86_64-snowleopard 0.9 OK
r-release-windows-ix86+x86_64 0.9 29.00 231.00 260.00 OK
r-oldrel-windows-ix86+x86_64 0.9 26.00 187.00 213.00 OK

Check Details

Version: 0.9
Check: whether package can be installed
Result: ERROR
    Installation failed.
    See ‘/Builds/CRAN-QA-Simon/packages/mavericks-x86_64/results/3.1/RobLoxBioC.Rcheck/00install.out’ for details.
Flavor: r-release-osx-x86_64-mavericks