CRAN Package Check Results for Package RobLoxBioC

Last updated on 2014-09-01 11:49:04.

Flavor Version Tinstall Tcheck Ttotal Status Flags
r-devel-linux-x86_64-debian-clang 0.9 16.06 162.79 178.84 NOTE
r-devel-linux-x86_64-debian-gcc 0.9 18.98 159.48 178.46 NOTE
r-devel-linux-x86_64-fedora-clang 0.9 485.15 NOTE
r-devel-linux-x86_64-fedora-gcc 0.9 438.22 NOTE
r-devel-osx-x86_64-clang 0.9 322.23 NOTE
r-devel-windows-ix86+x86_64 0.9 31.00 242.00 273.00 NOTE
r-patched-linux-x86_64 0.9 13.39 152.56 165.95 OK
r-patched-solaris-sparc 0.9 2162.70 OK
r-patched-solaris-x86 0.9 491.50 OK
r-release-linux-ix86 0.9 17.71 180.23 197.94 OK
r-release-linux-x86_64 0.9 13.67 156.81 170.48 OK
r-release-osx-x86_64-mavericks 0.9 ERROR
r-release-osx-x86_64-snowleopard 0.9 OK
r-release-windows-ix86+x86_64 0.9 29.00 219.00 248.00 OK
r-oldrel-windows-ix86+x86_64 0.9 26.00 189.00 215.00 OK

Check Details

Version: 0.9
Check: R code for possible problems
Result: NOTE
    AffySimStudy: no visible global function definition for ‘estimate’
    IlluminaSimStudy: no visible global function definition for ‘estimate’
Flavors: r-devel-linux-x86_64-debian-clang, r-devel-linux-x86_64-debian-gcc, r-devel-linux-x86_64-fedora-clang, r-devel-linux-x86_64-fedora-gcc, r-devel-osx-x86_64-clang, r-devel-windows-ix86+x86_64

Version: 0.9
Check: whether package can be installed
Result: ERROR
    Installation failed.
Flavor: r-release-osx-x86_64-mavericks