CRAN Package Check Results for Package RobPer

Last updated on 2016-07-26 16:49:11.

Flavor Version Tinstall Tcheck Ttotal Status Flags
r-devel-linux-x86_64-debian-clang 1.2.2 3.86 98.83 102.69 OK
r-devel-linux-x86_64-debian-gcc 1.2.2 4.63 93.33 97.95 OK
r-devel-linux-x86_64-fedora-clang 1.2.2 160.05 OK
r-devel-linux-x86_64-fedora-gcc 1.2.2 152.64 OK
r-devel-osx-x86_64-clang 1.2.2 123.56 OK
r-devel-windows-ix86+x86_64 1.2.2 14.00 144.00 158.00 OK
r-patched-linux-x86_64 1.2.2 3.82 89.29 93.11 OK
r-patched-solaris-sparc 1.2.2 898.00 OK
r-patched-solaris-x86 1.2.2 179.50 OK
r-release-linux-x86_64 1.2.2 3.82 88.16 91.97 OK
r-release-osx-x86_64-mavericks 1.2.2 NOTE
r-release-windows-ix86+x86_64 1.2.2 13.00 144.00 157.00 OK
r-oldrel-windows-ix86+x86_64 1.2.2 14.00 185.00 199.00 OK

Check Details

Version: 1.2.2
Check: re-building of vignette outputs
Result: NOTE
    Error in re-building vignettes:
     ...
     input string 547 is invalid in this locale
    Warning in grepl("(Rerun to get|biblatex.*\\(re\\)run)", readLines(log, :
     input string 548 is invalid in this locale
    Warning in grepl("(Rerun to get|biblatex.*\\(re\\)run)", readLines(log, :
     input string 556 is invalid in this locale
    Error in texi2dvi(file = file, pdf = TRUE, clean = clean, quiet = quiet, :
     Running 'texi2dvi' on 'RobPer_vignette.tex' failed.
    LaTeX errors:
    ! Undefined control sequence.
    l.15 x<9c><ed>\<cd>
     k^^[G^^[^^?,<bf><ae><ba>`K^^Y^^B<89>P<ea>j<bb>PhIP<9d><ee>%<84>^^V<e5><a0>R<e8>!<b7><fc>^^C<a5><e4>_p<8f>9<94>B.=<b6>Đ<d2>^^F...
    The control sequence at the end of the top line
    of your error message was never \def'ed. If you have
    ! Undefined control sequence.
    l.19 ...^z^^ZrՒ^^@N8<c1><ff>r<b2>m{'<88><8e><c0>9Ȕ֥<de>?<c1><8d>~<f3><cd>7s<b9>\^^T
     EP<98><87>=萃<b3><bf><dd>CD<83>B<ab>՚<9e><9e><c6>'^^QE...
    The control sequence at the end of the top line
    of your error message was never \def'ed. If you have
    ! Undefined control sequence.
    l.20 <e3><d6>n<b7><d1>^^E^^?<a5>-^^C^^U^^D<c1><cc>̌<ef><fb><b9>\^^N
     <f5><ad>V<0b><cd>,˂<89>c<9e>(<97><cb>e!^^D<8f>hY<96>뺨L<9c>p^^_g<cf><f7>}^^...
    The control sequence at the end of the top line
    of your error message was never \def'ed. I
    Calls: buildVignettes -> texi2pdf -> texi2dvi
    Execution halted
Flavor: r-release-osx-x86_64-mavericks