CRAN Package Check Results for Package RobPer

Last updated on 2015-05-30 06:47:00.

Flavor Version Tinstall Tcheck Ttotal Status Flags
r-devel-linux-x86_64-debian-clang 1.2.1 1.18 55.41 56.58 OK
r-devel-linux-x86_64-debian-gcc 1.2.1 1.13 53.65 54.78 OK
r-devel-linux-x86_64-fedora-clang 1.2.1 114.43 OK
r-devel-linux-x86_64-fedora-gcc 1.2.1 107.46 OK
r-devel-osx-x86_64-clang 1.2.1 107.18 OK
r-devel-windows-ix86+x86_64 1.2.1 4.00 96.00 100.00 OK
r-patched-linux-x86_64 1.2.1 1.19 54.13 55.32 OK
r-patched-solaris-sparc 1.2.1 681.40 OK
r-patched-solaris-x86 1.2.1 132.90 OK
r-release-linux-x86_64 1.2.1 1.25 59.02 60.27 OK
r-release-osx-x86_64-mavericks 1.2.1 OK
r-release-osx-x86_64-snowleopard 1.2.1 ERROR
r-release-windows-ix86+x86_64 1.2.1 6.00 94.00 100.00 OK
r-oldrel-windows-ix86+x86_64 1.2.1 8.00 100.00 108.00 OK

Check Details

Version: 1.2.1
Check: package dependencies
Result: ERROR
    Package required but not available: ‘quantreg’
    
    See section ‘The DESCRIPTION file’ in the ‘Writing R Extensions’
    manual.
Flavor: r-release-osx-x86_64-snowleopard