CRAN Package Check Results for Package RobPer

Last updated on 2014-07-26 03:50:13.

Flavor Version Tinstall Tcheck Ttotal Status Flags
r-devel-linux-x86_64-debian-clang 1.1 1.30 57.80 59.11 OK
r-devel-linux-x86_64-debian-gcc 1.1 1.79 55.45 57.24 OK
r-devel-linux-x86_64-fedora-clang 1.1 126.70 OK
r-devel-linux-x86_64-fedora-gcc 1.1 118.92 OK
r-devel-osx-x86_64-clang 1.1 105.66 OK
r-devel-windows-ix86+x86_64 1.1 5.00 87.00 92.00 OK
r-patched-linux-x86_64 1.1 1.59 56.99 58.58 OK
r-patched-solaris-sparc 1.1 656.70 OK
r-patched-solaris-x86 1.1 142.60 OK
r-release-linux-ix86 1.1 1.88 73.97 75.86 OK
r-release-linux-x86_64 1.1 1.39 56.27 57.66 OK
r-release-osx-x86_64-mavericks 1.1 NOTE
r-release-osx-x86_64-snowleopard 1.1 OK
r-release-windows-ix86+x86_64 1.1 6.00 90.00 96.00 OK
r-oldrel-windows-ix86+x86_64 1.1 5.00 86.00 91.00 OK

Check Details

Version: 1.1
Check: re-building of vignette outputs
Result: NOTE
    Error in re-building vignettes:
     ...
    
    Loading required package: splines
    Loading required package: BB
    Loading required package: rgenoud
    Loading required package: parallel
    ## rgenoud (Version 5.7-12, Build Date: 2013-06-28)
    ## See http://sekhon.berkeley.edu/rgenoud for additional documentation.
    ## Please cite software as:
    ## Walter Mebane, Jr. and Jasjeet S. Sekhon. 2011.
    ## ``Genetic Optimization Using Derivatives: The rgenoud package for R.''
    ## Journal of Statistical Software, 42(11): 1-26.
    ##
    
    Error in texi2dvi(file = file, pdf = TRUE, clean = clean, quiet = quiet, :
     Running 'texi2dvi' on 'RobPer_Vignette.tex' failed.
    LaTeX errors:
    ! LaTeX Error: File `subfigure.sty' not found.
    
    Type X to quit or <RETURN> to proceed,
    or enter new name. (Default extension: sty)
    
    test/RobPer/vignettes/RobPer_Vignette.tex:7: ==> Fatal error occurred, no outp
    ut PDF file produced!
    Calls: buildVignettes -> texi2pdf -> texi2dvi
    Execution halted
Flavor: r-release-osx-x86_64-mavericks