CRAN Package Check Results for Package RobPer

Last updated on 2015-09-05 07:47:03.

Flavor Version Tinstall Tcheck Ttotal Status Flags
r-devel-linux-x86_64-debian-clang 1.2.1 3.76 75.24 79.00 NOTE
r-devel-linux-x86_64-debian-gcc 1.2.1 3.43 74.57 78.00 NOTE
r-devel-linux-x86_64-fedora-clang 1.2.1 160.93 NOTE
r-devel-linux-x86_64-fedora-gcc 1.2.1 155.61 NOTE
r-devel-osx-x86_64-clang 1.2.1 132.86 OK
r-devel-windows-ix86+x86_64 1.2.1 12.00 133.00 145.00 NOTE
r-patched-linux-x86_64 1.2.1 3.30 78.84 82.14 OK
r-patched-solaris-sparc 1.2.1 684.30 OK
r-patched-solaris-x86 1.2.1 209.40 OK
r-release-linux-x86_64 1.2.1 3.33 79.66 82.99 OK
r-release-osx-x86_64-mavericks 1.2.1 OK
r-release-windows-ix86+x86_64 1.2.1 14.00 137.00 151.00 OK
r-oldrel-windows-ix86+x86_64 1.2.1 14.00 164.00 178.00 OK

Check Details

Version: 1.2.1
Check: R code for possible problems
Result: NOTE
    FastS : scale1: no visible global function definition for ‘median’
    FastS: no visible global function definition for ‘median’
    FastTau : Mscale: no visible global function definition for ‘median’
    FastTau: no visible global function definition for ‘median’
    IRWLS: no visible global function definition for ‘lm’
    IWLSiteration: no visible global function definition for ‘median’
    RobPer: no visible global function definition for ‘complete.cases’
    RobPer: no visible global function definition for ‘var’
    RobPer: no visible global function definition for ‘lm’
    TK95: no visible global function definition for ‘rnorm’
    TK95: no visible global function definition for ‘fft’
    TK95_uneq: no visible global function definition for ‘runif’
    betaCvMfit: no visible global function definition for ‘median’
    betaCvMfit: no visible global function definition for ‘mad’
    betaCvMfit: no visible global function definition for ‘var’
    betaCvMfit : CvMbeta: no visible global function definition for ‘pbeta’
    betaCvMfit: no visible global function definition for ‘optim’
    disturber: no visible global function definition for ‘quantile’
    disturber: no visible global function definition for ‘dnorm’
    lc_noise: no visible global function definition for ‘var’
    lc_noise: no visible global function definition for ‘rgamma’
    lc_noise: no visible global function definition for ‘rnorm’
    lc_noise: no visible global function definition for ‘sd’
    re.s: no visible global function definition for ‘median’
    sampler: no visible global function definition for ‘runif’
    singlePerM: no visible global function definition for ‘median’
    singlePernotM: no visible global function definition for ‘lm’
    Undefined global functions or variables:
     complete.cases dnorm fft lm mad median optim pbeta quantile rgamma
     rnorm runif sd var
    Consider adding
     importFrom("stats", "complete.cases", "dnorm", "fft", "lm", "mad",
     "median", "optim", "pbeta", "quantile", "rgamma", "rnorm",
     "runif", "sd", "var")
    to your NAMESPACE.
Flavors: r-devel-linux-x86_64-debian-clang, r-devel-linux-x86_64-debian-gcc, r-devel-linux-x86_64-fedora-clang, r-devel-linux-x86_64-fedora-gcc, r-devel-windows-ix86+x86_64