CRAN Package Check Results for Package RobPer

Last updated on 2017-09-21 18:47:32.

Flavor Version Tinstall Tcheck Ttotal Status Flags
r-devel-linux-x86_64-debian-clang 1.2.2 3.03 84.34 87.37 OK
r-devel-linux-x86_64-debian-gcc 1.2.2 3.34 83.33 86.67 OK
r-devel-linux-x86_64-fedora-clang 1.2.2 178.35 OK
r-devel-linux-x86_64-fedora-gcc 1.2.2 182.22 OK
r-devel-windows-ix86+x86_64 1.2.2 9.00 137.00 146.00 OK
r-patched-linux-x86_64 1.2.2 3.38 83.98 87.36 OK
r-patched-solaris-x86 1.2.2 216.20 OK
r-release-linux-x86_64 1.2.2 3.01 83.24 86.25 OK
r-release-windows-ix86+x86_64 1.2.2 8.00 141.00 149.00 OK
r-release-osx-x86_64 1.2.2 NOTE
r-oldrel-windows-ix86+x86_64 1.2.2 8.00 139.00 147.00 OK
r-oldrel-osx-x86_64 1.2.2 NOTE

Check Details

Version: 1.2.2
Check: re-building of vignette outputs
Result: NOTE
    Error in re-building vignettes:
     ...
    Loading required package: rgenoud
    ## rgenoud (Version 5.7-12.4, Build Date: 2015-07-19)
    ## See http://sekhon.berkeley.edu/rgenoud for additional documentation.
    ## Please cite software as:
    ## Walter Mebane, Jr. and Jasjeet S. Sekhon. 2011.
    ## ``Genetic Optimization Using Derivatives: The rgenoud package for R.''
    ## Journal of Statistical Software, 42(11): 1-26.
    ##
    
    Error in texi2dvi(file = file, pdf = TRUE, clean = clean, quiet = quiet, :
     Running 'texi2dvi' on 'RobPer_vignette.tex' failed.
    LaTeX errors:
    ! LaTeX Error: File `dsfont.sty' not found.
    
    Type X to quit or <RETURN> to proceed,
    or enter new name. (Default extension: sty)
    
    ! Emergency stop.
    <read *>
    
    l.4 \usepackage
     {thumbpdf,lmodern}^^M
    ! ==> Fatal error occurred, no output PDF file produced!
    Calls: buildVignettes -> texi2pdf -> texi2dvi
    Execution halted
Flavor: r-release-osx-x86_64

Version: 1.2.2
Check: re-building of vignette outputs
Result: NOTE
    Error in re-building vignettes:
     ...
     input string 547 is invalid in this locale
    Warning in grepl("(Rerun to get|biblatex.*\\(re\\)run)", readLines(log, :
     input string 548 is invalid in this locale
    Warning in grepl("(Rerun to get|biblatex.*\\(re\\)run)", readLines(log, :
     input string 556 is invalid in this locale
    Error in texi2dvi(file = file, pdf = TRUE, clean = clean, quiet = quiet, :
     Running 'texi2dvi' on 'RobPer_vignette.tex' failed.
    LaTeX errors:
    ! Undefined control sequence.
    l.15 x<9c><ed>\<cd>
     k^^[G^^[^^?,<bf><ae><ba>`K^^Y^^B<89>P<ea>j<bb>PhIP<9d><ee>%<84>^^V<e5><a0>R<e8>!<b7><fc>^^C<a5><e4>_p<8f>9<94>B.=<b6>Đ<d2>^^F...
    The control sequence at the end of the top line
    of your error message was never \def'ed. If you have
    ! Undefined control sequence.
    l.19 ...^z^^ZrՒ^^@N8<c1><ff>r<b2>m{'<88><8e><c0>9Ȕ֥<de>?<c1><8d>~<f3><cd>7s<b9>\^^T
     EP<98><87>=萃<b3><bf><dd>CD<83>B<ab>՚<9e><9e><c6>'^^QE...
    The control sequence at the end of the top line
    of your error message was never \def'ed. If you have
    ! Undefined control sequence.
    l.20 <e3><d6>n<b7><d1>^^E^^?<a5>-^^C^^U^^D<c1><cc>̌<ef><fb><b9>\^^N
     <f5><ad>V<0b><cd>,˂<89>c<9e>(<97><cb>e!^^D<8f>hY<96>뺨L<9c>p^^_g<cf><f7>}^^...
    The control sequence at the end of the top line
    of your error message was never \def'ed. I
    Calls: buildVignettes -> texi2pdf -> texi2dvi
    Execution halted
Flavor: r-oldrel-osx-x86_64