CRAN Package Check Results for Package RobPer

Last updated on 2014-04-24 09:49:09.

Flavor Version Tinstall Tcheck Ttotal Status Flags
r-devel-linux-x86_64-debian-clang 1.0 1.34 28.04 29.38 OK
r-devel-linux-x86_64-debian-gcc 1.0 1.47 28.61 30.08 OK
r-devel-linux-x86_64-fedora-clang 1.0 59.77 OK
r-devel-linux-x86_64-fedora-gcc 1.0 56.06 OK
r-devel-osx-x86_64-clang 1.0 50.62 OK
r-devel-osx-x86_64-gcc 1.0 ERROR
r-devel-windows-ix86+x86_64 1.0 4.00 43.00 47.00 OK
r-patched-linux-x86_64 1.0 1.33 29.09 30.42 OK
r-patched-solaris-sparc 1.0 329.50 OK
r-patched-solaris-x86 1.0 76.00 OK
r-release-linux-ix86 1.0 2.00 51.00 53.00 OK
r-release-linux-x86_64 1.0 1.40 29.68 31.09 OK
r-release-osx-x86_64-mavericks 1.0 WARN
r-release-osx-x86_64-snowleopard 1.0 OK
r-release-windows-ix86+x86_64 1.0 5.00 46.00 51.00 OK
r-oldrel-windows-ix86+x86_64 1.0 6.00 46.00 52.00 OK

Check Details

Version: 1.0
Check: package dependencies
Result: ERROR
    Packages required but not available: ‘robustbase’ ‘quantreg’
    
    See the information on DESCRIPTION files in the chapter ‘Creating R
    packages’ of the ‘Writing R Extensions’ manual.
Flavor: r-devel-osx-x86_64-gcc

Version: 1.0
Check: PDF version of manual
Result: WARNING
    LaTeX errors when creating PDF version.
    This typically indicates Rd problems.
    LaTeX errors found:
    ! LaTeX Error: File `upquote.sty' not found.
    
    Type X to quit or <RETURN> to proceed,
    or enter new name. (Default extension: sty)
    
    a6b3bf7/Rd2.tex:8: ==> Fatal error occurred, no output PDF file produced!
Flavor: r-release-osx-x86_64-mavericks