CRAN Package Check Results for Package RobPer

Last updated on 2014-12-21 11:46:43.

Flavor Version Tinstall Tcheck Ttotal Status Flags
r-devel-linux-x86_64-debian-clang 1.2 1.43 61.15 62.58 OK
r-devel-linux-x86_64-debian-gcc 1.2 1.28 58.66 59.95 OK
r-devel-linux-x86_64-fedora-clang 1.2 130.04 OK
r-devel-linux-x86_64-fedora-gcc 1.2 113.43 OK
r-devel-osx-x86_64-clang 1.2 115.46 OK
r-devel-windows-ix86+x86_64 1.2 7.00 92.00 99.00 OK
r-patched-linux-x86_64 1.2 1.49 63.82 65.31 OK
r-patched-solaris-sparc 1.2 663.90 OK
r-patched-solaris-x86 1.2 150.50 OK
r-release-linux-ix86 1.2 1.80 77.06 78.87 OK
r-release-linux-x86_64 1.2 1.38 63.58 64.96 OK
r-release-osx-x86_64-mavericks 1.2 NOTE
r-release-osx-x86_64-snowleopard 1.2 OK
r-release-windows-ix86+x86_64 1.2 6.00 99.00 105.00 OK
r-oldrel-windows-ix86+x86_64 1.2 7.00 108.00 115.00 OK

Check Details

Version: 1.2
Check: re-building of vignette outputs
Result: NOTE
    Error in re-building vignettes:
     ...
    
    Loading required package: splines
    Loading required package: BB
    Loading required package: rgenoud
    Loading required package: parallel
    ## rgenoud (Version 5.7-12, Build Date: 2013-06-28)
    ## See http://sekhon.berkeley.edu/rgenoud for additional documentation.
    ## Please cite software as:
    ## Walter Mebane, Jr. and Jasjeet S. Sekhon. 2011.
    ## ``Genetic Optimization Using Derivatives: The rgenoud package for R.''
    ## Journal of Statistical Software, 42(11): 1-26.
    ##
    
    Error in texi2dvi(file = file, pdf = TRUE, clean = clean, quiet = quiet, :
     Running 'texi2dvi' on 'RobPer_Vignette.tex' failed.
    LaTeX errors:
    ! LaTeX Error: File `dsfont.sty' not found.
    
    Type X to quit or <RETURN> to proceed,
    or enter new name. (Default extension: sty)
    
    test/RobPer/vignettes/RobPer_Vignette.tex:8: ==> Fatal error occurred, no outp
    ut PDF file produced!
    Calls: buildVignettes -> texi2pdf -> texi2dvi
    Execution halted
Flavor: r-release-osx-x86_64-mavericks