CRAN Package Check Results for Package RobPer

Last updated on 2016-06-30 12:52:52.

Flavor Version Tinstall Tcheck Ttotal Status Flags
r-devel-linux-x86_64-debian-gcc 1.2.2 3.84 90.64 94.47 OK
r-devel-linux-x86_64-fedora-clang 1.2.2 157.99 OK
r-devel-linux-x86_64-fedora-gcc 1.2.2 145.89 OK
r-devel-osx-x86_64-clang 1.2.2 120.83 OK
r-devel-windows-ix86+x86_64 1.2.2 10.00 143.00 153.00 OK
r-patched-linux-x86_64 1.2.2 3.83 88.78 92.60 OK
r-patched-solaris-sparc 1.2.2 898.00 OK
r-patched-solaris-x86 1.2.2 185.90 OK
r-release-linux-x86_64 1.2.2 3.33 83.22 86.55 OK
r-release-osx-x86_64-mavericks 1.2.2 NOTE
r-release-windows-ix86+x86_64 1.2.2 12.00 167.00 179.00 OK
r-oldrel-windows-ix86+x86_64 1.2.2 13.00 209.00 222.00 OK

Check Details

Version: 1.2.2
Check: re-building of vignette outputs
Result: NOTE
    Error in re-building vignettes:
     ...
     input string 547 is invalid in this locale
    Warning in grepl("(Rerun to get|biblatex.*\\(re\\)run)", readLines(log, :
     input string 548 is invalid in this locale
    Warning in grepl("(Rerun to get|biblatex.*\\(re\\)run)", readLines(log, :
     input string 556 is invalid in this locale
    Error in texi2dvi(file = file, pdf = TRUE, clean = clean, quiet = quiet, :
     Running 'texi2dvi' on 'RobPer_vignette.tex' failed.
    LaTeX errors:
    ! Undefined control sequence.
    l.15 x<9c><ed>\<cd>
     k^^[G^^[^^?,<bf><ae><ba>`K^^Y^^B<89>P<ea>j<bb>PhIP<9d><ee>%<84>^^V<e5><a0>R<e8>!<b7><fc>^^C<a5><e4>_p<8f>9<94>B.=<b6>Đ<d2>^^F...
    The control sequence at the end of the top line
    of your error message was never \def'ed. If you have
    ! Undefined control sequence.
    l.19 ...^z^^ZrՒ^^@N8<c1><ff>r<b2>m{'<88><8e><c0>9Ȕ֥<de>?<c1><8d>~<f3><cd>7s<b9>\^^T
     EP<98><87>=萃<b3><bf><dd>CD<83>B<ab>՚<9e><9e><c6>'^^QE...
    The control sequence at the end of the top line
    of your error message was never \def'ed. If you have
    ! Undefined control sequence.
    l.20 <e3><d6>n<b7><d1>^^E^^?<a5>-^^C^^U^^D<c1><cc>̌<ef><fb><b9>\^^N
     <f5><ad>V<0b><cd>,˂<89>c<9e>(<97><cb>e!^^D<8f>hY<96>뺨L<9c>p^^_g<cf><f7>}^^...
    The control sequence at the end of the top line
    of your error message was never \def'ed. I
    Calls: buildVignettes -> texi2pdf -> texi2dvi
    Execution halted
Flavor: r-release-osx-x86_64-mavericks