CRAN Package Check Results for Package RobRex

Last updated on 2014-04-19 15:49:50.

Flavor Version Tinstall Tcheck Ttotal Status Flags
r-devel-linux-x86_64-debian-clang 0.9 8.00 67.84 75.84 NOTE
r-devel-linux-x86_64-debian-gcc 0.9 7.79 66.46 74.25 NOTE
r-devel-linux-x86_64-fedora-clang 0.9 168.07 NOTE
r-devel-linux-x86_64-fedora-gcc 0.9 163.20 NOTE
r-devel-macosx-x86_64-clang 0.9 124.65 NOTE
r-devel-macosx-x86_64-gcc 0.9 NOTE
r-devel-windows-ix86+x86_64 0.9 14.00 95.00 109.00 NOTE
r-patched-linux-x86_64 0.9 7.85 70.56 78.41 NOTE
r-patched-solaris-sparc 0.9 930.80 NOTE
r-patched-solaris-x86 0.9 205.00 NOTE
r-release-linux-ix86 NOTE
r-release-linux-x86_64 0.9 7.71 65.48 73.18 NOTE
r-release-macosx-x86_64 0.9 WARN
r-release-windows-ix86+x86_64 0.9 23.00 97.00 120.00 NOTE
r-oldrel-windows-ix86+x86_64 0.9 17.00 93.00 110.00 NOTE

Check Details

Version: 0.9
Check: dependencies in R code
Result: NOTE
    Package in Depends field not imported from: ‘ROptRegTS’
     These packages need to be imported from (in the NAMESPACE file)
     for when this namespace is loaded but not attached.
    See the information on DESCRIPTION files in the chapter ‘Creating R
    packages’ of the ‘Writing R Extensions’ manual.
Flavors: r-devel-linux-x86_64-debian-clang, r-devel-linux-x86_64-debian-gcc, r-devel-linux-x86_64-fedora-clang, r-devel-linux-x86_64-fedora-gcc, r-devel-macosx-x86_64-clang, r-devel-macosx-x86_64-gcc, r-devel-windows-ix86+x86_64, r-patched-linux-x86_64, r-patched-solaris-sparc, r-patched-solaris-x86, r-release-linux-ix86, r-release-linux-x86_64, r-release-windows-ix86+x86_64, r-oldrel-windows-ix86+x86_64

Version: 0.9
Check: examples
Result: WARNING
    checking a package with encoding 'latin1' in an ASCII locale
    
     OK
Flavor: r-release-macosx-x86_64