CRAN Package Check Results for Package RobRex

Last updated on 2014-07-24 03:48:55.

Flavor Version Tinstall Tcheck Ttotal Status Flags
r-devel-linux-x86_64-debian-clang 0.9 7.87 65.15 73.02 NOTE
r-devel-linux-x86_64-debian-gcc 0.9 7.68 63.36 71.04 NOTE
r-devel-linux-x86_64-fedora-clang 0.9 170.92 NOTE
r-devel-linux-x86_64-fedora-gcc 0.9 166.68 NOTE
r-devel-osx-x86_64-clang 0.9 128.84 NOTE
r-devel-windows-ix86+x86_64 0.9 14.00 89.00 103.00 NOTE
r-patched-linux-x86_64 0.9 7.52 63.60 71.12 NOTE
r-patched-solaris-sparc 0.9 930.80 NOTE
r-patched-solaris-x86 0.9 202.90 NOTE
r-release-linux-ix86 0.9 9.04 77.48 86.52 NOTE
r-release-linux-x86_64 0.9 7.79 64.61 72.40 NOTE
r-release-osx-x86_64-mavericks 0.9 NOTE
r-release-osx-x86_64-snowleopard 0.9 WARN
r-release-windows-ix86+x86_64 0.9 18.00 90.00 108.00 NOTE
r-oldrel-windows-ix86+x86_64 0.9 19.00 87.00 106.00 NOTE

Check Details

Version: 0.9
Check: dependencies in R code
Result: NOTE
    Package in Depends field not imported from: ‘ROptRegTS’
     These packages need to be imported from (in the NAMESPACE file)
     for when this namespace is loaded but not attached.
    See the information on DESCRIPTION files in the chapter ‘Creating R
    packages’ of the ‘Writing R Extensions’ manual.
Flavors: r-devel-linux-x86_64-debian-clang, r-devel-linux-x86_64-debian-gcc, r-devel-linux-x86_64-fedora-clang, r-devel-linux-x86_64-fedora-gcc, r-devel-osx-x86_64-clang, r-devel-windows-ix86+x86_64, r-patched-linux-x86_64, r-patched-solaris-sparc, r-patched-solaris-x86, r-release-linux-ix86, r-release-linux-x86_64, r-release-osx-x86_64-mavericks, r-release-windows-ix86+x86_64, r-oldrel-windows-ix86+x86_64

Version: 0.9
Check: examples
Result: WARNING
    checking a package with encoding 'latin1' in an ASCII locale
    
     OK
Flavor: r-release-osx-x86_64-snowleopard