CRAN Package Check Results for Package RobRex

Last updated on 2015-08-29 20:48:15.

Flavor Version Tinstall Tcheck Ttotal Status Flags
r-devel-linux-x86_64-debian-clang 0.9 5.44 44.39 49.82 NOTE
r-devel-linux-x86_64-debian-gcc 0.9 5.26 42.80 48.06 NOTE
r-devel-linux-x86_64-fedora-clang 0.9 99.71 NOTE
r-devel-linux-x86_64-fedora-gcc 0.9 93.95 NOTE
r-devel-osx-x86_64-clang 0.9 82.33 NOTE
r-devel-windows-ix86+x86_64 0.9 19.00 70.00 89.00 NOTE
r-patched-linux-x86_64 0.9 5.57 46.36 51.93 NOTE
r-patched-solaris-sparc 0.9 667.10 NOTE
r-patched-solaris-x86 0.9 139.00 NOTE
r-release-linux-x86_64 0.9 5.78 45.65 51.43 NOTE
r-release-osx-x86_64-mavericks 0.9 NOTE
r-release-windows-ix86+x86_64 0.9 18.00 76.00 94.00 NOTE
r-oldrel-windows-ix86+x86_64 0.9 27.00 107.00 134.00 NOTE

Check Details

Version: 0.9
Check: dependencies in R code
Result: NOTE
    Package in Depends field not imported from: ‘ROptRegTS’
     These packages need to be imported from (in the NAMESPACE file)
     for when this namespace is loaded but not attached.
Flavors: r-devel-linux-x86_64-debian-clang, r-devel-linux-x86_64-debian-gcc, r-devel-linux-x86_64-fedora-clang, r-devel-linux-x86_64-fedora-gcc, r-devel-osx-x86_64-clang, r-devel-windows-ix86+x86_64, r-patched-linux-x86_64, r-patched-solaris-sparc, r-patched-solaris-x86, r-release-linux-x86_64, r-release-osx-x86_64-mavericks, r-release-windows-ix86+x86_64, r-oldrel-windows-ix86+x86_64

Version: 0.9
Check: R code for possible problems
Result: NOTE
    .ALcrgsGetArg : integrandArg: no visible global function definition for
     ‘dnorm’
    .ALcrgsGetArg: no visible global function definition for ‘integrate’
    .ALcrgsGetAsc : integrandAsc: no visible global function definition for
     ‘dnorm’
    .ALcrgsGetAsc: no visible global function definition for ‘integrate’
    .ALcrgsGetcheck : integrand: no visible global function definition for
     ‘dnorm’
    .ALcrgsGetcheck: no visible global function definition for ‘integrate’
    .ALcrgsGetr1 : integrand: no visible global function definition for
     ‘dnorm’
    .ALcrgsGetr1: no visible global function definition for ‘integrate’
    .ALcrgsGetzh1 : integrandzh1: no visible global function definition for
     ‘dnorm’
    .ALcrgsGetzh1: no visible global function definition for ‘integrate’
    .ALcrgsGetzh2 : integrandzh2: no visible global function definition for
     ‘dnorm’
    .ALcrgsGetzh2: no visible global function definition for ‘integrate’
    .ALrgsGetArg : integrandArg: no visible global function definition for
     ‘dnorm’
    .ALrgsGetArg: no visible global function definition for ‘integrate’
    .ALrgsGetAsc : integrandAsc: no visible global function definition for
     ‘dnorm’
    .ALrgsGetAsc: no visible global function definition for ‘integrate’
    .ALrgsGetAz: no visible global function definition for ‘E’
    .ALrgsGetcheck : integrandcheck: no visible global function definition
     for ‘dnorm’
    .ALrgsGetcheck: no visible global function definition for ‘integrate’
    .ALrgsGetr: no visible global function definition for ‘E’
    .ALrgsGetr1 : integrandr: no visible global function definition for
     ‘dnorm’
    .ALrgsGetr1: no visible global function definition for ‘integrate’
    .ALrgsGetzsc1 : integrandz1: no visible global function definition for
     ‘dnorm’
    .ALrgsGetzsc1: no visible global function definition for ‘integrate’
    .ALrgsGetzsc2 : integrandz2: no visible global function definition for
     ‘dnorm’
    .ALrgsGetzsc2: no visible global function definition for ‘integrate’
    .ALsGetasc: no visible global function definition for ‘dnorm’
    .ALsGetasc: no visible global function definition for ‘pnorm’
    .ALsGetcheck: no visible global function definition for ‘pnorm’
    .ALsGetcheck: no visible global function definition for ‘dnorm’
    .ALsGetcsc: no visible global function definition for ‘uniroot’
    .ALsGetcsc: no visible global function definition for ‘pnorm’
    .ALsGetcsc: no visible global function definition for ‘dnorm’
    .ALsrgsGetArg: no visible global function definition for ‘E’
    .ALsrgsGetArg1 : integrandArg: no visible global function definition
     for ‘dnorm’
    .ALsrgsGetArg1: no visible global function definition for ‘integrate’
    .ALsrgsGetrrg: no visible global function definition for ‘E’
    .ALsrgsGetrrg1 : integrandr: no visible global function definition for
     ‘dnorm’
    .ALsrgsGetrrg1: no visible global function definition for ‘integrate’
    .BMrgsGetalpha: no visible global function definition for ‘pnorm’
    .BMrgsGetalpha: no visible global function definition for ‘dnorm’
    .BMrgsGetgg: no visible global function definition for ‘dnorm’
    .BMrgsGetgg: no visible global function definition for ‘pnorm’
    .BMrgsGetminbrgx: no visible global function definition for ‘dnorm’
    .BMrgsGetminbrgx: no visible global function definition for ‘pnorm’
    .BMrgsGetmse: no visible global function definition for ‘uniroot’
    .BMrgsGetmse: no visible global function definition for ‘dnorm’
    .BMrgsGetmse: no visible global function definition for ‘pnorm’
    .BMrgsGetvar: no visible global function definition for ‘dnorm’
    .BMrgsGetvar: no visible global function definition for ‘pnorm’
    .MKrgsGetmse: no visible global function definition for ‘E’
    .McrgsGetba1a3: no visible global function definition for ‘uniroot’
    .McrgsGetch1 : integrand: no visible global function definition for
     ‘dnorm’
    .McrgsGetch1: no visible global function definition for ‘integrate’
    .McrgsGetch2 : integrand: no visible global function definition for
     ‘dnorm’
    .McrgsGetch2: no visible global function definition for ‘integrate’
    .McrgsGeth1 : integrandh1: no visible global function definition for
     ‘dnorm’
    .McrgsGeth1: no visible global function definition for ‘integrate’
    .McrgsGeth2 : integrandh2: no visible global function definition for
     ‘dnorm’
    .McrgsGeth2: no visible global function definition for ‘integrate’
    .McrgsGeth3 : integrandh3: no visible global function definition for
     ‘dnorm’
    .McrgsGeth3: no visible global function definition for ‘integrate’
    .McrgsGetr1 : integrandr1: no visible global function definition for
     ‘dnorm’
    .McrgsGetr1: no visible global function definition for ‘integrate’
    .McrgsGetvar : integrand: no visible global function definition for
     ‘dnorm’
    .McrgsGetvar: no visible global function definition for ‘integrate’
    .MrgsGetC1 : integrandC1: no visible global function definition for
     ‘dnorm’
    .MrgsGetC1: no visible global function definition for ‘integrate’
    .MrgsGetC2 : integrandC2: no visible global function definition for
     ‘dnorm’
    .MrgsGetC2: no visible global function definition for ‘integrate’
    .MrgsGetC3 : integrandC3: no visible global function definition for
     ‘dnorm’
    .MrgsGetC3: no visible global function definition for ‘integrate’
    .MrgsGeta1a3B: no visible global function definition for ‘E’
    .MrgsGeta1a3B: no visible global function definition for ‘dimension’
    .MrgsGeta1a3B: no visible global function definition for ‘img’
    .MrgsGetba1a3B: no visible global function definition for ‘E’
    .MrgsGetba1a3B: no visible global function definition for ‘uniroot’
    .MrgsGetch1 : integrandch1: no visible global function definition for
     ‘dnorm’
    .MrgsGetch1: no visible global function definition for ‘integrate’
    .MrgsGetch2 : integrandch1: no visible global function definition for
     ‘dnorm’
    .MrgsGetch2: no visible global function definition for ‘integrate’
    .MrgsGetch3 : integrand: no visible global function definition for
     ‘dnorm’
    .MrgsGetch3: no visible global function definition for ‘integrate’
    .MrgsGeth1 : integrandh1: no visible global function definition for
     ‘dnorm’
    .MrgsGeth1: no visible global function definition for ‘integrate’
    .MrgsGeth11 : integrandh1: no visible global function definition for
     ‘dnorm’
    .MrgsGeth11: no visible global function definition for ‘integrate’
    .MrgsGeth2 : integrandh2: no visible global function definition for
     ‘dnorm’
    .MrgsGeth2: no visible global function definition for ‘integrate’
    .MrgsGeth21 : integrandh2: no visible global function definition for
     ‘dnorm’
    .MrgsGeth21: no visible global function definition for ‘integrate’
    .MrgsGeth3 : integrandh3: no visible global function definition for
     ‘dnorm’
    .MrgsGeth3: no visible global function definition for ‘integrate’
    .MrgsGeth4 : integrandh3: no visible global function definition for
     ‘dnorm’
    .MrgsGeth4: no visible global function definition for ‘integrate’
    .MrgsGeth41 : integrandh3: no visible global function definition for
     ‘dnorm’
    .MrgsGeth41: no visible global function definition for ‘integrate’
    .MrgsGeth5 : integrandh1: no visible global function definition for
     ‘dnorm’
    .MrgsGeth5: no visible global function definition for ‘integrate’
    .MrgsGetr: no visible global function definition for ‘E’
    .MrgsGetr1 : integrandr1: no visible global function definition for
     ‘dnorm’
    .MrgsGetr1: no visible global function definition for ‘integrate’
    .Mrgsgetmse: no visible global function definition for ‘dimension’
    .Mrgsgetmse: no visible global function definition for ‘img’
    .Mrgsgetmse: no visible global function definition for ‘E’
    .Mrgsgetvar : integrand: no visible global function definition for
     ‘dnorm’
    .Mrgsgetvar: no visible global function definition for ‘integrate’
    .MsrgsGetba1a3: no visible global function definition for ‘uniroot’
    .MsrgsGetch1 : integrand: no visible global function definition for
     ‘dnorm’
    .MsrgsGetch1: no visible global function definition for ‘integrate’
    .MsrgsGetch2 : integrand: no visible global function definition for
     ‘dnorm’
    .MsrgsGetch2: no visible global function definition for ‘integrate’
    .MsrgsGeth1 : integrandh1: no visible global function definition for
     ‘dnorm’
    .MsrgsGeth1: no visible global function definition for ‘integrate’
    .MsrgsGeth2 : integrandh2: no visible global function definition for
     ‘dnorm’
    .MsrgsGeth2: no visible global function definition for ‘integrate’
    .MsrgsGeth3 : integrandh3: no visible global function definition for
     ‘dnorm’
    .MsrgsGeth3: no visible global function definition for ‘integrate’
    .MsrgsGetrrg1 : integrandrrg1: no visible global function definition
     for ‘dnorm’
    .MsrgsGetrrg1: no visible global function definition for ‘integrate’
    .MsrgsGetrsc1 : integrandrsc1: no visible global function definition
     for ‘dnorm’
    .MsrgsGetrsc1: no visible global function definition for ‘integrate’
    .MsrgsGetvar : integrand: no visible global function definition for
     ‘dnorm’
    .MsrgsGetvar: no visible global function definition for ‘integrate’
    .rgsDesignTest: no visible global function definition for ‘E’
    .rgsRegressorCheck: no visible global function definition for ‘E’
    C1.x.fkt : integrandC1: no visible global function definition for
     ‘dnorm’
    C1.x.fkt: no visible global function definition for ‘integrate’
    C3.fkt : integrandC3: no visible global function definition for ‘dnorm’
    C3.fkt: no visible global function definition for ‘integrate’
    rgsOptIC.AL: no visible global function definition for ‘dimension’
    rgsOptIC.AL: no visible global function definition for ‘img’
    rgsOptIC.AL: no visible global function definition for ‘uniroot’
    rgsOptIC.AL: no visible global function definition for ‘E’
    rgsOptIC.AL: no visible global function definition for ‘generateIC’
    rgsOptIC.AL: no visible global function definition for
     ‘ContNeighborhood’
    rgsOptIC.AL: no visible global function definition for
     ‘NormLinRegScaleFamily’
    rgsOptIC.ALc: no visible global function definition for ‘is’
    rgsOptIC.ALc: no visible global function definition for ‘support’
    rgsOptIC.ALc: no visible global function definition for ‘d’
    rgsOptIC.ALc: no visible global function definition for ‘uniroot’
    rgsOptIC.ALc : fct2: no visible global function definition for
     ‘liesInSupport’
    rgsOptIC.ALc: no visible global function definition for
     ‘EuclRandVarList’
    rgsOptIC.ALc: no visible global function definition for
     ‘EuclRandVariable’
    rgsOptIC.ALc: no visible global function definition for
     ‘EuclideanSpace’
    rgsOptIC.ALc: no visible global function definition for ‘generateIC’
    rgsOptIC.ALc: no visible global function definition for
     ‘Av1CondContNeighborhood’
    rgsOptIC.ALc: no visible global function definition for
     ‘NormLinRegScaleFamily’
    rgsOptIC.ALs: no visible global function definition for ‘uniroot’
    rgsOptIC.ALs: no visible global function definition for ‘dnorm’
    rgsOptIC.ALs: no visible global function definition for ‘pnorm’
    rgsOptIC.ALs: no visible global function definition for ‘E’
    rgsOptIC.ALs: no visible global function definition for ‘dimension’
    rgsOptIC.ALs: no visible global function definition for ‘img’
    rgsOptIC.ALs: no visible global function definition for ‘IC’
    rgsOptIC.ALs: no visible global function definition for
     ‘EuclRandVarList’
    rgsOptIC.ALs: no visible global function definition for
     ‘EuclRandVariable’
    rgsOptIC.ALs: no visible global function definition for
     ‘EuclideanSpace’
    rgsOptIC.ALs: no visible global function definition for
     ‘RealRandVariable’
    rgsOptIC.BM: no visible global function definition for ‘is’
    rgsOptIC.BM: no visible global function definition for ‘support’
    rgsOptIC.BM: no visible global function definition for ‘d’
    rgsOptIC.BM: no visible global function definition for ‘optim’
    rgsOptIC.BM: no visible global function definition for ‘uniroot’
    rgsOptIC.BM: no visible global function definition for ‘dnorm’
    rgsOptIC.BM: no visible global function definition for ‘pnorm’
    rgsOptIC.BM: no visible global function definition for ‘getdistrOption’
    rgsOptIC.BM : afct: no visible global function definition for ‘stepfun’
    rgsOptIC.BM : bfct: no visible global function definition for ‘stepfun’
    rgsOptIC.BM : gfct: no visible global function definition for ‘stepfun’
    rgsOptIC.BM: no visible global function definition for ‘CondIC’
    rgsOptIC.BM: no visible global function definition for
     ‘EuclRandVarList’
    rgsOptIC.BM: no visible global function definition for
     ‘RealRandVariable’
    rgsOptIC.BM: no visible global function definition for ‘EuclideanSpace’
    rgsOptIC.M: no visible global function definition for ‘dimension’
    rgsOptIC.M: no visible global function definition for ‘img’
    rgsOptIC.M: no visible global function definition for ‘optim’
    rgsOptIC.M: no visible global function definition for ‘E’
    rgsOptIC.M: no visible global function definition for ‘IC’
    rgsOptIC.M: no visible global function definition for ‘EuclRandVarList’
    rgsOptIC.M: no visible global function definition for
     ‘EuclRandVariable’
    rgsOptIC.M: no visible global function definition for ‘EuclideanSpace’
    rgsOptIC.M: no visible global function definition for
     ‘RealRandVariable’
    rgsOptIC.MK: no visible global function definition for ‘dimension’
    rgsOptIC.MK: no visible global function definition for ‘img’
    rgsOptIC.MK: no visible global function definition for ‘optimize’
    rgsOptIC.MK: no visible global function definition for ‘E’
    rgsOptIC.MK: no visible global function definition for ‘IC’
    rgsOptIC.MK: no visible global function definition for
     ‘EuclRandVarList’
    rgsOptIC.MK: no visible global function definition for
     ‘EuclRandVariable’
    rgsOptIC.MK: no visible global function definition for ‘EuclideanSpace’
    rgsOptIC.MK: no visible global function definition for
     ‘RealRandVariable’
    rgsOptIC.Mc: no visible global function definition for ‘is’
    rgsOptIC.Mc: no visible global function definition for ‘support’
    rgsOptIC.Mc: no visible global function definition for ‘d’
    rgsOptIC.Mc: no visible global function definition for ‘optimize’
    rgsOptIC.Mc: no visible global function definition for ‘getdistrOption’
    rgsOptIC.Mc : a1fct: no visible global function definition for
     ‘stepfun’
    rgsOptIC.Mc: no visible global function definition for ‘CondIC’
    rgsOptIC.Mc: no visible global function definition for
     ‘EuclRandVarList’
    rgsOptIC.Mc: no visible global function definition for
     ‘RealRandVariable’
    rgsOptIC.Mc: no visible global function definition for ‘EuclideanSpace’
    rgsOptIC.Ms: no visible global function definition for ‘is’
    rgsOptIC.Ms: no visible global function definition for ‘support’
    rgsOptIC.Ms: no visible global function definition for ‘d’
    rgsOptIC.Ms: no visible global function definition for ‘optimize’
    rgsOptIC.Ms: no visible global function definition for ‘getdistrOption’
    rgsOptIC.Ms : a1fct: no visible global function definition for
     ‘stepfun’
    rgsOptIC.Ms: no visible global function definition for ‘CondIC’
    rgsOptIC.Ms: no visible global function definition for
     ‘EuclRandVarList’
    rgsOptIC.Ms: no visible global function definition for
     ‘RealRandVariable’
    rgsOptIC.Ms: no visible global function definition for ‘EuclideanSpace’
    Undefined global functions or variables:
     Av1CondContNeighborhood CondIC ContNeighborhood E EuclRandVarList
     EuclRandVariable EuclideanSpace IC NormLinRegScaleFamily
     RealRandVariable d dimension dnorm generateIC getdistrOption img
     integrate is liesInSupport optim optimize pnorm stepfun support
     uniroot
    Consider adding
     importFrom("methods", "is")
     importFrom("stats", "dnorm", "integrate", "optim", "optimize", "pnorm",
     "stepfun", "uniroot")
    to your NAMESPACE (and ensure that your DESCRIPTION Imports field
    contains 'methods').
Flavors: r-devel-linux-x86_64-debian-clang, r-devel-linux-x86_64-debian-gcc, r-devel-linux-x86_64-fedora-clang, r-devel-linux-x86_64-fedora-gcc, r-devel-windows-ix86+x86_64

Version: 0.9
Check: R code for possible problems
Result: NOTE
    .ALrgsGetAz: no visible global function definition for ‘E’
    .ALrgsGetr: no visible global function definition for ‘E’
    .ALsrgsGetArg: no visible global function definition for ‘E’
    .ALsrgsGetrrg: no visible global function definition for ‘E’
    .MKrgsGetmse: no visible global function definition for ‘E’
    .MrgsGeta1a3B: no visible global function definition for ‘E’
    .MrgsGeta1a3B: no visible global function definition for ‘dimension’
    .MrgsGeta1a3B: no visible global function definition for ‘img’
    .MrgsGetba1a3B: no visible global function definition for ‘E’
    .MrgsGetr: no visible global function definition for ‘E’
    .Mrgsgetmse: no visible global function definition for ‘dimension’
    .Mrgsgetmse: no visible global function definition for ‘img’
    .Mrgsgetmse: no visible global function definition for ‘E’
    .rgsDesignTest: no visible global function definition for ‘E’
    .rgsRegressorCheck: no visible global function definition for ‘E’
    rgsOptIC.AL: no visible global function definition for ‘dimension’
    rgsOptIC.AL: no visible global function definition for ‘img’
    rgsOptIC.AL: no visible global function definition for ‘E’
    rgsOptIC.AL: no visible global function definition for ‘generateIC’
    rgsOptIC.AL: no visible global function definition for
     ‘ContNeighborhood’
    rgsOptIC.AL: no visible global function definition for
     ‘NormLinRegScaleFamily’
    rgsOptIC.ALc: no visible global function definition for ‘support’
    rgsOptIC.ALc: no visible global function definition for ‘d’
    rgsOptIC.ALc : fct2: no visible global function definition for
     ‘liesInSupport’
    rgsOptIC.ALc: no visible global function definition for
     ‘EuclRandVarList’
    rgsOptIC.ALc: no visible global function definition for
     ‘EuclRandVariable’
    rgsOptIC.ALc: no visible global function definition for
     ‘EuclideanSpace’
    rgsOptIC.ALc: no visible global function definition for ‘generateIC’
    rgsOptIC.ALc: no visible global function definition for
     ‘Av1CondContNeighborhood’
    rgsOptIC.ALc: no visible global function definition for
     ‘NormLinRegScaleFamily’
    rgsOptIC.ALs: no visible global function definition for ‘E’
    rgsOptIC.ALs: no visible global function definition for ‘dimension’
    rgsOptIC.ALs: no visible global function definition for ‘img’
    rgsOptIC.ALs: no visible global function definition for ‘IC’
    rgsOptIC.ALs: no visible global function definition for
     ‘EuclRandVarList’
    rgsOptIC.ALs: no visible global function definition for
     ‘EuclRandVariable’
    rgsOptIC.ALs: no visible global function definition for
     ‘EuclideanSpace’
    rgsOptIC.ALs: no visible global function definition for
     ‘RealRandVariable’
    rgsOptIC.BM: no visible global function definition for ‘support’
    rgsOptIC.BM: no visible global function definition for ‘d’
    rgsOptIC.BM: no visible global function definition for ‘getdistrOption’
    rgsOptIC.BM: no visible global function definition for ‘CondIC’
    rgsOptIC.BM: no visible global function definition for
     ‘EuclRandVarList’
    rgsOptIC.BM: no visible global function definition for
     ‘RealRandVariable’
    rgsOptIC.BM: no visible global function definition for ‘EuclideanSpace’
    rgsOptIC.M: no visible global function definition for ‘dimension’
    rgsOptIC.M: no visible global function definition for ‘img’
    rgsOptIC.M: no visible global function definition for ‘E’
    rgsOptIC.M: no visible global function definition for ‘IC’
    rgsOptIC.M: no visible global function definition for ‘EuclRandVarList’
    rgsOptIC.M: no visible global function definition for
     ‘EuclRandVariable’
    rgsOptIC.M: no visible global function definition for ‘EuclideanSpace’
    rgsOptIC.M: no visible global function definition for
     ‘RealRandVariable’
    rgsOptIC.MK: no visible global function definition for ‘dimension’
    rgsOptIC.MK: no visible global function definition for ‘img’
    rgsOptIC.MK: no visible global function definition for ‘E’
    rgsOptIC.MK: no visible global function definition for ‘IC’
    rgsOptIC.MK: no visible global function definition for
     ‘EuclRandVarList’
    rgsOptIC.MK: no visible global function definition for
     ‘EuclRandVariable’
    rgsOptIC.MK: no visible global function definition for ‘EuclideanSpace’
    rgsOptIC.MK: no visible global function definition for
     ‘RealRandVariable’
    rgsOptIC.Mc: no visible global function definition for ‘support’
    rgsOptIC.Mc: no visible global function definition for ‘d’
    rgsOptIC.Mc: no visible global function definition for ‘getdistrOption’
    rgsOptIC.Mc: no visible global function definition for ‘CondIC’
    rgsOptIC.Mc: no visible global function definition for
     ‘EuclRandVarList’
    rgsOptIC.Mc: no visible global function definition for
     ‘RealRandVariable’
    rgsOptIC.Mc: no visible global function definition for ‘EuclideanSpace’
    rgsOptIC.Ms: no visible global function definition for ‘support’
    rgsOptIC.Ms: no visible global function definition for ‘d’
    rgsOptIC.Ms: no visible global function definition for ‘getdistrOption’
    rgsOptIC.Ms: no visible global function definition for ‘CondIC’
    rgsOptIC.Ms: no visible global function definition for
     ‘EuclRandVarList’
    rgsOptIC.Ms: no visible global function definition for
     ‘RealRandVariable’
    rgsOptIC.Ms: no visible global function definition for ‘EuclideanSpace’
    Undefined global functions or variables:
     Av1CondContNeighborhood CondIC ContNeighborhood E EuclRandVarList
     EuclRandVariable EuclideanSpace IC NormLinRegScaleFamily
     RealRandVariable d dimension generateIC getdistrOption img
     liesInSupport support
Flavor: r-devel-osx-x86_64-clang

Version: 0.9
Check: R code for possible problems
Result: NOTE
    .ALrgsGetAz: no visible global function definition for ‘E’
    .ALrgsGetr: no visible global function definition for ‘E’
    .ALsrgsGetArg: no visible global function definition for ‘E’
    .ALsrgsGetrrg: no visible global function definition for ‘E’
    .MKrgsGetmse: no visible global function definition for ‘E’
    .MrgsGeta1a3B: no visible global function definition for ‘E’
    .MrgsGeta1a3B: no visible global function definition for ‘dimension’
    .MrgsGeta1a3B: no visible global function definition for ‘img’
    .MrgsGetba1a3B: no visible global function definition for ‘E’
    .MrgsGetr: no visible global function definition for ‘E’
    .Mrgsgetmse: no visible global function definition for ‘dimension’
    .Mrgsgetmse: no visible global function definition for ‘img’
    .Mrgsgetmse: no visible global function definition for ‘E’
    .rgsDesignTest: no visible global function definition for ‘E’
    .rgsRegressorCheck: no visible global function definition for ‘E’
    rgsOptIC.AL: no visible global function definition for ‘dimension’
    rgsOptIC.AL: no visible global function definition for ‘img’
    rgsOptIC.AL: no visible global function definition for ‘E’
    rgsOptIC.AL: no visible global function definition for ‘generateIC’
    rgsOptIC.AL: no visible global function definition for
     ‘ContNeighborhood’
    rgsOptIC.AL: no visible global function definition for
     ‘NormLinRegScaleFamily’
    rgsOptIC.ALc: no visible global function definition for ‘support’
    rgsOptIC.ALc: no visible global function definition for ‘d’
    rgsOptIC.ALc : fct2: no visible global function definition for
     ‘liesInSupport’
    rgsOptIC.ALc: no visible global function definition for
     ‘EuclRandVarList’
    rgsOptIC.ALc: no visible global function definition for
     ‘EuclRandVariable’
    rgsOptIC.ALc: no visible global function definition for
     ‘EuclideanSpace’
    rgsOptIC.ALc: no visible global function definition for ‘generateIC’
    rgsOptIC.ALc: no visible global function definition for
     ‘Av1CondContNeighborhood’
    rgsOptIC.ALc: no visible global function definition for
     ‘NormLinRegScaleFamily’
    rgsOptIC.ALs: no visible global function definition for ‘E’
    rgsOptIC.ALs: no visible global function definition for ‘dimension’
    rgsOptIC.ALs: no visible global function definition for ‘img’
    rgsOptIC.ALs: no visible global function definition for ‘IC’
    rgsOptIC.ALs: no visible global function definition for
     ‘EuclRandVarList’
    rgsOptIC.ALs: no visible global function definition for
     ‘EuclRandVariable’
    rgsOptIC.ALs: no visible global function definition for
     ‘EuclideanSpace’
    rgsOptIC.ALs: no visible global function definition for
     ‘RealRandVariable’
    rgsOptIC.BM: no visible global function definition for ‘support’
    rgsOptIC.BM: no visible global function definition for ‘d’
    rgsOptIC.BM: no visible global function definition for ‘getdistrOption’
    rgsOptIC.BM: no visible global function definition for ‘CondIC’
    rgsOptIC.BM: no visible global function definition for
     ‘EuclRandVarList’
    rgsOptIC.BM: no visible global function definition for
     ‘RealRandVariable’
    rgsOptIC.BM: no visible global function definition for ‘EuclideanSpace’
    rgsOptIC.M: no visible global function definition for ‘dimension’
    rgsOptIC.M: no visible global function definition for ‘img’
    rgsOptIC.M: no visible global function definition for ‘E’
    rgsOptIC.M: no visible global function definition for ‘IC’
    rgsOptIC.M: no visible global function definition for ‘EuclRandVarList’
    rgsOptIC.M: no visible global function definition for
     ‘EuclRandVariable’
    rgsOptIC.M: no visible global function definition for ‘EuclideanSpace’
    rgsOptIC.M: no visible global function definition for
     ‘RealRandVariable’
    rgsOptIC.MK: no visible global function definition for ‘dimension’
    rgsOptIC.MK: no visible global function definition for ‘img’
    rgsOptIC.MK: no visible global function definition for ‘E’
    rgsOptIC.MK: no visible global function definition for ‘IC’
    rgsOptIC.MK: no visible global function definition for
     ‘EuclRandVarList’
    rgsOptIC.MK: no visible global function definition for
     ‘EuclRandVariable’
    rgsOptIC.MK: no visible global function definition for ‘EuclideanSpace’
    rgsOptIC.MK: no visible global function definition for
     ‘RealRandVariable’
    rgsOptIC.Mc: no visible global function definition for ‘support’
    rgsOptIC.Mc: no visible global function definition for ‘d’
    rgsOptIC.Mc: no visible global function definition for ‘getdistrOption’
    rgsOptIC.Mc: no visible global function definition for ‘CondIC’
    rgsOptIC.Mc: no visible global function definition for
     ‘EuclRandVarList’
    rgsOptIC.Mc: no visible global function definition for
     ‘RealRandVariable’
    rgsOptIC.Mc: no visible global function definition for ‘EuclideanSpace’
    rgsOptIC.Ms: no visible global function definition for ‘support’
    rgsOptIC.Ms: no visible global function definition for ‘d’
    rgsOptIC.Ms: no visible global function definition for ‘getdistrOption’
    rgsOptIC.Ms: no visible global function definition for ‘CondIC’
    rgsOptIC.Ms: no visible global function definition for
     ‘EuclRandVarList’
    rgsOptIC.Ms: no visible global function definition for
     ‘RealRandVariable’
    rgsOptIC.Ms: no visible global function definition for ‘EuclideanSpace’
Flavors: r-patched-linux-x86_64, r-patched-solaris-sparc, r-patched-solaris-x86, r-release-linux-x86_64, r-release-osx-x86_64-mavericks, r-release-windows-ix86+x86_64, r-oldrel-windows-ix86+x86_64