CRAN Package Check Results for Package RobRex

Last updated on 2014-09-16 01:48:22.

Flavor Version Tinstall Tcheck Ttotal Status Flags
r-devel-linux-x86_64-debian-clang 0.9 7.45 61.71 69.16 NOTE
r-devel-linux-x86_64-debian-gcc 0.9 7.01 57.17 64.18 NOTE
r-devel-linux-x86_64-fedora-clang 0.9 157.44 NOTE
r-devel-linux-x86_64-fedora-gcc 0.9 159.27 NOTE
r-devel-osx-x86_64-clang 0.9 117.72 NOTE
r-devel-windows-ix86+x86_64 0.9 12.00 87.00 99.00 NOTE
r-patched-linux-x86_64 0.9 7.57 63.74 71.31 NOTE
r-patched-solaris-sparc 0.9 912.20 NOTE
r-patched-solaris-x86 0.9 201.40 NOTE
r-release-linux-ix86 0.9 9.07 78.62 87.69 NOTE
r-release-linux-x86_64 0.9 7.64 68.47 76.12 NOTE
r-release-osx-x86_64-mavericks 0.9 NOTE
r-release-osx-x86_64-snowleopard 0.9 WARN
r-release-windows-ix86+x86_64 0.9 18.00 87.00 105.00 NOTE
r-oldrel-windows-ix86+x86_64 0.9 17.00 85.00 102.00 NOTE

Check Details

Version: 0.9
Check: dependencies in R code
Result: NOTE
    Package in Depends field not imported from: ‘ROptRegTS’
     These packages need to be imported from (in the NAMESPACE file)
     for when this namespace is loaded but not attached.
    See the information on DESCRIPTION files in the chapter ‘Creating R
    packages’ of the ‘Writing R Extensions’ manual.
Flavors: r-devel-linux-x86_64-debian-clang, r-devel-linux-x86_64-debian-gcc, r-devel-linux-x86_64-fedora-clang, r-devel-linux-x86_64-fedora-gcc, r-devel-osx-x86_64-clang, r-devel-windows-ix86+x86_64, r-patched-linux-x86_64, r-patched-solaris-sparc, r-patched-solaris-x86, r-release-linux-ix86, r-release-linux-x86_64, r-release-osx-x86_64-mavericks, r-release-windows-ix86+x86_64, r-oldrel-windows-ix86+x86_64

Version: 0.9
Check: R code for possible problems
Result: NOTE
    .ALrgsGetAz: no visible global function definition for ‘E’
    .ALrgsGetr: no visible global function definition for ‘E’
    .ALsrgsGetArg: no visible global function definition for ‘E’
    .ALsrgsGetrrg: no visible global function definition for ‘E’
    .MKrgsGetmse: no visible global function definition for ‘E’
    .MrgsGeta1a3B: no visible global function definition for ‘E’
    .MrgsGeta1a3B: no visible global function definition for ‘dimension’
    .MrgsGeta1a3B: no visible global function definition for ‘img’
    .MrgsGetba1a3B: no visible global function definition for ‘E’
    .MrgsGetr: no visible global function definition for ‘E’
    .Mrgsgetmse: no visible global function definition for ‘dimension’
    .Mrgsgetmse: no visible global function definition for ‘img’
    .Mrgsgetmse: no visible global function definition for ‘E’
    .rgsDesignTest: no visible global function definition for ‘E’
    .rgsRegressorCheck: no visible global function definition for ‘E’
    rgsOptIC.AL: no visible global function definition for ‘dimension’
    rgsOptIC.AL: no visible global function definition for ‘img’
    rgsOptIC.AL: no visible global function definition for ‘E’
    rgsOptIC.AL: no visible global function definition for ‘generateIC’
    rgsOptIC.AL: no visible global function definition for
     ‘ContNeighborhood’
    rgsOptIC.AL: no visible global function definition for
     ‘NormLinRegScaleFamily’
    rgsOptIC.ALc: no visible global function definition for ‘support’
    rgsOptIC.ALc: no visible global function definition for ‘d’
    rgsOptIC.ALc : fct2: no visible global function definition for
     ‘liesInSupport’
    rgsOptIC.ALc: no visible global function definition for
     ‘EuclRandVarList’
    rgsOptIC.ALc: no visible global function definition for
     ‘EuclRandVariable’
    rgsOptIC.ALc: no visible global function definition for
     ‘EuclideanSpace’
    rgsOptIC.ALc: no visible global function definition for ‘generateIC’
    rgsOptIC.ALc: no visible global function definition for
     ‘Av1CondContNeighborhood’
    rgsOptIC.ALc: no visible global function definition for
     ‘NormLinRegScaleFamily’
    rgsOptIC.ALs: no visible global function definition for ‘E’
    rgsOptIC.ALs: no visible global function definition for ‘dimension’
    rgsOptIC.ALs: no visible global function definition for ‘img’
    rgsOptIC.ALs: no visible global function definition for ‘IC’
    rgsOptIC.ALs: no visible global function definition for
     ‘EuclRandVarList’
    rgsOptIC.ALs: no visible global function definition for
     ‘EuclRandVariable’
    rgsOptIC.ALs: no visible global function definition for
     ‘EuclideanSpace’
    rgsOptIC.ALs: no visible global function definition for
     ‘RealRandVariable’
    rgsOptIC.BM: no visible global function definition for ‘support’
    rgsOptIC.BM: no visible global function definition for ‘d’
    rgsOptIC.BM: no visible global function definition for ‘getdistrOption’
    rgsOptIC.BM: no visible global function definition for ‘CondIC’
    rgsOptIC.BM: no visible global function definition for
     ‘EuclRandVarList’
    rgsOptIC.BM: no visible global function definition for
     ‘RealRandVariable’
    rgsOptIC.BM: no visible global function definition for ‘EuclideanSpace’
    rgsOptIC.M: no visible global function definition for ‘dimension’
    rgsOptIC.M: no visible global function definition for ‘img’
    rgsOptIC.M: no visible global function definition for ‘E’
    rgsOptIC.M: no visible global function definition for ‘IC’
    rgsOptIC.M: no visible global function definition for ‘EuclRandVarList’
    rgsOptIC.M: no visible global function definition for
     ‘EuclRandVariable’
    rgsOptIC.M: no visible global function definition for ‘EuclideanSpace’
    rgsOptIC.M: no visible global function definition for
     ‘RealRandVariable’
    rgsOptIC.MK: no visible global function definition for ‘dimension’
    rgsOptIC.MK: no visible global function definition for ‘img’
    rgsOptIC.MK: no visible global function definition for ‘E’
    rgsOptIC.MK: no visible global function definition for ‘IC’
    rgsOptIC.MK: no visible global function definition for
     ‘EuclRandVarList’
    rgsOptIC.MK: no visible global function definition for
     ‘EuclRandVariable’
    rgsOptIC.MK: no visible global function definition for ‘EuclideanSpace’
    rgsOptIC.MK: no visible global function definition for
     ‘RealRandVariable’
    rgsOptIC.Mc: no visible global function definition for ‘support’
    rgsOptIC.Mc: no visible global function definition for ‘d’
    rgsOptIC.Mc: no visible global function definition for ‘getdistrOption’
    rgsOptIC.Mc: no visible global function definition for ‘CondIC’
    rgsOptIC.Mc: no visible global function definition for
     ‘EuclRandVarList’
    rgsOptIC.Mc: no visible global function definition for
     ‘RealRandVariable’
    rgsOptIC.Mc: no visible global function definition for ‘EuclideanSpace’
    rgsOptIC.Ms: no visible global function definition for ‘support’
    rgsOptIC.Ms: no visible global function definition for ‘d’
    rgsOptIC.Ms: no visible global function definition for ‘getdistrOption’
    rgsOptIC.Ms: no visible global function definition for ‘CondIC’
    rgsOptIC.Ms: no visible global function definition for
     ‘EuclRandVarList’
    rgsOptIC.Ms: no visible global function definition for
     ‘RealRandVariable’
    rgsOptIC.Ms: no visible global function definition for ‘EuclideanSpace’
Flavors: r-devel-linux-x86_64-debian-clang, r-devel-linux-x86_64-debian-gcc, r-devel-linux-x86_64-fedora-clang, r-devel-linux-x86_64-fedora-gcc, r-devel-osx-x86_64-clang, r-devel-windows-ix86+x86_64

Version: 0.9
Check: examples
Result: WARN
    checking a package with encoding 'latin1' in an ASCII locale
    
     OK
Flavor: r-release-osx-x86_64-snowleopard