CRAN Package Check Results for Package RobustAFT

Last updated on 2015-03-26 23:47:53.

Flavor Version Tinstall Tcheck Ttotal Status Flags
r-devel-linux-x86_64-debian-clang 1.3 6.96 28.97 35.93 NOTE
r-devel-linux-x86_64-debian-gcc 1.3 6.07 27.22 33.29 NOTE
r-devel-linux-x86_64-fedora-clang 1.3 61.74 NOTE
r-devel-linux-x86_64-fedora-gcc 1.3 57.43 NOTE
r-devel-osx-x86_64-clang 1.3 62.70 NOTE
r-prerel-windows-ix86+x86_64 1.3 17.00 47.00 64.00 NOTE
r-prerel-linux-x86_64 1.3 6.01 27.36 33.37 NOTE
r-prerel-solaris-sparc 1.3 390.50 NOTE
r-prerel-solaris-x86 1.3 79.30 NOTE
r-release-linux-x86_64 1.3 6.24 30.36 36.60 OK
r-release-osx-x86_64-mavericks 1.3 OK
r-release-osx-x86_64-snowleopard 1.3 OK
r-release-windows-ix86+x86_64 1.3 19.00 55.00 74.00 OK
r-oldrel-windows-ix86+x86_64 1.3 19.00 56.00 75.00 OK

Check Details

Version: 1.3
Check: DESCRIPTION meta-information
Result: NOTE
    Malformed Title field: should not end in a period.
Flavors: r-devel-linux-x86_64-debian-clang, r-devel-linux-x86_64-debian-gcc, r-devel-linux-x86_64-fedora-clang, r-devel-linux-x86_64-fedora-gcc, r-devel-osx-x86_64-clang, r-prerel-windows-ix86+x86_64, r-prerel-linux-x86_64, r-prerel-solaris-sparc, r-prerel-solaris-x86