CRAN Package Check Results for Package RobustAFT

Last updated on 2017-10-17 01:48:13.

Flavor Version Tinstall Tcheck Ttotal Status Flags
r-devel-linux-x86_64-debian-clang 1.4-1 6.96 49.99 56.95 NOTE
r-devel-linux-x86_64-debian-gcc 1.4-1 7.66 51.75 59.41 NOTE
r-devel-linux-x86_64-fedora-clang 1.4-1 112.72 NOTE
r-devel-linux-x86_64-fedora-gcc 1.4-1 114.85 NOTE
r-devel-windows-ix86+x86_64 1.4-1 32.00 90.00 122.00 OK
r-patched-linux-x86_64 1.4-1 7.21 47.84 55.05 NOTE
r-patched-solaris-x86 1.4-1 150.50 OK
r-release-linux-x86_64 1.4-1 7.14 47.64 54.78 NOTE
r-release-windows-ix86+x86_64 1.4-1 39.00 126.00 165.00 OK
r-release-osx-x86_64 1.4-1 OK
r-oldrel-windows-ix86+x86_64 1.4-1 31.00 130.00 161.00 OK
r-oldrel-osx-x86_64 1.4-1 OK

Check Details

Version: 1.4-1
Check: compiled code
Result: NOTE
    File ‘RobustAFT/libs/RobustAFT.so’:
     Found no calls to: ‘R_registerRoutines’, ‘R_useDynamicSymbols’
    
    It is good practice to register native routines and to disable symbol
    search.
    
    See ‘Writing portable packages’ in the ‘Writing R Extensions’ manual.
Flavors: r-devel-linux-x86_64-debian-clang, r-devel-linux-x86_64-debian-gcc, r-devel-linux-x86_64-fedora-clang, r-devel-linux-x86_64-fedora-gcc, r-patched-linux-x86_64, r-release-linux-x86_64