CRAN Package Check Results for Package RobustAFT

Last updated on 2014-04-25 05:47:24.

Flavor Version Tinstall Tcheck Ttotal Status Flags
r-devel-linux-x86_64-debian-clang 1.2 6.25 33.29 39.54 NOTE
r-devel-linux-x86_64-debian-gcc 1.2 6.28 32.22 38.51 NOTE
r-devel-linux-x86_64-fedora-clang 1.2 71.22 NOTE
r-devel-linux-x86_64-fedora-gcc 1.2 68.41 NOTE
r-devel-osx-x86_64-clang 1.2 57.01 NOTE
r-devel-osx-x86_64-gcc 1.2 ERROR
r-devel-windows-ix86+x86_64 1.2 17.00 51.00 68.00 NOTE
r-patched-linux-x86_64 1.2 6.30 32.66 38.96 NOTE
r-patched-solaris-sparc 1.2 406.00 NOTE
r-patched-solaris-x86 1.2 87.40 NOTE
r-release-linux-ix86 1.2 10.00 55.00 65.00 NOTE
r-release-linux-x86_64 1.2 6.28 32.54 38.82 NOTE
r-release-osx-x86_64-mavericks 1.2 WARN
r-release-osx-x86_64-snowleopard 1.2 NOTE
r-release-windows-ix86+x86_64 1.2 17.00 58.00 75.00 NOTE
r-oldrel-windows-ix86+x86_64 1.2 18.00 52.00 70.00 NOTE

Check Details

Version: 1.2
Check: dependencies in R code
Result: NOTE
    There are ::: calls to the package's namespace in its code. A package
     almost never needs to use ::: for its own objects:
     ‘Chi2phi’ ‘Chiphi’ ‘Chiphi.n’ ‘Chiphi.w’ ‘Chipzphi’ ‘Psiphi.w’
     ‘Psizphi.n’ ‘Psizphi.w’ ‘Pspphi.n’ ‘Pspphi.w’ ‘Pspzphi.w’ ‘pezez’
     ‘psi.weight’ ‘psp.weight’ ‘s1chiphi.w’ ‘s1phi.w’ ‘s1pphi.w’
     ‘s1psiphi.n’ ‘s1psiphi.w’ ‘s1pzphi.w’ ‘s1s1phi.n’ ‘s1s1phi.w’
     ‘s1s2phi.w’ ‘s2chiphi.n’ ‘s2chiphi.w’ ‘s2phi.n’ ‘s2phi.w’ ‘s2pphi.w’
     ‘s2psiphi.w’ ‘s2pzphi.w’ ‘s2s2phi.n’ ‘s2s2phi.w’
    See the information on DESCRIPTION files in the chapter ‘Creating R
    packages’ of the ‘Writing R Extensions’ manual.
Flavors: r-devel-linux-x86_64-debian-clang, r-devel-linux-x86_64-debian-gcc, r-devel-linux-x86_64-fedora-clang, r-devel-linux-x86_64-fedora-gcc, r-devel-osx-x86_64-clang, r-devel-windows-ix86+x86_64, r-patched-linux-x86_64, r-patched-solaris-sparc, r-patched-solaris-x86, r-release-linux-ix86, r-release-linux-x86_64, r-release-osx-x86_64-mavericks, r-release-osx-x86_64-snowleopard, r-release-windows-ix86+x86_64, r-oldrel-windows-ix86+x86_64

Version: 1.2
Check: package dependencies
Result: ERROR
    Package required but not available: ‘robustbase’
    
    See the information on DESCRIPTION files in the chapter ‘Creating R
    packages’ of the ‘Writing R Extensions’ manual.
Flavor: r-devel-osx-x86_64-gcc

Version: 1.2
Check: PDF version of manual
Result: WARNING
    LaTeX errors when creating PDF version.
    This typically indicates Rd problems.
    LaTeX errors found:
    ! LaTeX Error: File `upquote.sty' not found.
    
    Type X to quit or <RETURN> to proceed,
    or enter new name. (Default extension: sty)
    
    c999c55/Rd2.tex:8: ==> Fatal error occurred, no output PDF file produced!
Flavor: r-release-osx-x86_64-mavericks