CRAN Package Check Results for Package RobustAFT

Last updated on 2017-02-27 23:03:53.

Flavor Version Tinstall Tcheck Ttotal Status Flags
r-devel-linux-x86_64-debian-clang 1.4-1 7.88 48.41 56.29 NOTE
r-devel-linux-x86_64-debian-gcc 1.4-1 7.89 50.23 58.12 NOTE
r-devel-linux-x86_64-fedora-clang 1.4-1 113.79 NOTE --no-stop-on-test-error
r-devel-linux-x86_64-fedora-gcc 1.4-1 107.92 NOTE --no-stop-on-test-error
r-devel-macos-x86_64-clang 1.4-1 87.53 NOTE --no-stop-on-test-error
r-devel-windows-ix86+x86_64 1.4-1 27.00 138.00 165.00 OK
r-patched-linux-x86_64 1.4-1 7.75 45.73 53.48 OK
r-patched-solaris-sparc 1.4-1 615.10 OK
r-patched-solaris-x86 1.4-1 114.80 OK
r-release-linux-x86_64 1.4-1 7.55 46.05 53.60 OK
r-release-osx-x86_64-mavericks 1.4-1 OK
r-release-windows-ix86+x86_64 1.4-1 32.00 123.00 155.00 OK
r-oldrel-windows-ix86+x86_64 1.4-1 23.00 139.00 162.00 OK

Check Details

Version: 1.4-1
Check: compiled code
Result: NOTE
    File ‘RobustAFT/libs/RobustAFT.so’:
     Found no calls to: ‘R_registerRoutines’, ‘R_useDynamicSymbols’
    
    It is good practice to register native routines and to disable symbol
    search.
    
    See ‘Writing portable packages’ in the ‘Writing R Extensions’ manual.
Flavors: r-devel-linux-x86_64-debian-clang, r-devel-linux-x86_64-debian-gcc

Version: 1.4-1
Flags: --no-stop-on-test-error
Check: compiled code
Result: NOTE
    File ‘RobustAFT/libs/RobustAFT.so’:
     Found no calls to: ‘R_registerRoutines’, ‘R_useDynamicSymbols’
    
    It is good practice to register native routines and to disable symbol
    search.
    
    See ‘Writing portable packages’ in the ‘Writing R Extensions’ manual.
Flavors: r-devel-linux-x86_64-fedora-clang, r-devel-linux-x86_64-fedora-gcc, r-devel-macos-x86_64-clang