CRAN Package Check Results for Package RobustAFT

Last updated on 2015-07-28 06:48:05.

Flavor Version Tinstall Tcheck Ttotal Status Flags
r-devel-linux-x86_64-debian-clang 1.3 6.14 28.10 34.24 NOTE
r-devel-linux-x86_64-debian-gcc 1.3 6.34 28.34 34.68 NOTE
r-devel-linux-x86_64-fedora-clang 1.3 60.91 NOTE
r-devel-linux-x86_64-fedora-gcc 1.3 56.97 NOTE
r-devel-osx-x86_64-clang 1.3 57.86 NOTE
r-devel-windows-ix86+x86_64 1.3 19.00 56.00 75.00 NOTE
r-patched-linux-x86_64 1.3 6.16 28.06 34.22 NOTE
r-patched-solaris-sparc 1.3 378.70 NOTE
r-patched-solaris-x86 1.3 79.10 NOTE
r-release-linux-x86_64 1.3 6.66 28.26 34.92 NOTE
r-release-osx-x86_64-mavericks 1.3 NOTE
r-release-windows-ix86+x86_64 1.3 28.00 55.00 83.00 NOTE
r-oldrel-windows-ix86+x86_64 1.3 28.00 59.00 87.00 OK

Check Details

Version: 1.3
Check: DESCRIPTION meta-information
Result: NOTE
    Malformed Title field: should not end in a period.
Flavors: r-devel-linux-x86_64-debian-clang, r-devel-linux-x86_64-debian-gcc, r-devel-linux-x86_64-fedora-clang, r-devel-linux-x86_64-fedora-gcc, r-devel-osx-x86_64-clang, r-devel-windows-ix86+x86_64, r-patched-linux-x86_64, r-patched-solaris-sparc, r-patched-solaris-x86, r-release-linux-x86_64, r-release-osx-x86_64-mavericks, r-release-windows-ix86+x86_64

Version: 1.3
Check: R code for possible problems
Result: NOTE
    SparamG.S: no visible global function definition for ‘flush.console’
    SparamW.S: no visible global function definition for ‘flush.console’
    plot.TML: no visible binding for global variable ‘points’
    plot.TML: no visible global function definition for ‘par’
    plot.TML: no visible global function definition for ‘dev.interactive’
    plot.TML: no visible global function definition for ‘abline’
    plot.TML: no visible global function definition for ‘mtext’
    plot.TML: no visible global function definition for ‘title’
    plot.TML: no visible global function definition for ‘text’
    plot.fits.compare: no visible global function definition for ‘par’
    plot.fits.compare: no visible global function definition for ‘hist’
    plot.fits.compare: no visible global function definition for ‘points’
    plot.fits.compare: no visible global function definition for ‘abline’
    plot.fits.compare: no visible global function definition for ‘legend’
    Undefined global functions or variables:
     abline dev.interactive flush.console hist legend mtext par points
     text title
    Consider adding
     importFrom("grDevices", "dev.interactive")
     importFrom("graphics", "abline", "hist", "legend", "mtext", "par",
     "points", "text", "title")
     importFrom("utils", "flush.console")
    to your NAMESPACE.
Flavors: r-devel-linux-x86_64-debian-clang, r-devel-linux-x86_64-debian-gcc, r-devel-linux-x86_64-fedora-clang, r-devel-linux-x86_64-fedora-gcc, r-devel-windows-ix86+x86_64