CRAN Package Check Results for Package RobustAFT

Last updated on 2015-05-24 10:47:09.

Flavor Version Tinstall Tcheck Ttotal Status Flags
r-devel-linux-x86_64-debian-clang 1.3 6.22 28.87 35.09 NOTE
r-devel-linux-x86_64-debian-gcc 1.3 6.02 27.14 33.16 NOTE
r-devel-linux-x86_64-fedora-clang 1.3 60.78 NOTE
r-devel-linux-x86_64-fedora-gcc 1.3 57.24 NOTE
r-devel-osx-x86_64-clang 1.3 56.91 NOTE
r-devel-windows-ix86+x86_64 1.3 18.00 50.00 68.00 NOTE
r-patched-linux-x86_64 1.3 6.05 27.34 33.40 NOTE
r-patched-solaris-sparc 1.3 386.30 NOTE
r-patched-solaris-x86 1.3 79.60 NOTE
r-release-linux-x86_64 1.3 5.93 28.14 34.08 NOTE
r-release-osx-x86_64-mavericks 1.3 NOTE
r-release-osx-x86_64-snowleopard 1.3 NOTE
r-release-windows-ix86+x86_64 1.3 19.00 53.00 72.00 NOTE
r-oldrel-windows-ix86+x86_64 1.3 17.00 55.00 72.00 OK

Check Details

Version: 1.3
Check: DESCRIPTION meta-information
Result: NOTE
    Malformed Title field: should not end in a period.
Flavors: r-devel-linux-x86_64-debian-clang, r-devel-linux-x86_64-debian-gcc, r-devel-linux-x86_64-fedora-clang, r-devel-linux-x86_64-fedora-gcc, r-devel-osx-x86_64-clang, r-devel-windows-ix86+x86_64, r-patched-linux-x86_64, r-patched-solaris-sparc, r-patched-solaris-x86, r-release-linux-x86_64, r-release-osx-x86_64-mavericks, r-release-osx-x86_64-snowleopard, r-release-windows-ix86+x86_64