CRAN Package Check Results for Package RobustAFT

Last updated on 2017-08-18 11:48:15.

Flavor Version Tinstall Tcheck Ttotal Status Flags
r-devel-linux-x86_64-debian-clang 1.4-1 7.17 50.04 57.21 NOTE
r-devel-linux-x86_64-debian-gcc 1.4-1 7.12 48.03 55.16 NOTE
r-devel-linux-x86_64-fedora-clang 1.4-1 107.79 NOTE
r-devel-linux-x86_64-fedora-gcc 1.4-1 111.27 NOTE
r-devel-windows-ix86+x86_64 1.4-1 30.00 97.00 127.00 OK
r-patched-linux-x86_64 1.4-1 7.09 48.85 55.94 NOTE
r-patched-solaris-x86 1.4-1 141.70 OK
r-release-linux-x86_64 1.4-1 7.36 48.32 55.68 NOTE
r-release-windows-ix86+x86_64 1.4-1 35.00 99.00 134.00 OK
r-release-osx-x86_64 1.4-1 OK
r-oldrel-windows-ix86+x86_64 1.4-1 26.00 87.00 113.00 OK
r-oldrel-osx-x86_64 1.4-1 OK

Check Details

Version: 1.4-1
Check: compiled code
Result: NOTE
    File ‘RobustAFT/libs/RobustAFT.so’:
     Found no calls to: ‘R_registerRoutines’, ‘R_useDynamicSymbols’
    
    It is good practice to register native routines and to disable symbol
    search.
    
    See ‘Writing portable packages’ in the ‘Writing R Extensions’ manual.
Flavors: r-devel-linux-x86_64-debian-clang, r-devel-linux-x86_64-debian-gcc, r-devel-linux-x86_64-fedora-clang, r-devel-linux-x86_64-fedora-gcc, r-patched-linux-x86_64, r-release-linux-x86_64