CRAN Package Check Results for Package RobustAFT

Last updated on 2017-06-22 13:47:13.

Flavor Version Tinstall Tcheck Ttotal Status Flags
r-devel-linux-x86_64-debian-clang 1.4-1 8.07 50.36 58.43 NOTE
r-devel-linux-x86_64-debian-gcc 1.4-1 8.93 49.54 58.48 NOTE
r-devel-linux-x86_64-fedora-clang 1.4-1 110.53 NOTE
r-devel-linux-x86_64-fedora-gcc 1.4-1 108.88 NOTE
r-devel-windows-ix86+x86_64 1.4-1 37.00 132.00 169.00 OK
r-patched-linux-x86_64 1.4-1 7.87 50.34 58.22 NOTE
r-patched-solaris-sparc 1.4-1 735.50 OK
r-patched-solaris-x86 1.4-1 141.80 OK
r-release-linux-x86_64 1.4-1 8.27 48.87 57.14 NOTE
r-release-windows-ix86+x86_64 1.4-1 33.00 148.00 181.00 OK
r-release-osx-x86_64 1.4-1 OK
r-oldrel-windows-ix86+x86_64 1.4-1 36.00 91.00 127.00 OK
r-oldrel-osx-x86_64 1.4-1 OK

Check Details

Version: 1.4-1
Check: compiled code
Result: NOTE
    File ‘RobustAFT/libs/RobustAFT.so’:
     Found no calls to: ‘R_registerRoutines’, ‘R_useDynamicSymbols’
    
    It is good practice to register native routines and to disable symbol
    search.
    
    See ‘Writing portable packages’ in the ‘Writing R Extensions’ manual.
Flavors: r-devel-linux-x86_64-debian-clang, r-devel-linux-x86_64-debian-gcc, r-devel-linux-x86_64-fedora-clang, r-devel-linux-x86_64-fedora-gcc, r-patched-linux-x86_64, r-release-linux-x86_64