CRAN Package Check Results for Package RobustAFT

Last updated on 2015-02-27 15:47:50.

Flavor Version Tinstall Tcheck Ttotal Status Flags
r-devel-linux-x86_64-debian-clang 1.3 6.20 29.02 35.22 NOTE
r-devel-linux-x86_64-debian-gcc 1.3 6.08 26.88 32.96 NOTE
r-devel-linux-x86_64-fedora-clang 1.3 62.84 NOTE
r-devel-linux-x86_64-fedora-gcc 1.3 57.16 NOTE
r-devel-osx-x86_64-clang 1.3 58.93 NOTE
r-devel-windows-ix86+x86_64 1.3 24.00 53.00 77.00 NOTE
r-patched-linux-x86_64 1.3 6.59 30.93 37.52 OK
r-patched-solaris-sparc 1.3 409.80 OK
r-release-linux-ix86 1.3 8.67 39.90 48.57 OK
r-release-linux-x86_64 1.3 6.70 31.04 37.74 OK
r-release-osx-x86_64-mavericks 1.3 OK
r-release-osx-x86_64-snowleopard 1.3 OK
r-release-windows-ix86+x86_64 1.3 18.00 52.00 70.00 OK
r-oldrel-windows-ix86+x86_64 1.3 19.00 51.00 70.00 OK

Check Details

Version: 1.3
Check: DESCRIPTION meta-information
Result: NOTE
    Malformed Title field: should not end in a period.
Flavors: r-devel-linux-x86_64-debian-clang, r-devel-linux-x86_64-debian-gcc, r-devel-linux-x86_64-fedora-clang, r-devel-linux-x86_64-fedora-gcc, r-devel-osx-x86_64-clang, r-devel-windows-ix86+x86_64