CRAN Package Check Results for Package RobustAFT

Last updated on 2017-04-27 23:50:14.

Flavor Version Tinstall Tcheck Ttotal Status Flags
r-devel-linux-x86_64-debian-clang 1.4-1 7.84 48.72 56.56 NOTE
r-devel-linux-x86_64-debian-gcc 1.4-1 8.13 48.31 56.44 NOTE
r-devel-linux-x86_64-fedora-clang 1.4-1 111.45 NOTE --no-stop-on-test-error
r-devel-linux-x86_64-fedora-gcc 1.4-1 109.23 NOTE --no-stop-on-test-error
r-devel-windows-ix86+x86_64 1.4-1 30.00 128.00 158.00 OK
r-patched-linux-x86_64 1.4-1 7.79 47.65 55.45 NOTE
r-patched-solaris-sparc 1.4-1 735.50 OK
r-patched-solaris-x86 1.4-1 138.70 OK
r-release-linux-x86_64 1.4-1 7.64 49.49 57.13 NOTE
r-release-windows-ix86+x86_64 1.4-1 31.00 112.00 143.00 OK
r-release-osx-x86_64 1.4-1 OK
r-oldrel-windows-ix86+x86_64 1.4-1 32.00 89.00 121.00 OK
r-oldrel-osx-x86_64 1.4-1 OK

Check Details

Version: 1.4-1
Check: compiled code
Result: NOTE
    File ‘RobustAFT/libs/RobustAFT.so’:
     Found no calls to: ‘R_registerRoutines’, ‘R_useDynamicSymbols’
    
    It is good practice to register native routines and to disable symbol
    search.
    
    See ‘Writing portable packages’ in the ‘Writing R Extensions’ manual.
Flavors: r-devel-linux-x86_64-debian-clang, r-devel-linux-x86_64-debian-gcc, r-patched-linux-x86_64, r-release-linux-x86_64

Version: 1.4-1
Flags: --no-stop-on-test-error
Check: compiled code
Result: NOTE
    File ‘RobustAFT/libs/RobustAFT.so’:
     Found no calls to: ‘R_registerRoutines’, ‘R_useDynamicSymbols’
    
    It is good practice to register native routines and to disable symbol
    search.
    
    See ‘Writing portable packages’ in the ‘Writing R Extensions’ manual.
Flavors: r-devel-linux-x86_64-fedora-clang, r-devel-linux-x86_64-fedora-gcc