CRAN Package Check Results for Package RobustAFT

Last updated on 2014-07-22 23:48:25.

Flavor Version Tinstall Tcheck Ttotal Status Flags
r-devel-linux-x86_64-debian-clang 1.2 6.19 30.36 36.55 NOTE
r-devel-linux-x86_64-debian-gcc 1.2 6.19 32.08 38.27 NOTE
r-devel-linux-x86_64-fedora-clang 1.2 72.26 NOTE
r-devel-linux-x86_64-fedora-gcc 1.2 67.88 NOTE
r-devel-osx-x86_64-clang 1.2 62.48 NOTE
r-devel-windows-ix86+x86_64 1.2 18.00 52.00 70.00 NOTE
r-patched-linux-x86_64 1.2 6.36 30.46 36.82 NOTE
r-patched-solaris-sparc 1.2 406.00 NOTE
r-patched-solaris-x86 1.2 88.10 NOTE
r-release-linux-ix86 1.2 9.04 40.16 49.20 NOTE
r-release-linux-x86_64 1.2 6.32 31.79 38.11 NOTE
r-release-osx-x86_64-mavericks 1.2 NOTE
r-release-osx-x86_64-snowleopard 1.2 NOTE
r-release-windows-ix86+x86_64 1.2 17.00 54.00 71.00 NOTE
r-oldrel-windows-ix86+x86_64 1.2 19.00 51.00 70.00 NOTE

Check Details

Version: 1.2
Check: dependencies in R code
Result: NOTE
    There are ::: calls to the package's namespace in its code. A package
     almost never needs to use ::: for its own objects:
     ‘Chi2phi’ ‘Chiphi’ ‘Chiphi.n’ ‘Chiphi.w’ ‘Chipzphi’ ‘Psiphi.w’
     ‘Psizphi.n’ ‘Psizphi.w’ ‘Pspphi.n’ ‘Pspphi.w’ ‘Pspzphi.w’ ‘pezez’
     ‘psi.weight’ ‘psp.weight’ ‘s1chiphi.w’ ‘s1phi.w’ ‘s1pphi.w’
     ‘s1psiphi.n’ ‘s1psiphi.w’ ‘s1pzphi.w’ ‘s1s1phi.n’ ‘s1s1phi.w’
     ‘s1s2phi.w’ ‘s2chiphi.n’ ‘s2chiphi.w’ ‘s2phi.n’ ‘s2phi.w’ ‘s2pphi.w’
     ‘s2psiphi.w’ ‘s2pzphi.w’ ‘s2s2phi.n’ ‘s2s2phi.w’
    See the information on DESCRIPTION files in the chapter ‘Creating R
    packages’ of the ‘Writing R Extensions’ manual.
Flavors: r-devel-linux-x86_64-debian-clang, r-devel-linux-x86_64-debian-gcc, r-devel-linux-x86_64-fedora-clang, r-devel-linux-x86_64-fedora-gcc, r-devel-osx-x86_64-clang, r-devel-windows-ix86+x86_64, r-patched-linux-x86_64, r-patched-solaris-sparc, r-patched-solaris-x86, r-release-linux-ix86, r-release-linux-x86_64, r-release-osx-x86_64-mavericks, r-release-osx-x86_64-snowleopard, r-release-windows-ix86+x86_64, r-oldrel-windows-ix86+x86_64