CRAN Package Check Results for Package RobustAFT

Last updated on 2018-05-22 12:49:32 CEST.

Flavor Version Tinstall Tcheck Ttotal Status Flags
r-devel-linux-x86_64-debian-clang 1.4-1 17.35 81.16 98.51 NOTE
r-devel-linux-x86_64-debian-gcc 1.4-1 14.88 63.28 78.16 NOTE
r-devel-linux-x86_64-fedora-clang 1.4-1 122.16 NOTE
r-devel-linux-x86_64-fedora-gcc 1.4-1 118.31 NOTE
r-devel-windows-ix86+x86_64 1.4-1 49.00 101.00 150.00 OK
r-patched-linux-x86_64 1.4-1 14.82 75.01 89.83 NOTE
r-patched-solaris-x86 1.4-1 153.50 OK
r-release-linux-x86_64 1.4-1 14.89 73.89 88.78 NOTE
r-release-windows-ix86+x86_64 1.4-1 46.00 136.00 182.00 OK
r-release-osx-x86_64 1.4-1 OK
r-oldrel-windows-ix86+x86_64 1.4-1 40.00 95.00 135.00 OK
r-oldrel-osx-x86_64 1.4-1 OK

Check Details

Version: 1.4-1
Check: compiled code
Result: NOTE
    File ‘RobustAFT/libs/RobustAFT.so’:
     Found no calls to: ‘R_registerRoutines’, ‘R_useDynamicSymbols’
    
    It is good practice to register native routines and to disable symbol
    search.
    
    See ‘Writing portable packages’ in the ‘Writing R Extensions’ manual.
Flavors: r-devel-linux-x86_64-debian-clang, r-devel-linux-x86_64-debian-gcc, r-devel-linux-x86_64-fedora-clang, r-devel-linux-x86_64-fedora-gcc, r-patched-linux-x86_64, r-release-linux-x86_64