CRAN Package Check Results for Package RobustAFT

Last updated on 2015-04-25 22:46:56.

Flavor Version Tinstall Tcheck Ttotal Status Flags
r-devel-linux-x86_64-debian-clang 1.3 6.12 28.15 34.27 NOTE
r-devel-linux-x86_64-debian-gcc 1.3 7.62 26.81 34.43 NOTE
r-devel-linux-x86_64-fedora-clang 1.3 61.54 NOTE
r-devel-linux-x86_64-fedora-gcc 1.3 58.95 NOTE
r-devel-osx-x86_64-clang 1.3 56.59 NOTE
r-devel-windows-ix86+x86_64 1.3 17.00 52.00 69.00 NOTE
r-patched-linux-x86_64 1.3 5.96 27.42 33.37 NOTE
r-patched-solaris-sparc 1.3 390.50 NOTE
r-patched-solaris-x86 1.3 79.40 NOTE
r-release-linux-x86_64 1.3 6.07 28.22 34.30 NOTE
r-release-osx-x86_64-mavericks 1.3 NOTE
r-release-osx-x86_64-snowleopard 1.3 NOTE
r-release-windows-ix86+x86_64 1.3 17.00 51.00 68.00 NOTE
r-oldrel-windows-ix86+x86_64 1.3 16.00 51.00 67.00 OK

Check Details

Version: 1.3
Check: DESCRIPTION meta-information
Result: NOTE
    Malformed Title field: should not end in a period.
Flavors: r-devel-windows-ix86+x86_64, r-release-windows-ix86+x86_64