CRAN Package Check Results for Package RockFab

Last updated on 2014-08-23 11:50:55.

Flavor Version Tinstall Tcheck Ttotal Status Flags
r-devel-linux-x86_64-debian-clang 1.2 2.24 28.54 30.78 OK
r-devel-linux-x86_64-debian-gcc 1.2 2.18 27.98 30.16 OK
r-devel-linux-x86_64-fedora-clang 1.2 64.94 OK
r-devel-linux-x86_64-fedora-gcc 1.2 60.84 OK
r-devel-osx-x86_64-clang 1.2 55.72 OK
r-devel-windows-ix86+x86_64 1.2 8.00 46.00 54.00 OK
r-patched-linux-x86_64 1.2 2.20 28.31 30.51 OK
r-release-linux-ix86 1.2 2.71 37.58 40.28 OK
r-release-linux-x86_64 1.2 2.23 29.74 31.97 OK
r-release-osx-x86_64-mavericks 1.2 ERROR
r-release-osx-x86_64-snowleopard 1.2 OK
r-release-windows-ix86+x86_64 1.2 8.00 48.00 56.00 OK
r-oldrel-windows-ix86+x86_64 1.2 8.00 45.00 53.00 OK

Check Details

Version: 1.2
Check: package dependencies
Result: ERROR
    Package required but not available: ‘EBImage’
    
    See the information on DESCRIPTION files in the chapter ‘Creating R
    packages’ of the ‘Writing R Extensions’ manual.
Flavor: r-release-osx-x86_64-mavericks