CRAN Package Check Results for Package RockFab

Last updated on 2014-12-20 03:49:40.

Flavor Version Tinstall Tcheck Ttotal Status Flags
r-devel-linux-x86_64-debian-clang 1.2 2.15 29.41 31.56 OK
r-devel-linux-x86_64-debian-gcc 1.2 2.08 29.37 31.45 OK
r-devel-linux-x86_64-fedora-clang 1.2 66.21 OK
r-devel-linux-x86_64-fedora-gcc 1.2 61.52 OK
r-devel-osx-x86_64-clang 1.2 60.46 OK
r-devel-windows-ix86+x86_64 1.2 9.00 46.00 55.00 OK
r-patched-linux-x86_64 1.2 2.34 31.34 33.68 OK
r-release-linux-ix86 1.2 2.64 37.27 39.92 OK
r-release-linux-x86_64 1.2 2.27 29.95 32.22 OK
r-release-osx-x86_64-mavericks 1.2 ERROR
r-release-osx-x86_64-snowleopard 1.2 OK
r-release-windows-ix86+x86_64 1.2 8.00 48.00 56.00 OK
r-oldrel-windows-ix86+x86_64 1.2 9.00 44.00 53.00 OK

Check Details

Version: 1.2
Check: package dependencies
Result: ERROR
    Package required but not available: ‘EBImage’
    
    See the information on DESCRIPTION files in the chapter ‘Creating R
    packages’ of the ‘Writing R Extensions’ manual.
Flavor: r-release-osx-x86_64-mavericks