CRAN Package Check Results for Package RockFab

Last updated on 2016-09-25 10:47:06.

Flavor Version Tinstall Tcheck Ttotal Status Flags
r-devel-linux-x86_64-debian-clang 1.2 1.79 26.04 27.84 NOTE
r-devel-linux-x86_64-debian-gcc 1.2 1.72 26.25 27.96 NOTE
r-devel-linux-x86_64-fedora-clang 1.2 49.76 NOTE
r-devel-linux-x86_64-fedora-gcc 1.2 46.87 NOTE
r-devel-macos-x86_64-clang 1.2 40.61 NOTE
r-devel-windows-ix86+x86_64 1.2 7.00 66.00 73.00 NOTE
r-patched-linux-x86_64 1.2 2.16 27.00 29.16 NOTE
r-release-linux-x86_64 1.2 1.89 27.06 28.94 NOTE
r-release-osx-x86_64-mavericks 1.2 WARN
r-release-windows-ix86+x86_64 1.2 6.00 56.00 62.00 NOTE
r-oldrel-windows-ix86+x86_64 1.2 11.00 55.00 66.00 NOTE

Check Details

Version: 1.2
Check: DESCRIPTION meta-information
Result: NOTE
    Malformed Title field: should not end in a period.
Flavors: r-devel-linux-x86_64-debian-clang, r-devel-linux-x86_64-debian-gcc, r-devel-linux-x86_64-fedora-clang, r-devel-linux-x86_64-fedora-gcc, r-devel-macos-x86_64-clang, r-devel-windows-ix86+x86_64, r-patched-linux-x86_64, r-release-linux-x86_64, r-release-osx-x86_64-mavericks, r-release-windows-ix86+x86_64, r-oldrel-windows-ix86+x86_64

Version: 1.2
Check: R code for possible problems
Result: NOTE
    ElliOut: no visible global function definition for ‘read.table’
    FlinnPlot: no visible global function definition for ‘pdf’
    FlinnPlot: no visible global function definition for ‘plot’
    FlinnPlot: no visible global function definition for ‘lines’
    FlinnPlot: no visible global function definition for ‘par’
    FlinnPlot: no visible global function definition for ‘points’
    FlinnPlot: no visible global function definition for ‘text’
    FlinnPlot: no visible global function definition for ‘axis’
    FlinnPlot: no visible global function definition for ‘dev.off’
    FryObjective: no visible global function definition for
     ‘complete.cases’
    FrySelect: no visible global function definition for ‘dev.new’
    FrySelect: no visible global function definition for ‘par’
    FrySelect: no visible global function definition for ‘plot’
    FrySelect: no visible global function definition for ‘lines’
    FrySelect: no visible global function definition for ‘mtext’
    FrySelect: no visible global function definition for ‘points’
    FrySelect: no visible global function definition for ‘locator’
    FrySelect: no visible global function definition for ‘polygon’
    FrySelect: no visible global function definition for ‘pdf’
    FrySelect: no visible global function definition for ‘layout’
    FrySelect: no visible global function definition for ‘text’
    FrySelect: no visible global function definition for ‘dev.off’
    NadaiPlot: no visible global function definition for ‘pdf’
    NadaiPlot: no visible global function definition for ‘par’
    NadaiPlot: no visible global function definition for ‘plot’
    NadaiPlot: no visible global function definition for ‘text’
    NadaiPlot: no visible global function definition for ‘lines’
    NadaiPlot: no visible global function definition for ‘mtext’
    NadaiPlot: no visible global function definition for ‘points’
    NadaiPlot: no visible global function definition for ‘dev.off’
    ParEx: no visible global function definition for ‘pdf’
    ParEx: no visible global function definition for ‘par’
    ParEx: no visible global function definition for ‘plot’
    ParEx: no visible global function definition for ‘title’
    ParEx: no visible global function definition for ‘polygon’
    ParEx: no visible global function definition for ‘text’
    ParEx: no visible global function definition for ‘dev.off’
    RfPhi: no visible global function definition for ‘pdf’
    RfPhi: no visible global function definition for ‘par’
    RfPhi: no visible global function definition for ‘layout’
    RfPhi: no visible global function definition for ‘plot’
    RfPhi: no visible global function definition for ‘lines’
    RfPhi: no visible global function definition for ‘points’
    RfPhi: no visible global function definition for ‘axis’
    RfPhi: no visible global function definition for ‘polygon’
    RfPhi: no visible global function definition for ‘box’
    RfPhi: no visible global function definition for ‘text’
    RfPhi: no visible global function definition for ‘mtext’
    RfPhi: no visible global function definition for ‘dev.off’
    RfPhiParRead: no visible global function definition for ‘read.table’
    StereoCirc: no visible global function definition for ‘lines’
    StereoPlane: no visible global function definition for ‘lines’
    StereoPlot: no visible global function definition for ‘dev.new’
    StereoPlot: no visible global function definition for ‘pdf’
    StereoPlot: no visible global function definition for ‘par’
    StereoPlot: no visible global function definition for ‘plot’
    StereoPlot: no visible global function definition for ‘lines’
    StereoPlot: no visible global function definition for ‘text’
    StereoPlot: no visible global function definition for ‘mtext’
    StereoPoint: no visible global function definition for ‘par’
    StereoPoint: no visible global function definition for ‘text’
    StereoPoint: no visible global function definition for ‘points’
    StereoWeb: no visible global function definition for ‘lines’
    Undefined global functions or variables:
     axis box complete.cases dev.new dev.off layout lines locator mtext
     par pdf plot points polygon read.table text title
    Consider adding
     importFrom("grDevices", "dev.new", "dev.off", "pdf")
     importFrom("graphics", "axis", "box", "layout", "lines", "locator",
     "mtext", "par", "plot", "points", "polygon", "text",
     "title")
     importFrom("stats", "complete.cases")
     importFrom("utils", "read.table")
    to your NAMESPACE file.
Flavors: r-devel-linux-x86_64-debian-clang, r-devel-linux-x86_64-debian-gcc, r-devel-linux-x86_64-fedora-clang, r-devel-linux-x86_64-fedora-gcc, r-devel-macos-x86_64-clang, r-devel-windows-ix86+x86_64, r-patched-linux-x86_64, r-release-linux-x86_64, r-release-windows-ix86+x86_64

Version: 1.2
Check: whether package can be installed
Result: WARN
    Found the following significant warnings:
     Warning: 'rgl_init' failed, running with rgl.useNULL = TRUE
Flavor: r-release-osx-x86_64-mavericks

Version: 1.2
Check: dependencies in R code
Result: NOTE
    Invalid MIT-MAGIC-COOKIE-1 key
Flavor: r-release-osx-x86_64-mavericks

Version: 1.2
Check: S3 generic/method consistency
Result: WARN
    Invalid MIT-MAGIC-COOKIE-1 key
    See section ‘Generic functions and methods’ in the ‘Writing R
    Extensions’ manual.
Flavor: r-release-osx-x86_64-mavericks

Version: 1.2
Check: replacement functions
Result: WARN
    Invalid MIT-MAGIC-COOKIE-1 key
    The argument of a replacement function which corresponds to the right
    hand side must be named ‘value’.
Flavor: r-release-osx-x86_64-mavericks

Version: 1.2
Check: foreign function calls
Result: NOTE
    Invalid MIT-MAGIC-COOKIE-1 key
    See chapter ‘System and foreign language interfaces’ in the ‘Writing R
    Extensions’ manual.
Flavor: r-release-osx-x86_64-mavericks

Version: 1.2
Check: R code for possible problems
Result: NOTE
    Invalid MIT-MAGIC-COOKIE-1 keyElliOut: no visible global function definition for ‘read.table’
    FlinnPlot: no visible global function definition for ‘pdf’
    FlinnPlot: no visible global function definition for ‘plot’
    FlinnPlot: no visible global function definition for ‘lines’
    FlinnPlot: no visible global function definition for ‘par’
    FlinnPlot: no visible global function definition for ‘points’
    FlinnPlot: no visible global function definition for ‘text’
    FlinnPlot: no visible global function definition for ‘axis’
    FlinnPlot: no visible global function definition for ‘dev.off’
    FryObjective: no visible global function definition for
     ‘complete.cases’
    FrySelect: no visible global function definition for ‘dev.new’
    FrySelect: no visible global function definition for ‘par’
    FrySelect: no visible global function definition for ‘plot’
    FrySelect: no visible global function definition for ‘lines’
    FrySelect: no visible global function definition for ‘mtext’
    FrySelect: no visible global function definition for ‘points’
    FrySelect: no visible global function definition for ‘locator’
    FrySelect: no visible global function definition for ‘polygon’
    FrySelect: no visible global function definition for ‘pdf’
    FrySelect: no visible global function definition for ‘layout’
    FrySelect: no visible global function definition for ‘text’
    FrySelect: no visible global function definition for ‘dev.off’
    NadaiPlot: no visible global function definition for ‘pdf’
    NadaiPlot: no visible global function definition for ‘par’
    NadaiPlot: no visible global function definition for ‘plot’
    NadaiPlot: no visible global function definition for ‘text’
    NadaiPlot: no visible global function definition for ‘lines’
    NadaiPlot: no visible global function definition for ‘mtext’
    NadaiPlot: no visible global function definition for ‘points’
    NadaiPlot: no visible global function definition for ‘dev.off’
    ParEx: no visible global function definition for ‘pdf’
    ParEx: no visible global function definition for ‘par’
    ParEx: no visible global function definition for ‘plot’
    ParEx: no visible global function definition for ‘title’
    ParEx: no visible global function definition for ‘polygon’
    ParEx: no visible global function definition for ‘text’
    ParEx: no visible global function definition for ‘dev.off’
    RfPhi: no visible global function definition for ‘pdf’
    RfPhi: no visible global function definition for ‘par’
    RfPhi: no visible global function definition for ‘layout’
    RfPhi: no visible global function definition for ‘plot’
    RfPhi: no visible global function definition for ‘lines’
    RfPhi: no visible global function definition for ‘points’
    RfPhi: no visible global function definition for ‘axis’
    RfPhi: no visible global function definition for ‘polygon’
    RfPhi: no visible global function definition for ‘box’
    RfPhi: no visible global function definition for ‘text’
    RfPhi: no visible global function definition for ‘mtext’
    RfPhi: no visible global function definition for ‘dev.off’
    RfPhiParRead: no visible global function definition for ‘read.table’
    StereoCirc: no visible global function definition for ‘lines’
    StereoPlane: no visible global function definition for ‘lines’
    StereoPlot: no visible global function definition for ‘dev.new’
    StereoPlot: no visible global function definition for ‘pdf’
    StereoPlot: no visible global function definition for ‘par’
    StereoPlot: no visible global function definition for ‘plot’
    StereoPlot: no visible global function definition for ‘lines’
    StereoPlot: no visible global function definition for ‘text’
    StereoPlot: no visible global function definition for ‘mtext’
    StereoPoint: no visible global function definition for ‘par’
    StereoPoint: no visible global function definition for ‘text’
    StereoPoint: no visible global function definition for ‘points’
    StereoWeb: no visible global function definition for ‘lines’
    Undefined global functions or variables:
     axis box complete.cases dev.new dev.off layout lines locator mtext
     par pdf plot points polygon read.table text title
    Consider adding
     importFrom("grDevices", "dev.new", "dev.off", "pdf")
     importFrom("graphics", "axis", "box", "layout", "lines", "locator",
     "mtext", "par", "plot", "points", "polygon", "text",
     "title")
     importFrom("stats", "complete.cases")
     importFrom("utils", "read.table")
    to your NAMESPACE file.
Flavor: r-release-osx-x86_64-mavericks

Version: 1.2
Check: for missing documentation entries
Result: WARN
    Invalid MIT-MAGIC-COOKIE-1 key
    All user-level objects in a package should have documentation entries.
    See chapter ‘Writing R documentation files’ in the ‘Writing R
    Extensions’ manual.
Flavor: r-release-osx-x86_64-mavericks

Version: 1.2
Check: for code/documentation mismatches
Result: WARN
    Invalid MIT-MAGIC-COOKIE-1 key
    Invalid MIT-MAGIC-COOKIE-1 key
    Invalid MIT-MAGIC-COOKIE-1 key
Flavor: r-release-osx-x86_64-mavericks

Version: 1.2
Check: Rd \usage sections
Result: NOTE
    Invalid MIT-MAGIC-COOKIE-1 key
    The \usage entries for S3 methods should use the \method markup and not
    their full name.
    See chapter ‘Writing R documentation files’ in the ‘Writing R
    Extensions’ manual.
Flavor: r-release-osx-x86_64-mavericks