CRAN Package Check Results for Package RockFab

Last updated on 2015-04-28 11:48:36.

Flavor Version Tinstall Tcheck Ttotal Status Flags
r-devel-linux-x86_64-debian-clang 1.2 2.19 22.84 25.03 NOTE
r-devel-linux-x86_64-debian-gcc 1.2 1.48 22.94 24.42 NOTE
r-devel-linux-x86_64-fedora-clang 1.2 48.38 NOTE
r-devel-linux-x86_64-fedora-gcc 1.2 46.27 NOTE
r-devel-osx-x86_64-clang 1.2 46.12 NOTE
r-devel-windows-ix86+x86_64 1.2 6.00 35.00 41.00 NOTE
r-patched-linux-x86_64 1.2 1.49 23.41 24.90 NOTE
r-release-linux-x86_64 1.2 1.50 22.44 23.95 NOTE
r-release-osx-x86_64-mavericks 1.2 ERROR
r-release-osx-x86_64-snowleopard 1.2 ERROR
r-release-windows-ix86+x86_64 1.2 6.00 35.00 41.00 NOTE
r-oldrel-windows-ix86+x86_64 1.2 8.00 52.00 60.00 OK

Check Details

Version: 1.2
Check: DESCRIPTION meta-information
Result: NOTE
    Malformed Title field: should not end in a period.
Flavors: r-devel-linux-x86_64-debian-clang, r-devel-linux-x86_64-debian-gcc, r-devel-linux-x86_64-fedora-clang, r-devel-linux-x86_64-fedora-gcc, r-devel-osx-x86_64-clang, r-devel-windows-ix86+x86_64, r-patched-linux-x86_64, r-release-linux-x86_64, r-release-windows-ix86+x86_64

Version: 1.2
Check: package dependencies
Result: ERROR
    Package required but not available: ‘EBImage’
    
    See section ‘The DESCRIPTION file’ in the ‘Writing R Extensions’
    manual.
Flavors: r-release-osx-x86_64-mavericks, r-release-osx-x86_64-snowleopard