CRAN Package Check Results for Package RockFab

Last updated on 2014-07-24 16:48:05.

Flavor Version Tinstall Tcheck Ttotal Status Flags
r-devel-linux-x86_64-debian-clang 1.2 2.28 29.22 31.50 OK
r-devel-linux-x86_64-debian-gcc 1.2 2.26 28.33 30.59 OK
r-devel-linux-x86_64-fedora-clang 1.2 66.54 OK
r-devel-linux-x86_64-fedora-gcc 1.2 62.79 OK
r-devel-osx-x86_64-clang 1.2 55.96 OK
r-devel-windows-ix86+x86_64 1.2 7.00 44.00 51.00 OK
r-patched-linux-x86_64 1.2 2.44 28.64 31.07 OK
r-release-linux-ix86 1.2 2.70 37.13 39.83 OK
r-release-linux-x86_64 1.2 2.28 28.86 31.14 OK
r-release-osx-x86_64-mavericks 1.2 ERROR
r-release-osx-x86_64-snowleopard 1.2 OK
r-release-windows-ix86+x86_64 1.2 7.00 44.00 51.00 OK
r-oldrel-windows-ix86+x86_64 1.2 8.00 45.00 53.00 OK

Check Details

Version: 1.2
Check: package dependencies
Result: ERROR
    Package required but not available: ‘EBImage’
    
    See the information on DESCRIPTION files in the chapter ‘Creating R
    packages’ of the ‘Writing R Extensions’ manual.
Flavor: r-release-osx-x86_64-mavericks