CRAN Package Check Results for Package RockFab

Last updated on 2015-03-31 08:51:33.

Flavor Version Tinstall Tcheck Ttotal Status Flags
r-devel-linux-x86_64-debian-clang 1.2 1.51 23.30 24.81 NOTE
r-devel-linux-x86_64-debian-gcc 1.2 1.62 22.07 23.69 NOTE
r-devel-linux-x86_64-fedora-clang 1.2 47.97 NOTE
r-devel-linux-x86_64-fedora-gcc 1.2 46.13 NOTE
r-devel-osx-x86_64-clang 1.2 51.63 NOTE
r-prerel-windows-ix86+x86_64 1.2 6.00 38.00 44.00 NOTE
r-prerel-linux-x86_64 1.2 1.49 22.29 23.78 NOTE
r-release-linux-x86_64 1.2 2.45 30.13 32.58 OK
r-release-osx-x86_64-mavericks 1.2 ERROR
r-release-osx-x86_64-snowleopard 1.2 OK
r-release-windows-ix86+x86_64 1.2 8.00 57.00 65.00 OK
r-oldrel-windows-ix86+x86_64 1.2 9.00 50.00 59.00 OK

Check Details

Version: 1.2
Check: DESCRIPTION meta-information
Result: NOTE
    Malformed Title field: should not end in a period.
Flavors: r-devel-linux-x86_64-debian-clang, r-devel-linux-x86_64-debian-gcc, r-devel-linux-x86_64-fedora-clang, r-devel-linux-x86_64-fedora-gcc, r-devel-osx-x86_64-clang, r-prerel-windows-ix86+x86_64, r-prerel-linux-x86_64

Version: 1.2
Check: package dependencies
Result: ERROR
    Package required but not available: ‘EBImage’
    
    See section ‘The DESCRIPTION file’ in the ‘Writing R Extensions’
    manual.
Flavor: r-release-osx-x86_64-mavericks