CRAN Package Check Results for Package RockFab

Last updated on 2015-05-30 06:47:00.

Flavor Version Tinstall Tcheck Ttotal Status Flags
r-devel-linux-x86_64-debian-clang 1.2 1.61 22.23 23.84 NOTE
r-devel-linux-x86_64-debian-gcc 1.2 1.49 21.98 23.47 NOTE
r-devel-linux-x86_64-fedora-clang 1.2 49.48 NOTE
r-devel-linux-x86_64-fedora-gcc 1.2 44.91 NOTE
r-devel-osx-x86_64-clang 1.2 48.92 NOTE
r-devel-windows-ix86+x86_64 1.2 6.00 39.00 45.00 NOTE
r-patched-linux-x86_64 1.2 1.46 21.86 23.32 NOTE
r-release-linux-x86_64 1.2 1.50 22.34 23.84 NOTE
r-release-osx-x86_64-mavericks 1.2 NOTE
r-release-osx-x86_64-snowleopard 1.2 ERROR
r-release-windows-ix86+x86_64 1.2 6.00 37.00 43.00 NOTE
r-oldrel-windows-ix86+x86_64 1.2 9.00 56.00 65.00 OK

Check Details

Version: 1.2
Check: DESCRIPTION meta-information
Result: NOTE
    Malformed Title field: should not end in a period.
Flavors: r-devel-linux-x86_64-debian-clang, r-devel-linux-x86_64-debian-gcc, r-devel-linux-x86_64-fedora-clang, r-devel-linux-x86_64-fedora-gcc, r-devel-osx-x86_64-clang, r-devel-windows-ix86+x86_64, r-patched-linux-x86_64, r-release-linux-x86_64, r-release-osx-x86_64-mavericks, r-release-windows-ix86+x86_64

Version: 1.2
Check: package dependencies
Result: ERROR
    Package required but not available: ‘EBImage’
    
    See section ‘The DESCRIPTION file’ in the ‘Writing R Extensions’
    manual.
Flavor: r-release-osx-x86_64-snowleopard