CRAN Package Check Results for Package RockFab

Last updated on 2014-09-02 20:49:00.

Flavor Version Tinstall Tcheck Ttotal Status Flags
r-devel-linux-x86_64-debian-clang 1.2 2.24 29.26 31.50 OK
r-devel-linux-x86_64-debian-gcc 1.2 2.16 28.04 30.20 OK
r-devel-linux-x86_64-fedora-clang 1.2 64.43 OK
r-devel-linux-x86_64-fedora-gcc 1.2 60.63 OK
r-devel-osx-x86_64-clang 1.2 53.76 OK
r-devel-windows-ix86+x86_64 1.2 8.00 44.00 52.00 OK
r-patched-linux-x86_64 1.2 2.22 29.09 31.31 OK
r-release-linux-ix86 1.2 2.72 37.72 40.44 OK
r-release-linux-x86_64 1.2 2.24 28.75 30.98 OK
r-release-osx-x86_64-mavericks 1.2 ERROR
r-release-osx-x86_64-snowleopard 1.2 OK
r-release-windows-ix86+x86_64 1.2 7.00 47.00 54.00 OK
r-oldrel-windows-ix86+x86_64 1.2 8.00 44.00 52.00 OK

Check Details

Version: 1.2
Check: package dependencies
Result: ERROR
    Package required but not available: ‘EBImage’
    
    See the information on DESCRIPTION files in the chapter ‘Creating R
    packages’ of the ‘Writing R Extensions’ manual.
Flavor: r-release-osx-x86_64-mavericks