CRAN Package Check Results for Package RockFab

Last updated on 2014-10-22 15:55:04.

Flavor Version Tinstall Tcheck Ttotal Status Flags
r-devel-linux-x86_64-debian-clang 1.2 2.29 29.16 31.45 OK
r-devel-linux-x86_64-debian-gcc 1.2 2.16 29.68 31.84 OK
r-devel-linux-x86_64-fedora-clang 1.2 65.13 OK
r-devel-linux-x86_64-fedora-gcc 1.2 61.27 OK
r-devel-osx-x86_64-clang 1.2 61.17 OK
r-devel-windows-ix86+x86_64 1.2 9.00 46.00 55.00 OK
r-patched-linux-x86_64 1.2 2.25 30.13 32.38 OK
r-release-linux-ix86 1.2 2.76 37.93 40.69 OK
r-release-linux-x86_64 1.2 2.26 29.60 31.86 OK
r-release-osx-x86_64-mavericks 1.2 ERROR
r-release-osx-x86_64-snowleopard 1.2 OK
r-release-windows-ix86+x86_64 1.2 9.00 44.00 53.00 OK
r-oldrel-windows-ix86+x86_64 1.2 8.00 48.00 56.00 OK

Check Details

Version: 1.2
Check: package dependencies
Result: ERROR
    Package required but not available: ‘EBImage’
    
    See the information on DESCRIPTION files in the chapter ‘Creating R
    packages’ of the ‘Writing R Extensions’ manual.
Flavor: r-release-osx-x86_64-mavericks