CRAN Package Check Results for Package RockFab

Last updated on 2015-02-27 20:49:46.

Flavor Version Tinstall Tcheck Ttotal Status Flags
r-devel-linux-x86_64-debian-clang 1.2 1.73 22.25 23.98 NOTE
r-devel-linux-x86_64-debian-gcc 1.2 1.52 21.65 23.17 NOTE
r-devel-linux-x86_64-fedora-clang 1.2 49.32 NOTE
r-devel-linux-x86_64-fedora-gcc 1.2 45.78 NOTE
r-devel-osx-x86_64-clang 1.2 48.39 NOTE
r-devel-windows-ix86+x86_64 1.2 7.00 37.00 44.00 NOTE
r-patched-linux-x86_64 1.2 2.27 30.39 32.66 OK
r-release-linux-ix86 1.2 2.67 38.79 41.46 OK
r-release-linux-x86_64 1.2 2.34 30.74 33.08 OK
r-release-osx-x86_64-mavericks 1.2 ERROR
r-release-osx-x86_64-snowleopard 1.2 OK
r-release-windows-ix86+x86_64 1.2 9.00 47.00 56.00 OK
r-oldrel-windows-ix86+x86_64 1.2 8.00 49.00 57.00 OK

Check Details

Version: 1.2
Check: DESCRIPTION meta-information
Result: NOTE
    Malformed Title field: should not end in a period.
Flavors: r-devel-linux-x86_64-debian-clang, r-devel-linux-x86_64-debian-gcc, r-devel-linux-x86_64-fedora-clang, r-devel-linux-x86_64-fedora-gcc, r-devel-osx-x86_64-clang, r-devel-windows-ix86+x86_64

Version: 1.2
Check: package dependencies
Result: ERROR
    Package required but not available: ‘EBImage’
    
    See section ‘The DESCRIPTION file’ in the ‘Writing R Extensions’
    manual.
Flavor: r-release-osx-x86_64-mavericks