CRAN Package Check Results for Package Rook

Last updated on 2014-07-23 23:48:31.

Flavor Version Tinstall Tcheck Ttotal Status Flags
r-devel-linux-x86_64-debian-clang 1.0-9 2.48 16.56 19.03 NOTE
r-devel-linux-x86_64-debian-gcc 1.0-9 2.43 16.54 18.97 NOTE
r-devel-linux-x86_64-fedora-clang 1.0-9 39.62 NOTE
r-devel-linux-x86_64-fedora-gcc 1.0-9 36.67 NOTE
r-devel-osx-x86_64-clang 1.0-9 39.13 NOTE
r-devel-windows-ix86+x86_64 1.0-9 9.00 29.00 38.00 NOTE
r-patched-linux-x86_64 1.0-9 2.46 15.87 18.33 NOTE
r-patched-solaris-sparc 1.0-9 223.10 NOTE
r-patched-solaris-x86 1.0-9 51.80 NOTE
r-release-linux-ix86 1.0-9 3.14 23.22 26.36 NOTE
r-release-linux-x86_64 1.0-9 2.52 16.38 18.90 NOTE
r-release-osx-x86_64-mavericks 1.0-9 NOTE
r-release-osx-x86_64-snowleopard 1.0-9 OK
r-release-windows-ix86+x86_64 1.0-9 12.00 26.00 38.00 NOTE
r-oldrel-windows-ix86+x86_64 1.0-9 9.00 30.00 39.00 NOTE

Check Details

Version: 1.0-9
Check: dependencies in R code
Result: NOTE
    Packages in Depends field not imported from:
     ‘brew’ ‘methods’
     These packages need to be imported from (in the NAMESPACE file)
     for when this namespace is loaded but not attached.
    See the information on DESCRIPTION files in the chapter ‘Creating R
    packages’ of the ‘Writing R Extensions’ manual.
Flavors: r-devel-linux-x86_64-debian-clang, r-devel-linux-x86_64-debian-gcc, r-devel-linux-x86_64-fedora-clang, r-devel-linux-x86_64-fedora-gcc, r-devel-osx-x86_64-clang, r-devel-windows-ix86+x86_64, r-patched-linux-x86_64, r-patched-solaris-sparc, r-patched-solaris-x86, r-release-linux-ix86, r-release-linux-x86_64, r-release-osx-x86_64-mavericks, r-release-windows-ix86+x86_64, r-oldrel-windows-ix86+x86_64