CRAN Package Check Results for Package Rook

Last updated on 2014-10-01 07:47:48.

Flavor Version Tinstall Tcheck Ttotal Status Flags
r-devel-linux-x86_64-debian-clang 1.0-9 2.31 16.12 18.43 NOTE
r-devel-linux-x86_64-debian-gcc 1.0-9 2.27 16.78 19.05 NOTE
r-devel-linux-x86_64-fedora-clang 1.0-9 37.44 NOTE
r-devel-linux-x86_64-fedora-gcc 1.0-9 35.55 NOTE
r-devel-osx-x86_64-clang 1.0-9 38.29 NOTE
r-devel-windows-ix86+x86_64 1.0-9 9.00 28.00 37.00 NOTE
r-patched-linux-x86_64 1.0-9 2.46 16.90 19.36 NOTE
r-patched-solaris-sparc 1.0-9 248.30 NOTE
r-patched-solaris-x86 1.0-9 53.30 NOTE
r-release-linux-ix86 1.0-9 3.15 23.62 26.78 NOTE
r-release-linux-x86_64 1.0-9 2.76 16.92 19.68 NOTE
r-release-osx-x86_64-mavericks 1.0-9 NOTE
r-release-osx-x86_64-snowleopard 1.0-9 OK
r-release-windows-ix86+x86_64 1.0-9 12.00 26.00 38.00 NOTE
r-oldrel-windows-ix86+x86_64 1.0-9 9.00 30.00 39.00 NOTE

Check Details

Version: 1.0-9
Check: dependencies in R code
Result: NOTE
    Packages in Depends field not imported from:
     ‘brew’ ‘methods’ ‘tools’
     These packages need to be imported from (in the NAMESPACE file)
     for when this namespace is loaded but not attached.
    See the information on DESCRIPTION files in the chapter ‘Creating R
    packages’ of the ‘Writing R Extensions’ manual.
Flavors: r-devel-linux-x86_64-debian-clang, r-devel-linux-x86_64-debian-gcc, r-devel-linux-x86_64-fedora-clang, r-devel-linux-x86_64-fedora-gcc, r-devel-osx-x86_64-clang, r-devel-windows-ix86+x86_64, r-patched-linux-x86_64, r-patched-solaris-sparc, r-patched-solaris-x86

Version: 1.0-9
Check: dependencies in R code
Result: NOTE
    Packages in Depends field not imported from:
     ‘brew’ ‘methods’
     These packages need to be imported from (in the NAMESPACE file)
     for when this namespace is loaded but not attached.
    See the information on DESCRIPTION files in the chapter ‘Creating R
    packages’ of the ‘Writing R Extensions’ manual.
Flavors: r-release-linux-ix86, r-release-linux-x86_64, r-release-osx-x86_64-mavericks, r-release-windows-ix86+x86_64, r-oldrel-windows-ix86+x86_64