CRAN Package Check Results for Package Rook

Last updated on 2017-02-26 17:51:43.

Flavor Version Tinstall Tcheck Ttotal Status Flags
r-devel-linux-x86_64-debian-clang 1.1-1 2.66 18.23 20.89 NOTE
r-devel-linux-x86_64-debian-gcc 1.1-1 2.48 18.45 20.92 NOTE
r-devel-linux-x86_64-fedora-clang 1.1-1 33.64 NOTE --no-stop-on-test-error
r-devel-linux-x86_64-fedora-gcc 1.1-1 32.72 NOTE --no-stop-on-test-error
r-devel-macos-x86_64-clang 1.1-1 29.70 NOTE --no-stop-on-test-error
r-devel-windows-ix86+x86_64 1.1-1 9.00 53.00 62.00 OK
r-patched-linux-x86_64 1.1-1 2.55 15.85 18.39 OK
r-patched-solaris-sparc 1.1-1 200.80 OK
r-patched-solaris-x86 1.1-1 40.70 OK
r-release-linux-x86_64 1.1-1 2.60 16.25 18.85 OK
r-release-osx-x86_64-mavericks 1.1-1 OK
r-release-windows-ix86+x86_64 1.1-1 9.00 36.00 45.00 OK
r-oldrel-windows-ix86+x86_64 1.1-1 9.00 34.00 43.00 OK

Check Details

Version: 1.1-1
Check: compiled code
Result: NOTE
    File ‘Rook/libs/Rook.so’:
     Found no call to: ‘R_useDynamicSymbols’
    
    It is good practice to register native routines and to disable symbol
    search.
    
    See ‘Writing portable packages’ in the ‘Writing R Extensions’ manual.
Flavors: r-devel-linux-x86_64-debian-clang, r-devel-linux-x86_64-debian-gcc

Version: 1.1-1
Flags: --no-stop-on-test-error
Check: compiled code
Result: NOTE
    File ‘Rook/libs/Rook.so’:
     Found no call to: ‘R_useDynamicSymbols’
    
    It is good practice to register native routines and to disable symbol
    search.
    
    See ‘Writing portable packages’ in the ‘Writing R Extensions’ manual.
Flavors: r-devel-linux-x86_64-fedora-clang, r-devel-linux-x86_64-fedora-gcc, r-devel-macos-x86_64-clang