Last updated on 2022-06-28 23:54:14 CEST.
Flavor | Version | Tinstall | Tcheck | Ttotal | Status | Flags |
---|---|---|---|---|---|---|
r-devel-linux-x86_64-debian-clang | 1.1-1 | 6.25 | 35.06 | 41.31 | OK | |
r-devel-linux-x86_64-debian-gcc | 1.1-1 | 4.99 | 27.27 | 32.26 | OK | |
r-devel-linux-x86_64-fedora-clang | 1.1-1 | 59.78 | NOTE | |||
r-devel-linux-x86_64-fedora-gcc | 1.1-1 | 59.35 | NOTE | |||
r-devel-windows-x86_64 | 1.1-1 | 49.00 | 59.00 | 108.00 | OK | |
r-patched-linux-x86_64 | 1.1-1 | 6.62 | 33.59 | 40.21 | OK | |
r-release-linux-x86_64 | 1.1-1 | 5.62 | 33.11 | 38.73 | OK | |
r-release-macos-arm64 | 1.1-1 | 19.00 | OK | |||
r-release-macos-x86_64 | 1.1-1 | 28.00 | OK | |||
r-release-windows-x86_64 | 1.1-1 | 40.00 | 58.00 | 98.00 | OK | |
r-oldrel-macos-arm64 | 1.1-1 | 23.00 | OK | |||
r-oldrel-macos-x86_64 | 1.1-1 | 40.00 | OK | |||
r-oldrel-windows-ix86+x86_64 | 1.1-1 | 13.00 | 63.00 | 76.00 | OK |
Version: 1.1-1
Check: compiled code
Result: NOTE
File ‘Rook/libs/Rook.so’:
Found no call to: ‘R_useDynamicSymbols’
It is good practice to register native routines and to disable symbol
search.
See ‘Writing portable packages’ in the ‘Writing R Extensions’ manual.
Flavors: r-devel-linux-x86_64-fedora-clang, r-devel-linux-x86_64-fedora-gcc