CRAN Package Check Results for Package Rook

Last updated on 2018-06-21 23:50:36 CEST.

Flavor Version Tinstall Tcheck Ttotal Status Flags
r-devel-linux-x86_64-debian-clang 1.1-1 5.49 25.39 30.88 NOTE
r-devel-linux-x86_64-debian-gcc 1.1-1 3.85 21.75 25.60 NOTE
r-devel-linux-x86_64-fedora-clang 1.1-1 38.45 NOTE
r-devel-linux-x86_64-fedora-gcc 1.1-1 36.72 NOTE
r-devel-windows-ix86+x86_64 1.1-1 15.00 62.00 77.00 OK
r-patched-linux-x86_64 1.1-1 6.33 26.51 32.84 NOTE
r-patched-solaris-x86 1.1-1 58.70 OK
r-release-linux-x86_64 1.1-1 7.13 26.35 33.48 NOTE
r-release-windows-ix86+x86_64 1.1-1 20.00 43.00 63.00 OK
r-release-osx-x86_64 1.1-1 OK
r-oldrel-windows-ix86+x86_64 1.1-1 9.00 42.00 51.00 OK
r-oldrel-osx-x86_64 1.1-1 OK

Additional issues

rchk

Check Details

Version: 1.1-1
Check: compiled code
Result: NOTE
    File ‘Rook/libs/Rook.so’:
     Found no call to: ‘R_useDynamicSymbols’
    
    It is good practice to register native routines and to disable symbol
    search.
    
    See ‘Writing portable packages’ in the ‘Writing R Extensions’ manual.
Flavors: r-devel-linux-x86_64-debian-clang, r-devel-linux-x86_64-debian-gcc, r-devel-linux-x86_64-fedora-clang, r-devel-linux-x86_64-fedora-gcc, r-patched-linux-x86_64, r-release-linux-x86_64