CRAN Package Check Results for Package Rook

Last updated on 2017-05-26 03:48:43.

Flavor Version Tinstall Tcheck Ttotal Status Flags
r-devel-linux-x86_64-debian-clang 1.1-1 2.63 18.78 21.41 NOTE
r-devel-linux-x86_64-debian-gcc 1.1-1 2.60 17.88 20.48 NOTE
r-devel-linux-x86_64-fedora-clang 1.1-1 35.45 NOTE --no-stop-on-test-error
r-devel-linux-x86_64-fedora-gcc 1.1-1 33.18 NOTE --no-stop-on-test-error
r-devel-windows-ix86+x86_64 1.1-1 16.00 52.00 68.00 OK
r-patched-linux-x86_64 1.1-1 2.49 18.36 20.85 NOTE
r-patched-solaris-sparc 1.1-1 261.10 OK
r-patched-solaris-x86 1.1-1 47.00 OK
r-release-linux-x86_64 1.1-1 2.56 18.65 21.21 NOTE
r-release-windows-ix86+x86_64 1.1-1 9.00 36.00 45.00 OK
r-release-osx-x86_64 1.1-1 OK
r-oldrel-windows-ix86+x86_64 1.1-1 9.00 36.00 45.00 OK
r-oldrel-osx-x86_64 1.1-1 OK

Additional issues

rchk

Check Details

Version: 1.1-1
Check: compiled code
Result: NOTE
    File ‘Rook/libs/Rook.so’:
     Found no call to: ‘R_useDynamicSymbols’
    
    It is good practice to register native routines and to disable symbol
    search.
    
    See ‘Writing portable packages’ in the ‘Writing R Extensions’ manual.
Flavors: r-devel-linux-x86_64-debian-clang, r-devel-linux-x86_64-debian-gcc, r-patched-linux-x86_64, r-release-linux-x86_64

Version: 1.1-1
Flags: --no-stop-on-test-error
Check: compiled code
Result: NOTE
    File ‘Rook/libs/Rook.so’:
     Found no call to: ‘R_useDynamicSymbols’
    
    It is good practice to register native routines and to disable symbol
    search.
    
    See ‘Writing portable packages’ in the ‘Writing R Extensions’ manual.
Flavors: r-devel-linux-x86_64-fedora-clang, r-devel-linux-x86_64-fedora-gcc