CRAN Package Check Results for Package Rook

Last updated on 2022-01-27 23:56:44 CET.

Flavor Version Tinstall Tcheck Ttotal Status Flags
r-devel-linux-x86_64-debian-clang 1.1-1 6.16 41.82 47.98 OK
r-devel-linux-x86_64-debian-gcc 1.1-1 4.94 32.60 37.54 OK
r-devel-linux-x86_64-fedora-clang 1.1-1 59.17 NOTE
r-devel-linux-x86_64-fedora-gcc 1.1-1 48.05 NOTE
r-devel-windows-x86_64-new-UL 1.1-1 49.00 62.00 111.00 OK
r-devel-windows-x86_64-new-TK 1.1-1 OK
r-patched-linux-x86_64 1.1-1 5.48 39.49 44.97 OK
r-release-linux-x86_64 1.1-1 6.15 40.31 46.46 OK
r-release-macos-arm64 1.1-1 OK
r-release-macos-x86_64 1.1-1 OK
r-release-windows-ix86+x86_64 1.1-1 14.00 59.00 73.00 OK
r-oldrel-macos-x86_64 1.1-1 OK
r-oldrel-windows-ix86+x86_64 1.1-1 10.00 56.00 66.00 OK

Additional issues

rchk

Check Details

Version: 1.1-1
Check: compiled code
Result: NOTE
    File ‘Rook/libs/Rook.so’:
     Found no call to: ‘R_useDynamicSymbols’
    
    It is good practice to register native routines and to disable symbol
    search.
    
    See ‘Writing portable packages’ in the ‘Writing R Extensions’ manual.
Flavors: r-devel-linux-x86_64-fedora-clang, r-devel-linux-x86_64-fedora-gcc