CRAN Package Check Results for Package Rook

Last updated on 2017-03-30 19:48:08.

Flavor Version Tinstall Tcheck Ttotal Status Flags
r-devel-linux-x86_64-debian-clang 1.1-1 2.65 18.45 21.10 NOTE
r-devel-linux-x86_64-debian-gcc 1.1-1 2.47 18.59 21.06 NOTE
r-devel-linux-x86_64-fedora-clang 1.1-1 34.22 NOTE --no-stop-on-test-error
r-devel-linux-x86_64-fedora-gcc 1.1-1 33.08 NOTE --no-stop-on-test-error
r-devel-macos-x86_64-clang 1.1-1 29.43 NOTE --no-stop-on-test-error
r-devel-windows-ix86+x86_64 1.1-1 9.00 39.00 48.00 OK
r-patched-linux-x86_64 1.1-1 2.60 17.74 20.33 NOTE
r-patched-solaris-sparc 1.1-1 261.10 OK
r-patched-solaris-x86 1.1-1 46.70 OK
r-release-linux-x86_64 1.1-1 2.26 15.06 17.33 OK
r-release-osx-x86_64-mavericks 1.1-1 OK
r-release-windows-ix86+x86_64 1.1-1 9.00 36.00 45.00 OK
r-oldrel-windows-ix86+x86_64 1.1-1 9.00 34.00 43.00 OK

Check Details

Version: 1.1-1
Check: compiled code
Result: NOTE
    File ‘Rook/libs/Rook.so’:
     Found no call to: ‘R_useDynamicSymbols’
    
    It is good practice to register native routines and to disable symbol
    search.
    
    See ‘Writing portable packages’ in the ‘Writing R Extensions’ manual.
Flavors: r-devel-linux-x86_64-debian-clang, r-devel-linux-x86_64-debian-gcc, r-patched-linux-x86_64

Version: 1.1-1
Flags: --no-stop-on-test-error
Check: compiled code
Result: NOTE
    File ‘Rook/libs/Rook.so’:
     Found no call to: ‘R_useDynamicSymbols’
    
    It is good practice to register native routines and to disable symbol
    search.
    
    See ‘Writing portable packages’ in the ‘Writing R Extensions’ manual.
Flavors: r-devel-linux-x86_64-fedora-clang, r-devel-linux-x86_64-fedora-gcc, r-devel-macos-x86_64-clang