CRAN Package Check Results for Package Rook

Last updated on 2017-07-26 02:48:13.

Flavor Version Tinstall Tcheck Ttotal Status Flags
r-devel-linux-x86_64-debian-clang 1.1-1 2.49 25.12 27.60 NOTE
r-devel-linux-x86_64-debian-gcc 1.1-1 2.52 24.93 27.45 NOTE
r-devel-linux-x86_64-fedora-clang 1.1-1 35.08 NOTE
r-devel-linux-x86_64-fedora-gcc 1.1-1 35.05 NOTE
r-devel-windows-ix86+x86_64 1.1-1 13.00 62.00 75.00 OK
r-patched-linux-x86_64 1.1-1 2.49 25.72 28.21 NOTE
r-patched-solaris-x86 1.1-1 48.50 OK
r-release-linux-x86_64 1.1-1 2.68 24.94 27.61 NOTE
r-release-windows-ix86+x86_64 1.1-1 9.00 36.00 45.00 OK
r-release-osx-x86_64 1.1-1 OK
r-oldrel-windows-ix86+x86_64 1.1-1 9.00 36.00 45.00 OK
r-oldrel-osx-x86_64 1.1-1 OK

Additional issues

rchk

Check Details

Version: 1.1-1
Check: compiled code
Result: NOTE
    File ‘Rook/libs/Rook.so’:
     Found no call to: ‘R_useDynamicSymbols’
    
    It is good practice to register native routines and to disable symbol
    search.
    
    See ‘Writing portable packages’ in the ‘Writing R Extensions’ manual.
Flavors: r-devel-linux-x86_64-debian-clang, r-devel-linux-x86_64-debian-gcc, r-devel-linux-x86_64-fedora-clang, r-devel-linux-x86_64-fedora-gcc, r-patched-linux-x86_64, r-release-linux-x86_64