CRAN Package Check Results for Package Rook

Last updated on 2017-09-22 10:47:46.

Flavor Version Tinstall Tcheck Ttotal Status Flags
r-devel-linux-x86_64-debian-clang 1.1-1 2.64 18.52 21.16 NOTE
r-devel-linux-x86_64-debian-gcc 1.1-1 2.47 18.66 21.13 NOTE
r-devel-linux-x86_64-fedora-clang 1.1-1 34.87 NOTE
r-devel-linux-x86_64-fedora-gcc 1.1-1 35.50 NOTE
r-devel-windows-ix86+x86_64 1.1-1 20.00 36.00 56.00 OK
r-patched-linux-x86_64 1.1-1 2.49 18.30 20.79 NOTE
r-patched-solaris-x86 1.1-1 47.50 OK
r-release-linux-x86_64 1.1-1 2.99 18.18 21.17 NOTE
r-release-windows-ix86+x86_64 1.1-1 9.00 42.00 51.00 OK
r-release-osx-x86_64 1.1-1 OK
r-oldrel-windows-ix86+x86_64 1.1-1 9.00 36.00 45.00 OK
r-oldrel-osx-x86_64 1.1-1 OK

Additional issues

rchk

Check Details

Version: 1.1-1
Check: compiled code
Result: NOTE
    File ‘Rook/libs/Rook.so’:
     Found no call to: ‘R_useDynamicSymbols’
    
    It is good practice to register native routines and to disable symbol
    search.
    
    See ‘Writing portable packages’ in the ‘Writing R Extensions’ manual.
Flavors: r-devel-linux-x86_64-debian-clang, r-devel-linux-x86_64-debian-gcc, r-devel-linux-x86_64-fedora-clang, r-devel-linux-x86_64-fedora-gcc, r-patched-linux-x86_64, r-release-linux-x86_64