CRAN Package Check Results for Package RoughSets

Last updated on 2018-07-23 01:51:57 CEST.

Flavor Version Tinstall Tcheck Ttotal Status Flags
r-devel-linux-x86_64-debian-clang 1.3-0 19.20 54.03 73.23 NOTE
r-devel-linux-x86_64-debian-gcc 1.3-0 16.37 45.21 61.58 NOTE
r-devel-linux-x86_64-fedora-clang 1.3-0 97.83 NOTE
r-devel-linux-x86_64-fedora-gcc 1.3-0 95.39 NOTE
r-devel-windows-ix86+x86_64 1.3-0 54.00 115.00 169.00 OK
r-patched-linux-x86_64 1.3-0 NOTE
r-patched-solaris-x86 1.3-0 114.00 OK
r-release-linux-x86_64 1.3-0 20.73 56.38 77.11 NOTE
r-release-windows-ix86+x86_64 1.3-0 36.00 118.00 154.00 OK
r-release-osx-x86_64 1.3-0 OK
r-oldrel-windows-ix86+x86_64 1.3-0 33.00 101.00 134.00 OK
r-oldrel-osx-x86_64 1.3-0 OK

Check Details

Version: 1.3-0
Check: compiled code
Result: NOTE
    File ‘RoughSets/libs/RoughSets.so’:
     Found no calls to: ‘R_registerRoutines’, ‘R_useDynamicSymbols’
    
    It is good practice to register native routines and to disable symbol
    search.
    
    See ‘Writing portable packages’ in the ‘Writing R Extensions’ manual.
Flavors: r-devel-linux-x86_64-debian-clang, r-devel-linux-x86_64-debian-gcc, r-devel-linux-x86_64-fedora-clang, r-devel-linux-x86_64-fedora-gcc, r-patched-linux-x86_64, r-release-linux-x86_64