CRAN Package Check Results for Package RoughSets

Last updated on 2019-09-21 02:49:15 CEST.

Flavor Version Tinstall Tcheck Ttotal Status Flags
r-devel-linux-x86_64-debian-clang 1.3-0 23.98 56.84 80.82 OK
r-devel-linux-x86_64-debian-gcc 1.3-0 18.58 44.62 63.20 OK
r-devel-linux-x86_64-fedora-clang 1.3-0 103.02 NOTE
r-devel-linux-x86_64-fedora-gcc 1.3-0 99.54 NOTE
r-devel-windows-ix86+x86_64 1.3-0 59.00 95.00 154.00 OK
r-patched-linux-x86_64 1.3-0 21.40 56.72 78.12 OK
r-patched-solaris-x86 1.3-0 121.70 OK
r-release-linux-x86_64 1.3-0 20.35 57.21 77.56 OK
r-release-windows-ix86+x86_64 1.3-0 39.00 92.00 131.00 OK
r-release-osx-x86_64 1.3-0 OK
r-oldrel-windows-ix86+x86_64 1.3-0 38.00 88.00 126.00 OK
r-oldrel-osx-x86_64 1.3-0 OK

Check Details

Version: 1.3-0
Check: compiled code
Result: NOTE
    File ‘RoughSets/libs/RoughSets.so’:
     Found no calls to: ‘R_registerRoutines’, ‘R_useDynamicSymbols’
    
    It is good practice to register native routines and to disable symbol
    search.
    
    See ‘Writing portable packages’ in the ‘Writing R Extensions’ manual.
Flavors: r-devel-linux-x86_64-fedora-clang, r-devel-linux-x86_64-fedora-gcc