Last updated on 2023-09-30 19:55:58 CEST.
Flavor | Version | Tinstall | Tcheck | Ttotal | Status | Flags |
---|---|---|---|---|---|---|
r-devel-linux-x86_64-debian-clang | 1.3-7 | 38.75 | 82.34 | 121.09 | NOTE | |
r-devel-linux-x86_64-debian-gcc | 1.3-7 | 27.09 | 61.10 | 88.19 | NOTE | |
r-devel-linux-x86_64-fedora-clang | 1.3-7 | 159.96 | NOTE | |||
r-devel-linux-x86_64-fedora-gcc | 1.3-7 | 157.73 | NOTE | |||
r-devel-windows-x86_64 | 1.3-7 | 29.00 | 108.00 | 137.00 | NOTE | |
r-patched-linux-x86_64 | 1.3-7 | 36.80 | 78.88 | 115.68 | OK | |
r-release-linux-x86_64 | 1.3-7 | 37.29 | 79.09 | 116.38 | OK | |
r-release-macos-arm64 | 1.3-7 | 36.00 | OK | |||
r-release-macos-x86_64 | 1.3-7 | 58.00 | OK | |||
r-release-windows-x86_64 | 1.3-7 | 37.00 | 125.00 | 162.00 | OK | |
r-oldrel-macos-arm64 | 1.3-7 | 38.00 | OK | |||
r-oldrel-macos-x86_64 | 1.3-7 | 50.00 | OK | |||
r-oldrel-windows-x86_64 | 1.3-7 | 41.00 | 111.00 | 152.00 | OK |
Version: 1.3-7
Check: Rd metadata
Result: NOTE
Invalid package aliases in Rd file 'A.Introduction-RoughSets.Rd':
‘A.Introduction-RoughSets-package’
Invalid package aliases in Rd file 'B.Introduction-FuzzyRoughSets.Rd':
‘B.Introduction-FuzzyRoughSets-package’
Flavors: r-devel-linux-x86_64-debian-clang, r-devel-linux-x86_64-debian-gcc, r-devel-linux-x86_64-fedora-clang, r-devel-linux-x86_64-fedora-gcc, r-devel-windows-x86_64