CRAN Package Check Results for Package RoughSets

Last updated on 2018-01-18 06:47:16 CET.

Flavor Version Tinstall Tcheck Ttotal Status Flags
r-devel-linux-x86_64-debian-clang 1.3-0 13.82 57.69 71.51 NOTE
r-devel-linux-x86_64-debian-gcc 1.3-0 10.58 49.05 59.63 NOTE
r-devel-linux-x86_64-fedora-clang 1.3-0 94.81 NOTE
r-devel-linux-x86_64-fedora-gcc 1.3-0 87.82 NOTE
r-devel-windows-ix86+x86_64 1.3-0 44.00 128.00 172.00 OK
r-patched-linux-x86_64 1.3-0 13.30 61.10 74.40 NOTE
r-patched-solaris-x86 1.3-0 107.20 OK
r-release-linux-x86_64 1.3-0 13.70 61.24 74.94 NOTE
r-release-windows-ix86+x86_64 1.3-0 29.00 91.00 120.00 OK
r-release-osx-x86_64 1.3-0 OK
r-oldrel-windows-ix86+x86_64 1.3-0 40.00 86.00 126.00 OK
r-oldrel-osx-x86_64 1.3-0 OK

Check Details

Version: 1.3-0
Check: compiled code
Result: NOTE
    File ‘RoughSets/libs/RoughSets.so’:
     Found no calls to: ‘R_registerRoutines’, ‘R_useDynamicSymbols’
    
    It is good practice to register native routines and to disable symbol
    search.
    
    See ‘Writing portable packages’ in the ‘Writing R Extensions’ manual.
Flavors: r-devel-linux-x86_64-debian-clang, r-devel-linux-x86_64-debian-gcc, r-devel-linux-x86_64-fedora-clang, r-devel-linux-x86_64-fedora-gcc, r-patched-linux-x86_64, r-release-linux-x86_64