CRAN Package Check Results for Package RoughSets

Last updated on 2017-10-23 21:50:19.

Flavor Version Tinstall Tcheck Ttotal Status Flags
r-devel-linux-x86_64-debian-clang 1.3-0 10.08 38.28 48.36 NOTE
r-devel-linux-x86_64-debian-gcc 1.3-0 10.42 40.44 50.87 NOTE
r-devel-linux-x86_64-fedora-clang 1.3-0 90.31 NOTE
r-devel-linux-x86_64-fedora-gcc 1.3-0 90.46 NOTE
r-devel-windows-ix86+x86_64 1.3-0 50.00 89.00 139.00 OK
r-patched-linux-x86_64 1.3-0 10.33 38.37 48.69 NOTE
r-patched-solaris-x86 1.3-0 101.30 OK
r-release-linux-x86_64 1.3-0 9.98 37.98 47.96 NOTE
r-release-windows-ix86+x86_64 1.3-0 41.00 121.00 162.00 OK
r-release-osx-x86_64 1.3-0 OK
r-oldrel-windows-ix86+x86_64 1.3-0 42.00 75.00 117.00 OK
r-oldrel-osx-x86_64 1.3-0 OK

Check Details

Version: 1.3-0
Check: compiled code
Result: NOTE
    File ‘RoughSets/libs/RoughSets.so’:
     Found no calls to: ‘R_registerRoutines’, ‘R_useDynamicSymbols’
    
    It is good practice to register native routines and to disable symbol
    search.
    
    See ‘Writing portable packages’ in the ‘Writing R Extensions’ manual.
Flavors: r-devel-linux-x86_64-debian-clang, r-devel-linux-x86_64-debian-gcc, r-devel-linux-x86_64-fedora-clang, r-devel-linux-x86_64-fedora-gcc, r-patched-linux-x86_64, r-release-linux-x86_64