CRAN Package Check Results for Package RoundAndRound

Last updated on 2022-10-03 00:51:04 CEST.

Flavor Version Tinstall Tcheck Ttotal Status Flags
r-devel-linux-x86_64-debian-clang 0.0.1 1.96 26.12 28.08 OK
r-devel-linux-x86_64-debian-gcc 0.0.1 2.08 20.73 22.81 OK
r-devel-linux-x86_64-fedora-clang 0.0.1 49.22 NOTE
r-devel-linux-x86_64-fedora-gcc 0.0.1 46.98 NOTE
r-devel-windows-x86_64 0.0.1 29.00 60.00 89.00 OK
r-patched-linux-x86_64 0.0.1 2.83 25.14 27.97 OK
r-release-linux-x86_64 0.0.1 2.35 25.14 27.49 OK
r-release-macos-arm64 0.0.1 16.00 NOTE
r-release-macos-x86_64 0.0.1 24.00 NOTE
r-release-windows-x86_64 0.0.1 20.00 53.00 73.00 OK
r-oldrel-macos-arm64 0.0.1 22.00 NOTE
r-oldrel-macos-x86_64 0.0.1 29.00 NOTE
r-oldrel-windows-ix86+x86_64 0.0.1 6.00 49.00 55.00 OK

Check Details

Version: 0.0.1
Check: dependencies in R code
Result: NOTE
    Namespace in Imports field not imported from: ‘geometry’
     All declared Imports should be used.
Flavors: r-devel-linux-x86_64-fedora-clang, r-devel-linux-x86_64-fedora-gcc, r-release-macos-arm64, r-release-macos-x86_64, r-oldrel-macos-arm64, r-oldrel-macos-x86_64