CRAN Package Check Results for Package Rpolyhedra

Last updated on 2020-02-28 18:47:23 CET.

Flavor Version Tinstall Tcheck Ttotal Status Flags
r-devel-linux-x86_64-debian-clang 0.4.2 15.95 105.38 121.33 OK
r-devel-linux-x86_64-debian-gcc 0.4.2 15.85 84.29 100.14 OK
r-devel-linux-x86_64-fedora-clang 0.4.2 159.39 NOTE
r-devel-linux-x86_64-fedora-gcc 0.4.2 142.48 NOTE
r-devel-windows-ix86+x86_64 0.4.2 31.00 136.00 167.00 OK
r-devel-windows-ix86+x86_64-gcc8 0.4.2 38.00 144.00 182.00 OK
r-patched-linux-x86_64 0.4.2 13.74 94.01 107.75 OK
r-patched-solaris-x86 0.4.2 188.10 NOTE
r-release-linux-x86_64 0.4.2 15.59 93.70 109.29 OK
r-release-windows-ix86+x86_64 0.4.2 28.00 231.00 259.00 OK
r-release-osx-x86_64 0.4.2 WARN
r-oldrel-windows-ix86+x86_64 0.4.2 22.00 137.00 159.00 OK
r-oldrel-osx-x86_64 0.4.2 NOTE

Check Details

Version: 0.4.2
Check: dependencies in R code
Result: NOTE
    Namespaces in Imports field not imported from:
     ‘dplyr’ ‘testthat’
     All declared Imports should be used.
Flavors: r-devel-linux-x86_64-fedora-clang, r-devel-linux-x86_64-fedora-gcc, r-patched-solaris-x86, r-release-osx-x86_64, r-oldrel-osx-x86_64

Version: 0.4.2
Check: whether package can be installed
Result: WARN
    Found the following significant warnings:
     Warning: 'rgl_init' failed, running with rgl.useNULL = TRUE
Flavor: r-release-osx-x86_64