CRAN Package Check Results for Package Rquake

Last updated on 2019-04-26 16:36:39 CEST.

Flavor Version Tinstall Tcheck Ttotal Status Flags
r-devel-linux-x86_64-debian-clang 2.4-0 10.93 68.63 79.56 OK
r-devel-linux-x86_64-debian-gcc 2.4-0 7.54 55.21 62.75 OK
r-devel-linux-x86_64-fedora-clang 2.4-0 97.32 OK
r-devel-linux-x86_64-fedora-gcc 2.4-0 89.40 OK
r-patched-linux-x86_64 2.4-0 9.48 68.69 78.17 OK
r-patched-solaris-x86 2.4-0 144.70 OK
r-release-linux-x86_64 2.4-0 9.01 62.89 71.90 OK
r-release-windows-ix86+x86_64 2.4-0 31.00 129.00 160.00 OK
r-release-osx-x86_64 2.4-0 WARN
r-oldrel-windows-ix86+x86_64 2.4-0 26.00 107.00 133.00 OK
r-oldrel-osx-x86_64 2.4-0 OK

Check Details

Version: 2.4-0
Check: whether package can be installed
Result: WARN
    Found the following significant warnings:
     Warning: 'rgl_init' failed, running with rgl.useNULL = TRUE
Flavor: r-release-osx-x86_64