CRAN Package Check Results for Package Rquake

Last updated on 2015-05-29 07:48:11.

Flavor Version Tinstall Tcheck Ttotal Status Flags
r-devel-linux-x86_64-debian-clang 2.3-1 2.94 37.86 40.80 OK
r-devel-linux-x86_64-debian-gcc 2.3-1 3.05 39.22 42.27 OK
r-devel-linux-x86_64-fedora-clang 2.3-1 83.85 OK
r-devel-linux-x86_64-fedora-gcc 2.3-1 77.11 OK
r-devel-osx-x86_64-clang 2.3-1 78.83 OK
r-devel-windows-ix86+x86_64 2.3-1 10.00 62.00 72.00 OK
r-patched-linux-x86_64 2.3-1 3.74 37.36 41.10 OK
r-patched-solaris-sparc 2.3-1 507.80 OK
r-patched-solaris-x86 2.3-1 115.20 OK
r-release-linux-x86_64 2.3-1 4.16 38.25 42.41 OK
r-release-osx-x86_64-mavericks 2.3-1 OK
r-release-osx-x86_64-snowleopard 2.3-1 ERROR
r-release-windows-ix86+x86_64 2.3-1 10.00 64.00 74.00 OK
r-oldrel-windows-ix86+x86_64 2.3-1 17.00 103.00 120.00 OK

Check Details

Version: 2.3-1
Check: package dependencies
Result: ERROR
    Package required but not available: ‘cda’
    
    See section ‘The DESCRIPTION file’ in the ‘Writing R Extensions’
    manual.
Flavor: r-release-osx-x86_64-snowleopard