CRAN Package Check Results for Package Rquake

Last updated on 2019-08-19 11:49:13 CEST.

Flavor Version Tinstall Tcheck Ttotal Status Flags
r-devel-linux-x86_64-debian-clang 2.4-0 10.61 68.00 78.61 OK
r-devel-linux-x86_64-debian-gcc 2.4-0 9.65 53.43 63.08 OK
r-devel-linux-x86_64-fedora-clang 2.4-0 93.41 OK
r-devel-linux-x86_64-fedora-gcc 2.4-0 92.07 OK
r-devel-windows-ix86+x86_64 2.4-0 30.00 122.00 152.00 OK
r-patched-linux-x86_64 2.4-0 9.94 67.85 77.79 OK
r-patched-solaris-x86 2.4-0 139.50 OK
r-release-linux-x86_64 2.4-0 11.14 67.58 78.72 OK
r-release-windows-ix86+x86_64 2.4-0 19.00 90.00 109.00 OK
r-release-osx-x86_64 2.4-0 WARN
r-oldrel-windows-ix86+x86_64 2.4-0 20.00 112.00 132.00 OK
r-oldrel-osx-x86_64 2.4-0 OK

Check Details

Version: 2.4-0
Check: whether package can be installed
Result: WARN
    Found the following significant warnings:
     Warning: 'rgl_init' failed, running with rgl.useNULL = TRUE
Flavor: r-release-osx-x86_64