CRAN Package Check Results for Package Rquake

Last updated on 2015-06-30 22:47:35.

Flavor Version Tinstall Tcheck Ttotal Status Flags
r-devel-linux-x86_64-debian-clang 2.3-1 4.14 38.42 42.56 NOTE
r-devel-linux-x86_64-debian-gcc 2.3-1 3.00 36.87 39.87 NOTE
r-devel-linux-x86_64-fedora-clang 2.3-1 80.87 NOTE
r-devel-linux-x86_64-fedora-gcc 2.3-1 75.32 NOTE
r-devel-osx-x86_64-clang 2.3-1 77.12 OK
r-devel-windows-ix86+x86_64 2.3-1 9.00 60.00 69.00 NOTE
r-patched-linux-x86_64 2.3-1 2.68 38.53 41.21 OK
r-patched-solaris-sparc 2.3-1 507.80 OK
r-patched-solaris-x86 2.3-1 111.40 OK
r-release-linux-x86_64 2.3-1 2.76 36.93 39.70 OK
r-release-osx-x86_64-mavericks 2.3-1 OK
r-release-windows-ix86+x86_64 2.3-1 13.00 64.00 77.00 OK
r-oldrel-windows-ix86+x86_64 2.3-1 19.00 156.00 175.00 OK

Check Details

Version: 2.3-1
Check: R code for possible problems
Result: NOTE
    CONTPF: no visible global function definition for ‘dev.set’
    CONTPF: no visible global function definition for ‘dev.next’
    DoRLocate: no visible global function definition for ‘median’
    DoUWLocate: no visible global function definition for ‘median’
    GPIX: no visible global function definition for ‘rgb’
    Gfirstguess: no visible global function definition for ‘median’
    Klocate: no visible global function definition for ‘plot’
    Klocate: no visible global function definition for ‘points’
    Klocate: no visible global function definition for ‘arrows’
    MeanStaDist: no visible global function definition for ‘median’
    MeanStaDist: no visible global function definition for ‘dist’
    NLSlocate: no visible global function definition for ‘median’
    NLSlocate: no visible global function definition for ‘plot’
    NLSlocate: no visible global function definition for ‘text’
    NLSlocate: no visible global function definition for ‘points’
    NLSlocate: no visible global function definition for ‘par’
    PFoutput: no visible global function definition for ‘write.csv’
    Pick3: no visible global function definition for ‘dev.list’
    Pick3: no visible global function definition for ‘dev.set’
    PostREQquake: no visible global function definition for ‘points’
    PostVquake: no visible global function definition for ‘points’
    PostVquake: no visible global function definition for ‘lines’
    PostVquake: no visible global function definition for ‘plot’
    RElocateEQ: no visible global function definition for ‘grey’
    ROTcovQUAKE: no visible global function definition for ‘qt’
    RQ: no visible global function definition for ‘dev.set’
    RQ: no visible global function definition for ‘dev.next’
    ReSet: no visible global function definition for ‘dev.set’
    ReSet: no visible global function definition for ‘dev.next’
    SELstaDB: no visible global function definition for ‘grey’
    SELstaDB: no visible global function definition for ‘rgb’
    SELstaDB : stareplot: no visible global function definition for ‘plot’
    SELstaDB: no visible global function definition for ‘par’
    SELstaDB: no visible global function definition for ‘locator’
    SELstaDB: no visible global function definition for ‘title’
    SaveCSV: no visible global function definition for ‘write.csv’
    UPdateEQLOC: no visible global function definition for ‘median’
    Vlocate: no visible global function definition for ‘median’
    XYSETUP: no visible global function definition for ‘median’
    XYerror.bars: no visible global function definition for ‘plot’
    XYerror.bars: no visible global function definition for ‘par’
    XYerror.bars: no visible global function definition for ‘points’
    XYerror.bars: no visible global function definition for ‘segments’
    XYlocate: no visible global function definition for ‘points’
    XYlocate: no visible global function definition for ‘arrows’
    clusterWPX: no visible global function definition for ‘dist’
    clusterWPX: no visible global function definition for ‘hclust’
    clusterWPX: no visible global function definition for ‘boxplot’
    clusterWPX: no visible global function definition for ‘cutree’
    clusterWPX: no visible global function definition for ‘plot’
    contPFarrivals: no visible global function definition for ‘median’
    contPFarrivals: no visible global function definition for ‘plot’
    contPFarrivals: no visible global function definition for ‘text’
    contPFarrivals: no visible global function definition for ‘points’
    contPFarrivals: no visible global function definition for ‘contour’
    doAmap: no visible global function definition for ‘median’
    doAmap: no visible global function definition for ‘plot’
    doAmap: no visible global function definition for ‘points’
    doAmap: no visible global function definition for ‘text’
    editPIX: no visible global function definition for ‘rgb’
    eqlipse: no visible global function definition for ‘qt’
    eqlipse: no visible global function definition for ‘polygon’
    eqwrapup: no visible global function definition for ‘var’
    gMAP: no visible global function definition for ‘dev.set’
    gMAP: no visible global function definition for ‘dev.next’
    gMAP: no visible global function definition for ‘points’
    gMAP: no visible global function definition for ‘segments’
    getGAP: no visible global function definition for ‘median’
    getGAP: no visible global function definition for ‘plot’
    getGAP: no visible global function definition for ‘segments’
    getGAP: no visible global function definition for ‘text’
    getresidTT: no visible global function definition for ‘median’
    imageINFLUENCE: no visible global function definition for ‘image’
    imageINFLUENCE: no visible global function definition for ‘points’
    imageINFLUENCE: no visible global function definition for ‘text’
    plotEQ: no visible global function definition for ‘plot’
    plotEQ: no visible global function definition for ‘points’
    plotEQ: no visible global function definition for ‘text’
    plotEQ: no visible global function definition for ‘lines’
    plotEQ: no visible global function definition for ‘title’
    plotJACKLLZ : JPNG: no visible global function definition for ‘png’
    plotJACKLLZ: no visible global function definition for ‘boxplot’
    plotJACKLLZ: no visible global function definition for ‘par’
    plotJACKLLZ: no visible global function definition for ‘dev.new’
    plotJACKLLZ: no visible global function definition for ‘bxp’
    plotJACKLLZ: no visible global function definition for ‘title’
    plotJACKLLZ: no visible global function definition for ‘dev.off’
    plotJACKLLZ: no visible global function definition for ‘plot’
    rglGEOmapXY: no visible global function definition for ‘median’
    rglGEOmapXY: no visible global function definition for ‘trans3d’
    rglGEOmapXY: no visible global function definition for ‘plot’
    viewCHAC: no visible global function definition for ‘dev.set’
Flavors: r-devel-linux-x86_64-debian-clang, r-devel-linux-x86_64-debian-gcc, r-devel-linux-x86_64-fedora-clang, r-devel-linux-x86_64-fedora-gcc, r-devel-windows-ix86+x86_64