CRAN Package Check Results for Package Rquake

Last updated on 2014-04-24 17:49:52.

Flavor Version Tinstall Tcheck Ttotal Status Flags
r-devel-linux-x86_64-debian-clang 2.2 2.22 33.54 35.76 OK
r-devel-linux-x86_64-debian-gcc 2.2 2.11 33.56 35.67 OK
r-devel-linux-x86_64-fedora-clang 2.2 68.97 OK
r-devel-linux-x86_64-fedora-gcc 2.2 66.85 OK
r-devel-osx-x86_64-clang 2.2 58.49 OK
r-devel-osx-x86_64-gcc 2.2 OK
r-devel-windows-ix86+x86_64 2.2 7.00 51.00 58.00 OK
r-patched-linux-x86_64 2.2 2.13 33.42 35.55 OK
r-patched-solaris-sparc 2.2 378.80 OK
r-patched-solaris-x86 2.2 85.50 OK
r-release-linux-ix86 2.2 4.00 59.00 63.00 OK
r-release-linux-x86_64 2.2 2.18 34.35 36.53 OK
r-release-osx-x86_64-mavericks 2.2 ERROR
r-release-osx-x86_64-snowleopard 2.2 OK
r-release-windows-ix86+x86_64 2.2 7.00 51.00 58.00 OK
r-oldrel-windows-ix86+x86_64 2.2 8.00 49.00 57.00 OK

Check Details

Version: 2.2
Check: package dependencies
Result: ERROR
    Packages required but not available: ‘GEOmap’ ‘MBA’
    
    See the information on DESCRIPTION files in the chapter ‘Creating R
    packages’ of the ‘Writing R Extensions’ manual.
Flavor: r-release-osx-x86_64-mavericks