CRAN Package Check Results for Package Rramas

Last updated on 2016-02-08 11:49:43.

Flavor Version Tinstall Tcheck Ttotal Status Flags
r-devel-linux-x86_64-debian-gcc 0.1-4 0.60 9.88 10.48 NOTE
r-devel-linux-x86_64-fedora-clang 0.1-4 17.96 NOTE
r-devel-linux-x86_64-fedora-gcc 0.1-4 16.79 NOTE
r-devel-osx-x86_64-clang 0.1-4 21.64 NOTE
r-devel-windows-ix86+x86_64 0.1-4 4.00 31.00 35.00 NOTE
r-patched-linux-x86_64 0.1-4 0.70 10.50 11.19 NOTE
r-patched-solaris-sparc 0.1-4 120.00 NOTE
r-patched-solaris-x86 0.1-4 25.80 NOTE
r-release-linux-x86_64 0.1-4 0.65 10.35 11.00 NOTE
r-release-osx-x86_64-mavericks 0.1-4 NOTE
r-release-windows-ix86+x86_64 0.1-4 2.00 20.00 22.00 NOTE
r-oldrel-windows-ix86+x86_64 0.1-4 5.00 20.00 25.00 OK

Check Details

Version: 0.1-4
Check: DESCRIPTION meta-information
Result: NOTE
    Malformed Description field: should contain one or more complete sentences.
Flavors: r-devel-linux-x86_64-debian-gcc, r-devel-linux-x86_64-fedora-clang, r-devel-linux-x86_64-fedora-gcc, r-devel-osx-x86_64-clang, r-devel-windows-ix86+x86_64, r-patched-linux-x86_64, r-patched-solaris-sparc, r-patched-solaris-x86, r-release-linux-x86_64, r-release-osx-x86_64-mavericks, r-release-windows-ix86+x86_64

Version: 0.1-4
Check: R code for possible problems
Result: NOTE
    plot.rmas: no visible global function definition for ‘rainbow’
    plot.tmatrix: no visible global function definition for ‘rainbow’
    plot.tmatrix: no visible global function definition for ‘dev.new’
    Undefined global functions or variables:
     dev.new rainbow
    Consider adding
     importFrom("grDevices", "dev.new", "rainbow")
    to your NAMESPACE file.
Flavors: r-devel-linux-x86_64-debian-gcc, r-devel-linux-x86_64-fedora-clang, r-devel-linux-x86_64-fedora-gcc, r-devel-osx-x86_64-clang, r-devel-windows-ix86+x86_64