CRAN Package Check Results for Package Rramas

Last updated on 2015-02-28 12:51:25.

Flavor Version Tinstall Tcheck Ttotal Status Flags
r-devel-linux-x86_64-debian-clang 0.1-4 0.59 10.48 11.07 NOTE
r-devel-linux-x86_64-debian-gcc 0.1-4 0.74 10.16 10.90 NOTE
r-devel-linux-x86_64-fedora-clang 0.1-4 21.04 NOTE
r-devel-linux-x86_64-fedora-gcc 0.1-4 20.07 NOTE
r-devel-osx-x86_64-clang 0.1-4 24.62 NOTE
r-devel-windows-ix86+x86_64 0.1-4 3.00 18.00 21.00 NOTE
r-patched-linux-x86_64 0.1-4 0.71 11.88 12.58 OK
r-patched-solaris-sparc 0.1-4 144.40 OK
r-patched-solaris-x86 0.1-4 35.90 OK
r-release-linux-ix86 0.1-4 0.97 18.19 19.16 OK
r-release-linux-x86_64 0.1-4 0.69 12.23 12.92 OK
r-release-osx-x86_64-mavericks 0.1-4 OK
r-release-osx-x86_64-snowleopard 0.1-4 OK
r-release-windows-ix86+x86_64 0.1-4 3.00 20.00 23.00 OK
r-oldrel-windows-ix86+x86_64 0.1-4 3.00 26.00 29.00 OK

Check Details

Version: 0.1-4
Check: DESCRIPTION meta-information
Result: NOTE
    Malformed Description field: should contain one or more complete sentences.
Flavors: r-devel-linux-x86_64-debian-clang, r-devel-linux-x86_64-debian-gcc, r-devel-linux-x86_64-fedora-clang, r-devel-linux-x86_64-fedora-gcc, r-devel-osx-x86_64-clang, r-devel-windows-ix86+x86_64