CRAN Package Check Results for Package Rramas

Last updated on 2015-08-03 16:48:30.

Flavor Version Tinstall Tcheck Ttotal Status Flags
r-devel-linux-x86_64-debian-clang 0.1-4 0.59 10.71 11.30 NOTE
r-devel-linux-x86_64-debian-gcc 0.1-4 0.58 9.92 10.50 NOTE
r-devel-linux-x86_64-fedora-clang 0.1-4 20.53 NOTE
r-devel-linux-x86_64-fedora-gcc 0.1-4 18.70 NOTE
r-devel-osx-x86_64-clang 0.1-4 20.98 NOTE
r-devel-windows-ix86+x86_64 0.1-4 3.00 19.00 22.00 NOTE
r-patched-linux-x86_64 0.1-4 0.71 10.51 11.22 NOTE
r-patched-solaris-sparc 0.1-4 142.00 NOTE
r-patched-solaris-x86 0.1-4 29.90 NOTE
r-release-linux-x86_64 0.1-4 0.58 10.27 10.85 NOTE
r-release-osx-x86_64-mavericks 0.1-4 NOTE
r-release-windows-ix86+x86_64 0.1-4 3.00 19.00 22.00 NOTE
r-oldrel-windows-ix86+x86_64 0.1-4 5.00 20.00 25.00 OK

Check Details

Version: 0.1-4
Check: DESCRIPTION meta-information
Result: NOTE
    Malformed Description field: should contain one or more complete sentences.
Flavors: r-devel-linux-x86_64-debian-clang, r-devel-linux-x86_64-debian-gcc, r-devel-linux-x86_64-fedora-clang, r-devel-linux-x86_64-fedora-gcc, r-devel-osx-x86_64-clang, r-devel-windows-ix86+x86_64, r-patched-linux-x86_64, r-patched-solaris-sparc, r-patched-solaris-x86, r-release-linux-x86_64, r-release-osx-x86_64-mavericks, r-release-windows-ix86+x86_64

Version: 0.1-4
Check: R code for possible problems
Result: NOTE
    plot.rmas: no visible global function definition for ‘rainbow’
    plot.tmatrix: no visible global function definition for ‘rainbow’
    plot.tmatrix: no visible global function definition for ‘dev.new’
    Undefined global functions or variables:
     dev.new rainbow
    Consider adding
     importFrom("grDevices", "dev.new", "rainbow")
    to your NAMESPACE.
Flavors: r-devel-linux-x86_64-debian-clang, r-devel-linux-x86_64-debian-gcc, r-devel-linux-x86_64-fedora-clang, r-devel-linux-x86_64-fedora-gcc, r-devel-windows-ix86+x86_64