CRAN Package Check Results for Package Rramas

Last updated on 2015-09-04 16:48:47.

Flavor Version Tinstall Tcheck Ttotal Status Flags
r-devel-linux-x86_64-debian-clang 0.1-4 0.73 9.96 10.68 NOTE
r-devel-linux-x86_64-debian-gcc 0.1-4 0.52 9.66 10.18 NOTE
r-devel-linux-x86_64-fedora-clang 0.1-4 19.89 NOTE
r-devel-linux-x86_64-fedora-gcc 0.1-4 17.87 NOTE
r-devel-osx-x86_64-clang 0.1-4 20.03 NOTE
r-devel-windows-ix86+x86_64 0.1-4 3.00 20.00 23.00 NOTE
r-patched-linux-x86_64 0.1-4 0.59 10.59 11.18 NOTE
r-patched-solaris-sparc 0.1-4 142.00 NOTE
r-patched-solaris-x86 0.1-4 30.90 NOTE
r-release-linux-x86_64 0.1-4 0.60 11.23 11.83 NOTE
r-release-osx-x86_64-mavericks 0.1-4 NOTE
r-release-windows-ix86+x86_64 0.1-4 3.00 31.00 34.00 NOTE
r-oldrel-windows-ix86+x86_64 0.1-4 5.00 20.00 25.00 OK

Check Details

Version: 0.1-4
Check: DESCRIPTION meta-information
Result: NOTE
    Malformed Description field: should contain one or more complete sentences.
Flavors: r-devel-linux-x86_64-debian-clang, r-devel-linux-x86_64-debian-gcc, r-devel-linux-x86_64-fedora-clang, r-devel-linux-x86_64-fedora-gcc, r-devel-osx-x86_64-clang, r-devel-windows-ix86+x86_64, r-patched-linux-x86_64, r-patched-solaris-sparc, r-patched-solaris-x86, r-release-linux-x86_64, r-release-osx-x86_64-mavericks, r-release-windows-ix86+x86_64

Version: 0.1-4
Check: R code for possible problems
Result: NOTE
    plot.rmas: no visible global function definition for ‘rainbow’
    plot.tmatrix: no visible global function definition for ‘rainbow’
    plot.tmatrix: no visible global function definition for ‘dev.new’
    Undefined global functions or variables:
     dev.new rainbow
    Consider adding
     importFrom("grDevices", "dev.new", "rainbow")
    to your NAMESPACE.
Flavors: r-devel-linux-x86_64-debian-clang, r-devel-linux-x86_64-debian-gcc, r-devel-linux-x86_64-fedora-clang, r-devel-linux-x86_64-fedora-gcc, r-devel-windows-ix86+x86_64