CRAN Package Check Results for Package Rramas

Last updated on 2015-04-27 15:46:45.

Flavor Version Tinstall Tcheck Ttotal Status Flags
r-devel-linux-x86_64-debian-clang 0.1-4 0.73 10.50 11.23 NOTE
r-devel-linux-x86_64-debian-gcc 0.1-4 0.59 10.39 10.98 NOTE
r-devel-linux-x86_64-fedora-clang 0.1-4 20.93 NOTE
r-devel-linux-x86_64-fedora-gcc 0.1-4 19.78 NOTE
r-devel-osx-x86_64-clang 0.1-4 24.33 NOTE
r-devel-windows-ix86+x86_64 0.1-4 3.00 18.00 21.00 NOTE
r-patched-linux-x86_64 0.1-4 0.69 10.49 11.18 NOTE
r-patched-solaris-sparc 0.1-4 131.60 NOTE
r-patched-solaris-x86 0.1-4 29.80 NOTE
r-release-linux-x86_64 0.1-4 0.58 10.46 11.05 NOTE
r-release-osx-x86_64-mavericks 0.1-4 NOTE
r-release-osx-x86_64-snowleopard 0.1-4 NOTE
r-release-windows-ix86+x86_64 0.1-4 2.00 22.00 24.00 NOTE
r-oldrel-windows-ix86+x86_64 0.1-4 5.00 20.00 25.00 OK

Check Details

Version: 0.1-4
Check: DESCRIPTION meta-information
Result: NOTE
    Malformed Description field: should contain one or more complete sentences.
Flavors: r-devel-linux-x86_64-debian-clang, r-devel-linux-x86_64-debian-gcc, r-devel-linux-x86_64-fedora-clang, r-devel-linux-x86_64-fedora-gcc, r-devel-osx-x86_64-clang, r-devel-windows-ix86+x86_64, r-patched-solaris-sparc, r-patched-solaris-x86, r-release-linux-x86_64, r-release-osx-x86_64-mavericks, r-release-osx-x86_64-snowleopard, r-release-windows-ix86+x86_64