CRAN Package Check Results for Package Rramas

Last updated on 2017-04-27 10:48:45.

Flavor Version Tinstall Tcheck Ttotal Status Flags
r-devel-linux-x86_64-debian-clang 0.1-4 0.63 12.91 13.53 NOTE
r-devel-linux-x86_64-debian-gcc 0.1-4 0.67 12.87 13.54 NOTE
r-devel-linux-x86_64-fedora-clang 0.1-4 21.53 NOTE --no-stop-on-test-error
r-devel-linux-x86_64-fedora-gcc 0.1-4 20.39 NOTE --no-stop-on-test-error
r-devel-windows-ix86+x86_64 0.1-4 3.00 32.00 35.00 NOTE
r-patched-linux-x86_64 0.1-4 0.65 12.67 13.32 NOTE
r-patched-solaris-sparc 0.1-4 132.10 NOTE
r-patched-solaris-x86 0.1-4 29.70 NOTE
r-release-linux-x86_64 0.1-4 0.62 12.63 13.25 NOTE
r-release-windows-ix86+x86_64 0.1-4 3.00 27.00 30.00 NOTE
r-release-osx-x86_64 0.1-4 NOTE
r-oldrel-windows-ix86+x86_64 0.1-4 3.00 27.00 30.00 NOTE
r-oldrel-osx-x86_64 0.1-4 NOTE

Check Details

Version: 0.1-4
Check: DESCRIPTION meta-information
Result: NOTE
    Malformed Description field: should contain one or more complete sentences.
Flavors: r-devel-linux-x86_64-debian-clang, r-devel-linux-x86_64-debian-gcc, r-devel-windows-ix86+x86_64, r-patched-linux-x86_64, r-patched-solaris-sparc, r-patched-solaris-x86, r-release-linux-x86_64, r-release-windows-ix86+x86_64, r-release-osx-x86_64, r-oldrel-windows-ix86+x86_64, r-oldrel-osx-x86_64

Version: 0.1-4
Check: R code for possible problems
Result: NOTE
    plot.rmas: no visible global function definition for ‘rainbow’
    plot.tmatrix: no visible global function definition for ‘rainbow’
    plot.tmatrix: no visible global function definition for ‘dev.new’
    Undefined global functions or variables:
     dev.new rainbow
    Consider adding
     importFrom("grDevices", "dev.new", "rainbow")
    to your NAMESPACE file.
Flavors: r-devel-linux-x86_64-debian-clang, r-devel-linux-x86_64-debian-gcc, r-devel-windows-ix86+x86_64, r-patched-linux-x86_64, r-patched-solaris-sparc, r-patched-solaris-x86, r-release-linux-x86_64, r-release-windows-ix86+x86_64, r-release-osx-x86_64, r-oldrel-windows-ix86+x86_64, r-oldrel-osx-x86_64

Version: 0.1-4
Flags: --no-stop-on-test-error
Check: DESCRIPTION meta-information
Result: NOTE
    Malformed Description field: should contain one or more complete sentences.
Flavors: r-devel-linux-x86_64-fedora-clang, r-devel-linux-x86_64-fedora-gcc

Version: 0.1-4
Flags: --no-stop-on-test-error
Check: R code for possible problems
Result: NOTE
    plot.rmas: no visible global function definition for ‘rainbow’
    plot.tmatrix: no visible global function definition for ‘rainbow’
    plot.tmatrix: no visible global function definition for ‘dev.new’
    Undefined global functions or variables:
     dev.new rainbow
    Consider adding
     importFrom("grDevices", "dev.new", "rainbow")
    to your NAMESPACE file.
Flavors: r-devel-linux-x86_64-fedora-clang, r-devel-linux-x86_64-fedora-gcc