CRAN Package Check Results for Package Rramas

Last updated on 2015-07-08 06:48:12.

Flavor Version Tinstall Tcheck Ttotal Status Flags
r-devel-linux-x86_64-debian-clang 0.1-4 0.57 10.11 10.68 NOTE
r-devel-linux-x86_64-debian-gcc 0.1-4 0.56 9.80 10.37 NOTE
r-devel-linux-x86_64-fedora-clang 0.1-4 19.65 NOTE
r-devel-linux-x86_64-fedora-gcc 0.1-4 18.29 NOTE
r-devel-osx-x86_64-clang 0.1-4 21.47 NOTE
r-devel-windows-ix86+x86_64 0.1-4 3.00 16.00 19.00 NOTE
r-patched-linux-x86_64 0.1-4 0.58 10.24 10.82 NOTE
r-patched-solaris-sparc 0.1-4 138.10 NOTE
r-patched-solaris-x86 0.1-4 30.10 NOTE
r-release-linux-x86_64 0.1-4 0.58 10.50 11.07 NOTE
r-release-osx-x86_64-mavericks 0.1-4 NOTE
r-release-windows-ix86+x86_64 0.1-4 3.00 19.00 22.00 NOTE
r-oldrel-windows-ix86+x86_64 0.1-4 5.00 20.00 25.00 OK

Check Details

Version: 0.1-4
Check: DESCRIPTION meta-information
Result: NOTE
    Malformed Description field: should contain one or more complete sentences.
Flavors: r-devel-linux-x86_64-debian-clang, r-devel-linux-x86_64-debian-gcc, r-devel-linux-x86_64-fedora-clang, r-devel-linux-x86_64-fedora-gcc, r-devel-osx-x86_64-clang, r-devel-windows-ix86+x86_64, r-patched-linux-x86_64, r-patched-solaris-sparc, r-patched-solaris-x86, r-release-linux-x86_64, r-release-osx-x86_64-mavericks, r-release-windows-ix86+x86_64

Version: 0.1-4
Check: R code for possible problems
Result: NOTE
    plot.rmas: no visible global function definition for ‘rainbow’
    plot.tmatrix: no visible global function definition for ‘rainbow’
    plot.tmatrix: no visible global function definition for ‘dev.new’
    Undefined global functions or variables:
     dev.new rainbow
Flavors: r-devel-linux-x86_64-debian-clang, r-devel-linux-x86_64-debian-gcc, r-devel-linux-x86_64-fedora-clang, r-devel-linux-x86_64-fedora-gcc, r-devel-windows-ix86+x86_64