CRAN Package Check Results for Package Rramas

Last updated on 2015-03-30 08:50:08.

Flavor Version Tinstall Tcheck Ttotal Status Flags
r-devel-linux-x86_64-debian-clang 0.1-4 0.63 10.35 10.98 NOTE
r-devel-linux-x86_64-debian-gcc 0.1-4 0.58 10.60 11.18 NOTE
r-devel-linux-x86_64-fedora-clang 0.1-4 21.58 NOTE
r-devel-linux-x86_64-fedora-gcc 0.1-4 19.72 NOTE
r-devel-osx-x86_64-clang 0.1-4 27.10 NOTE
r-prerel-windows-ix86+x86_64 0.1-4 4.00 19.00 23.00 NOTE
r-prerel-linux-x86_64 0.1-4 0.73 10.39 11.12 NOTE
r-prerel-solaris-sparc 0.1-4 131.60 NOTE
r-prerel-solaris-x86 0.1-4 28.60 NOTE
r-release-linux-x86_64 0.1-4 0.68 11.87 12.55 OK
r-release-osx-x86_64-mavericks 0.1-4 OK
r-release-osx-x86_64-snowleopard 0.1-4 OK
r-release-windows-ix86+x86_64 0.1-4 5.00 20.00 25.00 OK
r-oldrel-windows-ix86+x86_64 0.1-4 3.00 26.00 29.00 OK

Check Details

Version: 0.1-4
Check: DESCRIPTION meta-information
Result: NOTE
    Malformed Description field: should contain one or more complete sentences.
Flavors: r-devel-linux-x86_64-debian-clang, r-devel-linux-x86_64-debian-gcc, r-devel-linux-x86_64-fedora-clang, r-devel-linux-x86_64-fedora-gcc, r-devel-osx-x86_64-clang, r-prerel-windows-ix86+x86_64, r-prerel-linux-x86_64, r-prerel-solaris-sparc, r-prerel-solaris-x86