CRAN Package Check Results for Package Rramas

Last updated on 2017-10-22 22:49:04.

Flavor Version Tinstall Tcheck Ttotal Status Flags
r-devel-linux-x86_64-debian-clang 0.1-4 0.65 12.69 13.34 NOTE
r-devel-linux-x86_64-debian-gcc 0.1-4 0.78 13.10 13.88 NOTE
r-devel-linux-x86_64-fedora-clang 0.1-4 22.12 NOTE
r-devel-linux-x86_64-fedora-gcc 0.1-4 21.49 NOTE
r-devel-windows-ix86+x86_64 0.1-4 2.00 30.00 32.00 NOTE
r-patched-linux-x86_64 0.1-4 0.72 12.80 13.52 NOTE
r-patched-solaris-x86 0.1-4 31.00 NOTE
r-release-linux-x86_64 0.1-4 0.68 12.69 13.37 NOTE
r-release-windows-ix86+x86_64 0.1-4 3.00 39.00 42.00 NOTE
r-release-osx-x86_64 0.1-4 NOTE
r-oldrel-windows-ix86+x86_64 0.1-4 2.00 30.00 32.00 NOTE
r-oldrel-osx-x86_64 0.1-4 NOTE

Check Details

Version: 0.1-4
Check: DESCRIPTION meta-information
Result: NOTE
    Malformed Description field: should contain one or more complete sentences.
Flavors: r-devel-linux-x86_64-debian-clang, r-devel-linux-x86_64-debian-gcc, r-devel-linux-x86_64-fedora-clang, r-devel-linux-x86_64-fedora-gcc, r-devel-windows-ix86+x86_64, r-patched-linux-x86_64, r-patched-solaris-x86, r-release-linux-x86_64, r-release-windows-ix86+x86_64, r-release-osx-x86_64, r-oldrel-windows-ix86+x86_64, r-oldrel-osx-x86_64

Version: 0.1-4
Check: R code for possible problems
Result: NOTE
    plot.rmas: no visible global function definition for ‘rainbow’
    plot.tmatrix: no visible global function definition for ‘rainbow’
    plot.tmatrix: no visible global function definition for ‘dev.new’
    Undefined global functions or variables:
     dev.new rainbow
    Consider adding
     importFrom("grDevices", "dev.new", "rainbow")
    to your NAMESPACE file.
Flavors: r-devel-linux-x86_64-debian-clang, r-devel-linux-x86_64-debian-gcc, r-devel-linux-x86_64-fedora-clang, r-devel-linux-x86_64-fedora-gcc, r-devel-windows-ix86+x86_64, r-patched-linux-x86_64, r-patched-solaris-x86, r-release-linux-x86_64, r-release-windows-ix86+x86_64, r-release-osx-x86_64, r-oldrel-windows-ix86+x86_64, r-oldrel-osx-x86_64