CRAN Package Check Results for Package Rramas

Last updated on 2016-05-30 11:47:59.

Flavor Version Tinstall Tcheck Ttotal Status Flags
r-devel-linux-x86_64-debian-gcc 0.1-4 0.58 10.65 11.22 NOTE
r-devel-linux-x86_64-fedora-clang 0.1-4 19.44 NOTE
r-devel-linux-x86_64-fedora-gcc 0.1-4 16.60 NOTE
r-devel-osx-x86_64-clang 0.1-4 22.05 NOTE
r-devel-windows-ix86+x86_64 0.1-4 2.00 26.00 28.00 NOTE
r-patched-linux-x86_64 0.1-4 0.64 10.54 11.17 NOTE
r-patched-solaris-sparc 0.1-4 121.20 NOTE
r-patched-solaris-x86 0.1-4 27.00 NOTE
r-release-linux-x86_64 0.1-4 0.62 10.53 11.15 NOTE
r-release-osx-x86_64-mavericks 0.1-4 NOTE
r-release-windows-ix86+x86_64 0.1-4 3.00 37.00 40.00 NOTE
r-oldrel-windows-ix86+x86_64 0.1-4 2.00 20.00 22.00 NOTE

Check Details

Version: 0.1-4
Check: DESCRIPTION meta-information
Result: NOTE
    Malformed Description field: should contain one or more complete sentences.
Flavors: r-devel-linux-x86_64-debian-gcc, r-devel-linux-x86_64-fedora-clang, r-devel-linux-x86_64-fedora-gcc, r-devel-osx-x86_64-clang, r-devel-windows-ix86+x86_64, r-patched-linux-x86_64, r-patched-solaris-sparc, r-patched-solaris-x86, r-release-linux-x86_64, r-release-osx-x86_64-mavericks, r-release-windows-ix86+x86_64, r-oldrel-windows-ix86+x86_64

Version: 0.1-4
Check: R code for possible problems
Result: NOTE
    plot.rmas: no visible global function definition for ‘rainbow’
    plot.tmatrix: no visible global function definition for ‘rainbow’
    plot.tmatrix: no visible global function definition for ‘dev.new’
    Undefined global functions or variables:
     dev.new rainbow
    Consider adding
     importFrom("grDevices", "dev.new", "rainbow")
    to your NAMESPACE file.
Flavors: r-devel-linux-x86_64-debian-gcc, r-devel-linux-x86_64-fedora-clang, r-devel-linux-x86_64-fedora-gcc, r-devel-osx-x86_64-clang, r-devel-windows-ix86+x86_64, r-patched-linux-x86_64, r-patched-solaris-sparc, r-patched-solaris-x86, r-release-linux-x86_64, r-release-osx-x86_64-mavericks, r-release-windows-ix86+x86_64