CRAN Package Check Results for Package Rramas

Last updated on 2017-06-28 10:48:40.

Flavor Version Tinstall Tcheck Ttotal Status Flags
r-devel-linux-x86_64-debian-clang 0.1-4 0.77 13.05 13.82 NOTE
r-devel-linux-x86_64-debian-gcc 0.1-4 0.71 13.06 13.77 NOTE
r-devel-linux-x86_64-fedora-clang 0.1-4 21.44 NOTE
r-devel-linux-x86_64-fedora-gcc 0.1-4 20.58 NOTE
r-devel-windows-ix86+x86_64 0.1-4 3.00 38.00 41.00 NOTE
r-patched-linux-x86_64 0.1-4 0.66 12.85 13.51 NOTE
r-patched-solaris-sparc 0.1-4 132.10 NOTE
r-patched-solaris-x86 0.1-4 29.90 NOTE
r-release-linux-x86_64 0.1-4 0.68 12.91 13.59 NOTE
r-release-windows-ix86+x86_64 0.1-4 3.00 27.00 30.00 NOTE
r-release-osx-x86_64 0.1-4 NOTE
r-oldrel-windows-ix86+x86_64 0.1-4 3.00 27.00 30.00 NOTE
r-oldrel-osx-x86_64 0.1-4 NOTE

Check Details

Version: 0.1-4
Check: DESCRIPTION meta-information
Result: NOTE
    Malformed Description field: should contain one or more complete sentences.
Flavors: r-devel-linux-x86_64-debian-clang, r-devel-linux-x86_64-debian-gcc, r-devel-linux-x86_64-fedora-clang, r-devel-linux-x86_64-fedora-gcc, r-devel-windows-ix86+x86_64, r-patched-linux-x86_64, r-patched-solaris-sparc, r-patched-solaris-x86, r-release-linux-x86_64, r-release-windows-ix86+x86_64, r-release-osx-x86_64, r-oldrel-windows-ix86+x86_64, r-oldrel-osx-x86_64

Version: 0.1-4
Check: R code for possible problems
Result: NOTE
    plot.rmas: no visible global function definition for ‘rainbow’
    plot.tmatrix: no visible global function definition for ‘rainbow’
    plot.tmatrix: no visible global function definition for ‘dev.new’
    Undefined global functions or variables:
     dev.new rainbow
    Consider adding
     importFrom("grDevices", "dev.new", "rainbow")
    to your NAMESPACE file.
Flavors: r-devel-linux-x86_64-debian-clang, r-devel-linux-x86_64-debian-gcc, r-devel-linux-x86_64-fedora-clang, r-devel-linux-x86_64-fedora-gcc, r-devel-windows-ix86+x86_64, r-patched-linux-x86_64, r-patched-solaris-sparc, r-patched-solaris-x86, r-release-linux-x86_64, r-release-windows-ix86+x86_64, r-release-osx-x86_64, r-oldrel-windows-ix86+x86_64, r-oldrel-osx-x86_64