CRAN Package Check Results for Package RsSimulx

Last updated on 2022-10-07 14:52:18 CEST.

Flavor Version Tinstall Tcheck Ttotal Status Flags
r-devel-linux-x86_64-debian-clang 2.0.0 12.40 86.63 99.03 OK
r-devel-linux-x86_64-debian-gcc 2.0.0 8.77 64.28 73.05 OK
r-devel-linux-x86_64-fedora-clang 2.0.0 135.69 NOTE
r-devel-linux-x86_64-fedora-gcc 2.0.0 130.39 NOTE
r-devel-windows-x86_64 2.0.0 51.00 107.00 158.00 OK
r-patched-linux-x86_64 2.0.0 14.45 81.41 95.86 OK
r-release-linux-x86_64 2.0.0 9.67 80.59 90.26 OK
r-release-macos-arm64 2.0.0 31.00 NOTE
r-release-macos-x86_64 2.0.0 58.00 NOTE
r-release-windows-x86_64 2.0.0 44.00 104.00 148.00 OK
r-oldrel-macos-arm64 2.0.0 28.00 NOTE
r-oldrel-macos-x86_64 2.0.0 44.00 NOTE
r-oldrel-windows-ix86+x86_64 2.0.0 23.00 116.00 139.00 WARN

Check Details

Version: 2.0.0
Check: dependencies in R code
Result: NOTE
    Namespace in Imports field not imported from: ‘gridExtra’
     All declared Imports should be used.
Flavors: r-devel-linux-x86_64-fedora-clang, r-devel-linux-x86_64-fedora-gcc, r-release-macos-arm64, r-release-macos-x86_64, r-oldrel-macos-arm64, r-oldrel-macos-x86_64

Version: 2.0.0
Check: for unstated dependencies in ‘tests’
Result: WARN
    Warning: unable to access index for repository https://bioconductor.org/packages/3.14/bioc/src/contrib:
     cannot open URL 'https://bioconductor.org/packages/3.14/bioc/src/contrib/PACKAGES'
    Warning: unable to access index for repository https://bioconductor.org/packages/3.14/data/annotation/src/contrib:
     cannot open URL 'https://bioconductor.org/packages/3.14/data/annotation/src/contrib/PACKAGES'
    Warning: unable to access index for repository https://bioconductor.org/packages/3.14/data/experiment/src/contrib:
     cannot open URL 'https://bioconductor.org/packages/3.14/data/experiment/src/contrib/PACKAGES'
Flavor: r-oldrel-windows-ix86+x86_64