CRAN Package Check Results for Package Rsampletrees

Last updated on 2020-01-26 17:49:58 CET.

Flavor Version Tinstall Tcheck Ttotal Status Flags
r-devel-linux-x86_64-debian-clang 1.0.2 120.76 95.82 216.58 WARN
r-devel-linux-x86_64-debian-gcc 1.0.2 81.08 73.59 154.67 WARN
r-devel-linux-x86_64-fedora-clang 1.0.2 301.75 NOTE
r-devel-linux-x86_64-fedora-gcc 1.0.2 274.67 WARN
r-devel-windows-ix86+x86_64 1.0.2 344.00 229.00 573.00 OK
r-devel-windows-ix86+x86_64-gcc8 1.0.2 362.00 161.00 523.00 OK
r-patched-linux-x86_64 1.0.2 91.59 81.71 173.30 OK
r-patched-solaris-x86 1.0.2 306.70 OK
r-release-linux-x86_64 1.0.2 95.43 81.70 177.13 OK
r-release-windows-ix86+x86_64 1.0.2 226.00 147.00 373.00 OK
r-release-osx-x86_64 1.0.2 OK
r-oldrel-windows-ix86+x86_64 1.0.2 209.00 133.00 342.00 OK
r-oldrel-osx-x86_64 1.0.2 OK

Check Details

Version: 1.0.2
Check: whether package can be installed
Result: WARN
    Found the following significant warnings:
     rng.cpp:43:17: warning: ignoring return value of function declared with 'warn_unused_result' attribute [-Wunused-result]
Flavor: r-devel-linux-x86_64-debian-clang

Version: 1.0.2
Check: for non-standard things in the check directory
Result: NOTE
    Found the following files/directories:
     'EM-hapfreqs' 'EM-initial.dat' 'EM-known_haplotypes'
Flavors: r-devel-linux-x86_64-debian-clang, r-devel-linux-x86_64-debian-gcc, r-devel-linux-x86_64-fedora-clang, r-devel-linux-x86_64-fedora-gcc

Version: 1.0.2
Check: whether package can be installed
Result: WARN
    Found the following significant warnings:
     rng.cpp:43:22: warning: ignoring return value of ‘size_t fread(void*, size_t, size_t, FILE*)’, declared with attribute warn_unused_result [-Wunused-result]
Flavors: r-devel-linux-x86_64-debian-gcc, r-devel-linux-x86_64-fedora-gcc

Version: 1.0.2
Check: installed package size
Result: NOTE
     installed size is 5.1Mb
     sub-directories of 1Mb or more:
     libs 4.5Mb
Flavor: r-devel-linux-x86_64-fedora-clang