CRAN Package Check Results for Package Rsconctdply

Last updated on 2020-02-28 16:48:28 CET.

Flavor Version Tinstall Tcheck Ttotal Status Flags
r-devel-linux-x86_64-debian-clang 0.1.3 1.89 17.02 18.91 OK
r-devel-linux-x86_64-debian-gcc 0.1.3 1.47 14.18 15.65 OK
r-devel-linux-x86_64-fedora-clang 0.1.3 23.56 NOTE
r-devel-linux-x86_64-fedora-gcc 0.1.3 22.85 NOTE
r-devel-windows-ix86+x86_64 0.1.3 6.00 29.00 35.00 OK
r-devel-windows-ix86+x86_64-gcc8 0.1.3 5.00 31.00 36.00 OK
r-patched-linux-x86_64 0.1.3 1.37 15.76 17.13 OK
r-patched-solaris-x86 0.1.3 35.40 NOTE
r-release-linux-x86_64 0.1.3 1.27 15.84 17.11 OK
r-release-windows-ix86+x86_64 0.1.3 3.00 38.00 41.00 OK
r-release-osx-x86_64 0.1.3 NOTE
r-oldrel-windows-ix86+x86_64 0.1.3 3.00 29.00 32.00 OK
r-oldrel-osx-x86_64 0.1.3 NOTE

Check Details

Version: 0.1.3
Check: dependencies in R code
Result: NOTE
    Namespace in Imports field not imported from: ‘dplyr’
     All declared Imports should be used.
Flavors: r-devel-linux-x86_64-fedora-clang, r-devel-linux-x86_64-fedora-gcc, r-patched-solaris-x86, r-release-osx-x86_64, r-oldrel-osx-x86_64