CRAN Package Check Results for Package Rserve

Last updated on 2015-08-30 09:47:40.

Flavor Version Tinstall Tcheck Ttotal Status Flags
r-devel-linux-x86_64-debian-clang 1.7-3 10.64 9.26 19.90 NOTE
r-devel-linux-x86_64-debian-gcc 1.7-3 13.08 8.38 21.46 NOTE
r-devel-linux-x86_64-fedora-clang 1.7-3 26.26 NOTE
r-devel-linux-x86_64-fedora-gcc 1.7-3 26.09 NOTE
r-devel-osx-x86_64-clang 1.7-3 37.47 NOTE
r-devel-windows-ix86+x86_64 1.7-3 86.00 24.00 110.00 WARN
r-patched-linux-x86_64 1.7-3 12.19 9.10 21.29 NOTE
r-patched-solaris-sparc 1.7-3 69.80 ERROR
r-patched-solaris-x86 1.7-3 17.30 ERROR
r-release-linux-x86_64 1.7-3 12.36 9.67 22.03 NOTE
r-release-osx-x86_64-mavericks 1.7-3 NOTE
r-release-windows-ix86+x86_64 1.7-3 62.00 29.00 91.00 WARN
r-oldrel-windows-ix86+x86_64 1.7-3 93.00 25.00 118.00 WARN

Check Details

Version: 1.7-3
Check: top-level files
Result: NOTE
    Non-standard files/directories found at top level:
     ‘clients’ ‘clients.txt’ ‘version’
Flavors: r-devel-linux-x86_64-debian-clang, r-devel-linux-x86_64-debian-gcc, r-devel-linux-x86_64-fedora-clang, r-devel-linux-x86_64-fedora-gcc, r-patched-linux-x86_64, r-release-linux-x86_64

Version: 1.7-3
Check: for GNU extensions in Makefiles
Result: NOTE
    GNU make is a SystemRequirements.
Flavors: r-devel-linux-x86_64-debian-clang, r-devel-linux-x86_64-debian-gcc, r-devel-linux-x86_64-fedora-clang, r-devel-linux-x86_64-fedora-gcc, r-devel-osx-x86_64-clang, r-devel-windows-ix86+x86_64, r-patched-linux-x86_64, r-release-linux-x86_64, r-release-osx-x86_64-mavericks, r-release-windows-ix86+x86_64, r-oldrel-windows-ix86+x86_64

Version: 1.7-3
Check: compiled code
Result: NOTE
    Note: information on .o files is not available
    File ‘/home/hornik/tmp/R.check/r-devel-clang/Work/build/Packages/Rserve/libs/Rserve.so’:
     Found ‘exit’, possibly from ‘exit’ (C)
     Found ‘rand’, possibly from ‘rand’ (C)
     Found ‘random’, possibly from ‘random’ (C)
     Found ‘srandom’, possibly from ‘srandom’ (C)
    File ‘Rserve/libs/Rserve.so’:
     Found non-API call to R: ‘R_TempDir’
    
    Compiled code should not call entry points which might terminate R nor
    write to stdout/stderr instead of to the console, nor the system RNG.
    The detected symbols are linked into the code but might come from
    libraries and not actually be called.
    Compiled code should not call non-API entry points in R.
    
    See ‘Writing portable packages’ in the ‘Writing R Extensions’ manual.
Flavor: r-devel-linux-x86_64-debian-clang

Version: 1.7-3
Check: compiled code
Result: NOTE
    Note: information on .o files is not available
    File ‘/home/hornik/tmp/R.check/r-devel-gcc/Work/build/Packages/Rserve/libs/Rserve.so’:
     Found ‘exit’, possibly from ‘exit’ (C)
     Found ‘rand’, possibly from ‘rand’ (C)
     Found ‘random’, possibly from ‘random’ (C)
     Found ‘srandom’, possibly from ‘srandom’ (C)
    File ‘Rserve/libs/Rserve.so’:
     Found non-API call to R: ‘R_TempDir’
    
    Compiled code should not call entry points which might terminate R nor
    write to stdout/stderr instead of to the console, nor the system RNG.
    The detected symbols are linked into the code but might come from
    libraries and not actually be called.
    Compiled code should not call non-API entry points in R.
    
    See ‘Writing portable packages’ in the ‘Writing R Extensions’ manual.
Flavor: r-devel-linux-x86_64-debian-gcc

Version: 1.7-3
Check: compiled code
Result: NOTE
    Note: information on .o files is not available
    File ‘/data/gannet/ripley/R/packages/tests-clang/Rserve.Rcheck/Rserve/libs/Rserve.so’:
     Found ‘exit’, possibly from ‘exit’ (C)
     Found ‘rand’, possibly from ‘rand’ (C)
     Found ‘random’, possibly from ‘random’ (C)
     Found ‘srandom’, possibly from ‘srandom’ (C)
    File ‘Rserve/libs/Rserve.so’:
     Found non-API call to R: ‘R_TempDir’
    
    Compiled code should not call entry points which might terminate R nor
    write to stdout/stderr instead of to the console, nor the system RNG.
    The detected symbols are linked into the code but might come from
    libraries and not actually be called.
    Compiled code should not call non-API entry points in R.
    
    See ‘Writing portable packages’ in the ‘Writing R Extensions’ manual.
Flavor: r-devel-linux-x86_64-fedora-clang

Version: 1.7-3
Check: compiled code
Result: NOTE
    Note: information on .o files is not available
    File ‘/data/gannet/ripley/R/packages/tests-devel/Rserve.Rcheck/Rserve/libs/Rserve.so’:
     Found ‘exit’, possibly from ‘exit’ (C)
     Found ‘rand’, possibly from ‘rand’ (C)
     Found ‘random’, possibly from ‘random’ (C)
     Found ‘srandom’, possibly from ‘srandom’ (C)
    File ‘Rserve/libs/Rserve.so’:
     Found non-API call to R: ‘R_TempDir’
    
    Compiled code should not call entry points which might terminate R nor
    write to stdout/stderr instead of to the console, nor the system RNG.
    The detected symbols are linked into the code but might come from
    libraries and not actually be called.
    Compiled code should not call non-API entry points in R.
    
    See ‘Writing portable packages’ in the ‘Writing R Extensions’ manual.
Flavor: r-devel-linux-x86_64-fedora-gcc

Version: 1.7-3
Check: compiled code
Result: NOTE
    Note: information on .o files is not available
    File ‘/Users/ripley/R/packages/tests-devel/Rserve.Rcheck/Rserve/libs/Rserve.so’:
     Found ‘_exit’, possibly from ‘exit’ (C)
     Found ‘_rand’, possibly from ‘rand’ (C)
     Found ‘_random’, possibly from ‘random’ (C)
     Found ‘_srandom’, possibly from ‘srandom’ (C)
    File ‘Rserve/libs/Rserve.so’:
     Found non-API call to R: ‘R_TempDir’
    
    Compiled code should not call entry points which might terminate R nor
    write to stdout/stderr instead of to the console, nor the system RNG.
    The detected symbols are linked into the code but might come from
    libraries and not actually be called.
    Compiled code should not call non-API entry points in R.
    
    See ‘Writing portable packages’ in the ‘Writing R Extensions’ manual.
Flavor: r-devel-osx-x86_64-clang

Version: 1.7-3
Check: whether package can be installed
Result: WARN
    Found the following significant warnings:
     d:\compiler\gcc-4.6.3\bin\../lib/gcc/i686-w64-mingw32/4.6.3/../../../../i686-w64-mingw32/include/winsock2.h:15:2: warning: #warning Please include winsock2.h before windows.h [-Wcpp]
     qap_decode.c:200:41: warning: cast from pointer to integer of different size [-Wpointer-to-int-cast]
     qap_decode.c:200:54: warning: cast from pointer to integer of different size [-Wpointer-to-int-cast]
     qap_decode.c:238:34: warning: cast from pointer to integer of different size [-Wpointer-to-int-cast]
     qap_decode.c:238:55: warning: cast from pointer to integer of different size [-Wpointer-to-int-cast]
     qap_decode.c:244:39: warning: cast from pointer to integer of different size [-Wpointer-to-int-cast]
     qap_decode.c:244:60: warning: cast from pointer to integer of different size [-Wpointer-to-int-cast]
Flavors: r-devel-windows-ix86+x86_64, r-release-windows-ix86+x86_64, r-oldrel-windows-ix86+x86_64

Version: 1.7-3
Check: R code for possible problems
Result: NOTE
    Rserve: no visible global function definition for 'shortPathName'
    Undefined global functions or variables:
     shortPathName
    Consider adding
     importFrom("utils", "shortPathName")
    to your NAMESPACE.
Flavor: r-devel-windows-ix86+x86_64

Version: 1.7-3
Check: compiled code
Result: NOTE
    Note: information on .o files for i386 is not available
    Note: information on .o files for x64 is not available
    File 'd:/Rcompile/CRANpkg/lib/3.3/Rserve/libs/i386/Rserve.dll':
     Found 'abort', possibly from 'abort' (C), 'runtime' (Fortran)
     Found 'exit', possibly from 'exit' (C), 'stop' (Fortran)
     Found 'rand', possibly from 'rand' (C)
     Found 'srand', possibly from 'srand' (C)
    File 'd:/Rcompile/CRANpkg/lib/3.3/Rserve/libs/x64/Rserve.dll':
     Found 'abort', possibly from 'abort' (C), 'runtime' (Fortran)
     Found 'exit', possibly from 'exit' (C), 'stop' (Fortran)
     Found 'rand', possibly from 'rand' (C)
     Found 'srand', possibly from 'srand' (C)
    File 'Rserve/libs/i386/Rserve.dll':
     Found non-API calls to R: 'R_Interactive', 'Rf_initialize_R',
     'setup_Rmainloop'
    File 'Rserve/libs/x64/Rserve.dll':
     Found non-API calls to R: 'R_Interactive', 'Rf_initialize_R',
     'setup_Rmainloop'
    
    Compiled code should not call entry points which might terminate R nor
    write to stdout/stderr instead of to the console, nor the system RNG.
    The detected symbols are linked into the code but might come from
    libraries and not actually be called.
    Compiled code should not call non-API entry points in R.
    
    See 'Writing portable packages' in the 'Writing R Extensions' manual.
Flavor: r-devel-windows-ix86+x86_64

Version: 1.7-3
Check: compiled code
Result: NOTE
    Note: information on .o files is not available
    File ‘/home/hornik/tmp/R.check/r-patched-gcc/Work/build/Packages/Rserve/libs/Rserve.so’:
     Found ‘exit’, possibly from ‘exit’ (C)
     Found ‘rand’, possibly from ‘rand’ (C)
     Found ‘random’, possibly from ‘random’ (C)
     Found ‘srandom’, possibly from ‘srandom’ (C)
    File ‘Rserve/libs/Rserve.so’:
     Found non-API call to R: ‘R_TempDir’
    
    Compiled code should not call entry points which might terminate R nor
    write to stdout/stderr instead of to the console, nor the system RNG.
    The detected symbols are linked into the code but might come from
    libraries and not actually be called.
    Compiled code should not call non-API entry points in R.
    
    See ‘Writing portable packages’ in the ‘Writing R Extensions’ manual.
Flavor: r-patched-linux-x86_64

Version: 1.7-3
Check: whether package can be installed
Result: ERROR
    Installation failed.
Flavors: r-patched-solaris-sparc, r-patched-solaris-x86

Version: 1.7-3
Check: compiled code
Result: NOTE
    Note: information on .o files is not available
    File ‘/home/hornik/tmp/R.check/r-release-gcc/Work/build/Packages/Rserve/libs/Rserve.so’:
     Found ‘exit’, possibly from ‘exit’ (C)
     Found ‘rand’, possibly from ‘rand’ (C)
     Found ‘random’, possibly from ‘random’ (C)
     Found ‘srandom’, possibly from ‘srandom’ (C)
    File ‘Rserve/libs/Rserve.so’:
     Found non-API call to R: ‘R_TempDir’
    
    Compiled code should not call entry points which might terminate R nor
    write to stdout/stderr instead of to the console, nor the system RNG.
    The detected symbols are linked into the code but might come from
    libraries and not actually be called.
    Compiled code should not call non-API entry points in R.
    
    See ‘Writing portable packages’ in the ‘Writing R Extensions’ manual.
Flavor: r-release-linux-x86_64

Version: 1.7-3
Check: compiled code
Result: NOTE
    Note: information on .o files is not available
    File ‘/Builds/CRAN-QA-Simon/packages/mavericks-x86_64/results/3.2/Rserve.Rcheck/Rserve/libs/Rserve.so’:
     Found ‘_exit’, possibly from ‘exit’ (C)
     Found ‘_rand’, possibly from ‘rand’ (C)
     Found ‘_random’, possibly from ‘random’ (C)
     Found ‘_srandom’, possibly from ‘srandom’ (C)
    File ‘Rserve/libs/Rserve.so’:
     Found non-API call to R: ‘R_TempDir’
    
    Compiled code should not call entry points which might terminate R nor
    write to stdout/stderr instead of to the console, nor the system RNG.
    The detected symbols are linked into the code but might come from
    libraries and not actually be called.
    Compiled code should not call non-API entry points in R.
    
    See ‘Writing portable packages’ in the ‘Writing R Extensions’ manual.
Flavor: r-release-osx-x86_64-mavericks

Version: 1.7-3
Check: compiled code
Result: NOTE
    Note: information on .o files for i386 is not available
    Note: information on .o files for x64 is not available
    File 'd:/Rcompile/CRANpkg/lib/3.2/Rserve/libs/i386/Rserve.dll':
     Found 'abort', possibly from 'abort' (C), 'runtime' (Fortran)
     Found 'exit', possibly from 'exit' (C), 'stop' (Fortran)
     Found 'rand', possibly from 'rand' (C)
     Found 'srand', possibly from 'srand' (C)
    File 'd:/Rcompile/CRANpkg/lib/3.2/Rserve/libs/x64/Rserve.dll':
     Found 'abort', possibly from 'abort' (C), 'runtime' (Fortran)
     Found 'exit', possibly from 'exit' (C), 'stop' (Fortran)
     Found 'rand', possibly from 'rand' (C)
     Found 'srand', possibly from 'srand' (C)
    File 'Rserve/libs/i386/Rserve.dll':
     Found non-API calls to R: 'R_Interactive', 'Rf_initialize_R',
     'setup_Rmainloop'
    File 'Rserve/libs/x64/Rserve.dll':
     Found non-API calls to R: 'R_Interactive', 'Rf_initialize_R',
     'setup_Rmainloop'
    
    Compiled code should not call entry points which might terminate R nor
    write to stdout/stderr instead of to the console, nor the system RNG.
    The detected symbols are linked into the code but might come from
    libraries and not actually be called.
    Compiled code should not call non-API entry points in R.
    
    See 'Writing portable packages' in the 'Writing R Extensions' manual.
Flavor: r-release-windows-ix86+x86_64

Version: 1.7-3
Check: compiled code
Result: NOTE
    Note: information on .o files for i386 is not available
    Note: information on .o files for x64 is not available
    File 'd:/Rcompile/CRANpkg/lib/3.1/Rserve/libs/i386/Rserve.dll':
     Found 'abort', possibly from 'abort' (C), 'runtime' (Fortran)
     Found 'exit', possibly from 'exit' (C), 'stop' (Fortran)
     Found 'rand', possibly from 'rand' (C)
     Found 'srand', possibly from 'srand' (C)
    File 'd:/Rcompile/CRANpkg/lib/3.1/Rserve/libs/x64/Rserve.dll':
     Found 'abort', possibly from 'abort' (C), 'runtime' (Fortran)
     Found 'exit', possibly from 'exit' (C), 'stop' (Fortran)
     Found 'rand', possibly from 'rand' (C)
     Found 'srand', possibly from 'srand' (C)
    File 'Rserve/libs/i386/Rserve.dll':
     Found non-API calls to R: 'R_Interactive', 'Rf_initialize_R',
     'setup_Rmainloop'
    File 'Rserve/libs/x64/Rserve.dll':
     Found non-API calls to R: 'R_Interactive', 'Rf_initialize_R',
     'setup_Rmainloop'
    
    Compiled code should not call entry points which might terminate R nor
    write to stdout/stderr instead of to the console, nor the system RNG.
    The detected symbols are linked into the code but might come from
    libraries and not actually be called.
    Compiled code should not call non-API entry points in R.
    
    See 'Writing portable packages' in the 'Writing R Extensions' manual.
Flavor: r-oldrel-windows-ix86+x86_64