CRAN Package Check Results for Package Rserve

Last updated on 2014-07-25 10:52:05.

Flavor Version Tinstall Tcheck Ttotal Status Flags
r-devel-linux-x86_64-debian-clang 1.7-3 9.26 9.13 18.39 NOTE
r-devel-linux-x86_64-debian-gcc 1.7-3 12.50 8.72 21.22 NOTE
r-devel-linux-x86_64-fedora-clang 1.7-3 27.15 NOTE
r-devel-linux-x86_64-fedora-gcc 1.7-3 27.26 NOTE
r-devel-osx-x86_64-clang 1.7-3 38.54 NOTE
r-devel-windows-ix86+x86_64 1.7-3 53.00 20.00 73.00 WARN
r-patched-linux-x86_64 1.7-3 12.77 9.10 21.87 NOTE
r-patched-solaris-sparc 1.7-3 69.90 ERROR
r-patched-solaris-x86 1.7-3 17.60 ERROR
r-release-linux-ix86 1.7-3 18.62 15.43 34.05 NOTE
r-release-linux-x86_64 1.7-3 12.44 9.34 21.79 NOTE
r-release-osx-x86_64-mavericks 1.7-3 NOTE
r-release-windows-ix86+x86_64 1.7-3 83.00 19.00 102.00 WARN
r-oldrel-windows-ix86+x86_64 1.7-3 54.00 20.00 74.00 WARN

Check Details

Version: 1.7-3
Check: compiled code
Result: NOTE
    Note: information on .o files is not available
    File ‘/home/hornik/tmp/R.check/r-devel-clang/Work/build/Packages/Rserve/libs/Rserve.so’:
     Found ‘exit’, possibly from ‘exit’ (C)
    File ‘/home/hornik/tmp/R.check/r-devel-clang/Work/build/Packages/Rserve/libs/Rserve.so’:
     Found non-API call to R: ‘R_TempDir’
    
    Compiled code should not call entry points which might terminate R nor
    write to stdout/stderr instead of to the console. The detected symbols
    are linked into the code but might come from libraries and not actually
    be called.
    Compiled code should not call non-API entry points in R.
    
    See ‘Writing portable packages’ in the ‘Writing R Extensions’ manual.
Flavor: r-devel-linux-x86_64-debian-clang

Version: 1.7-3
Check: compiled code
Result: NOTE
    Note: information on .o files is not available
    File ‘/home/hornik/tmp/R.check/r-devel-gcc/Work/build/Packages/Rserve/libs/Rserve.so’:
     Found ‘exit’, possibly from ‘exit’ (C)
    File ‘/home/hornik/tmp/R.check/r-devel-gcc/Work/build/Packages/Rserve/libs/Rserve.so’:
     Found non-API call to R: ‘R_TempDir’
    
    Compiled code should not call entry points which might terminate R nor
    write to stdout/stderr instead of to the console. The detected symbols
    are linked into the code but might come from libraries and not actually
    be called.
    Compiled code should not call non-API entry points in R.
    
    See ‘Writing portable packages’ in the ‘Writing R Extensions’ manual.
Flavor: r-devel-linux-x86_64-debian-gcc

Version: 1.7-3
Check: top-level files
Result: NOTE
    Non-standard files/directories found at top level:
     ‘clients’ ‘clients.txt’ ‘version’
Flavors: r-devel-linux-x86_64-fedora-clang, r-devel-linux-x86_64-fedora-gcc

Version: 1.7-3
Check: compiled code
Result: NOTE
    Note: information on .o files is not available
    File ‘/data/gannet/ripley/R/packages/tests-clang/Rserve.Rcheck/Rserve/libs/Rserve.so’:
     Found ‘exit’, possibly from ‘exit’ (C)
    File ‘/data/gannet/ripley/R/packages/tests-clang/Rserve.Rcheck/Rserve/libs/Rserve.so’:
     Found non-API call to R: ‘R_TempDir’
    
    Compiled code should not call entry points which might terminate R nor
    write to stdout/stderr instead of to the console. The detected symbols
    are linked into the code but might come from libraries and not actually
    be called.
    Compiled code should not call non-API entry points in R.
    
    See ‘Writing portable packages’ in the ‘Writing R Extensions’ manual.
Flavor: r-devel-linux-x86_64-fedora-clang

Version: 1.7-3
Check: compiled code
Result: NOTE
    Note: information on .o files is not available
    File ‘/data/gannet/ripley/R/packages/tests-devel/Rserve.Rcheck/Rserve/libs/Rserve.so’:
     Found ‘exit’, possibly from ‘exit’ (C)
    File ‘/data/gannet/ripley/R/packages/tests-devel/Rserve.Rcheck/Rserve/libs/Rserve.so’:
     Found non-API call to R: ‘R_TempDir’
    
    Compiled code should not call entry points which might terminate R nor
    write to stdout/stderr instead of to the console. The detected symbols
    are linked into the code but might come from libraries and not actually
    be called.
    Compiled code should not call non-API entry points in R.
    
    See ‘Writing portable packages’ in the ‘Writing R Extensions’ manual.
Flavor: r-devel-linux-x86_64-fedora-gcc

Version: 1.7-3
Check: compiled code
Result: NOTE
    Note: information on .o files is not available
    File ‘/Users/ripley/R/packages/tests-devel/Rserve.Rcheck/Rserve/libs/Rserve.so’:
     Found ‘_exit’, possibly from ‘exit’ (C)
    File ‘/Users/ripley/R/packages/tests-devel/Rserve.Rcheck/Rserve/libs/Rserve.so’:
     Found non-API call to R: ‘R_TempDir’
    
    Compiled code should not call entry points which might terminate R nor
    write to stdout/stderr instead of to the console. The detected symbols
    are linked into the code but might come from libraries and not actually
    be called.
    Compiled code should not call non-API entry points in R.
    
    See ‘Writing portable packages’ in the ‘Writing R Extensions’ manual.
Flavor: r-devel-osx-x86_64-clang

Version: 1.7-3
Check: whether package can be installed
Result: WARNING
    Found the following significant warnings:
     d:\compiler\gcc-4.6.3\bin\../lib/gcc/i686-w64-mingw32/4.6.3/../../../../i686-w64-mingw32/include/winsock2.h:15:2: warning: #warning Please include winsock2.h before windows.h [-Wcpp]
     qap_decode.c:200:41: warning: cast from pointer to integer of different size [-Wpointer-to-int-cast]
     qap_decode.c:200:54: warning: cast from pointer to integer of different size [-Wpointer-to-int-cast]
     qap_decode.c:238:34: warning: cast from pointer to integer of different size [-Wpointer-to-int-cast]
     qap_decode.c:238:55: warning: cast from pointer to integer of different size [-Wpointer-to-int-cast]
     qap_decode.c:244:39: warning: cast from pointer to integer of different size [-Wpointer-to-int-cast]
     qap_decode.c:244:60: warning: cast from pointer to integer of different size [-Wpointer-to-int-cast]
    See 'd:/Rcompile/CRANpkg/local/3.2/Rserve.Rcheck/00install.out' for details.
Flavor: r-devel-windows-ix86+x86_64

Version: 1.7-3
Check: compiled code
Result: NOTE
    Note: information on .o files for i386 is not available
    Note: information on .o files for x64 is not available
    File 'd:/Rcompile/CRANpkg/lib/3.2/Rserve/libs/i386/Rserve.dll':
     Found 'abort', possibly from 'abort' (C), 'runtime' (Fortran)
     Found 'exit', possibly from 'exit' (C), 'stop' (Fortran)
    File 'd:/Rcompile/CRANpkg/lib/3.2/Rserve/libs/x64/Rserve.dll':
     Found 'abort', possibly from 'abort' (C), 'runtime' (Fortran)
     Found 'exit', possibly from 'exit' (C), 'stop' (Fortran)
    File 'd:/Rcompile/CRANpkg/lib/3.2/Rserve/libs/i386/Rserve.dll':
     Found non-API calls to R: 'R_Interactive', 'Rf_initialize_R',
     'setup_Rmainloop'
    File 'd:/Rcompile/CRANpkg/lib/3.2/Rserve/libs/x64/Rserve.dll':
     Found non-API calls to R: 'R_Interactive', 'Rf_initialize_R',
     'setup_Rmainloop'
    
    Compiled code should not call entry points which might terminate R nor
    write to stdout/stderr instead of to the console. The detected symbols
    are linked into the code but might come from libraries and not actually
    be called.
    Compiled code should not call non-API entry points in R.
    
    See 'Writing portable packages' in the 'Writing R Extensions' manual.
    * checking examples ...
Flavor: r-devel-windows-ix86+x86_64

Version: 1.7-3
Check: compiled code
Result: NOTE
    Note: information on .o files is not available
    File ‘/home/hornik/tmp/R.check/r-patched-gcc/Work/build/Packages/Rserve/libs/Rserve.so’:
     Found ‘exit’, possibly from ‘exit’ (C)
    File ‘/home/hornik/tmp/R.check/r-patched-gcc/Work/build/Packages/Rserve/libs/Rserve.so’:
     Found non-API call to R: ‘R_TempDir’
    
    Compiled code should not call entry points which might terminate R nor
    write to stdout/stderr instead of to the console. The detected symbols
    are linked into the code but might come from libraries and not actually
    be called.
    Compiled code should not call non-API entry points in R.
    
    See ‘Writing portable packages’ in the ‘Writing R Extensions’ manual.
Flavor: r-patched-linux-x86_64

Version: 1.7-3
Check: whether package can be installed
Result: ERROR
    Installation failed.
    See ‘/home/ripley/R/packages/tests32/Rserve.Rcheck/00install.out’ for details.
Flavors: r-patched-solaris-sparc, r-patched-solaris-x86

Version: 1.7-3
Check: compiled code
Result: NOTE
    Note: information on .o files is not available
    File ‘/home/hornik/tmp/R.check/r-release-gcc/Work/build/Packages/Rserve/libs/Rserve.so’:
     Found ‘exit’, possibly from ‘exit’ (C)
    File ‘/home/hornik/tmp/R.check/r-release-gcc/Work/build/Packages/Rserve/libs/Rserve.so’:
     Found non-API call to R: ‘R_TempDir’
    
    Compiled code should not call entry points which might terminate R nor
    write to stdout/stderr instead of to the console. The detected symbols
    are linked into the code but might come from libraries and not actually
    be called.
    Compiled code should not call non-API entry points in R.
    
    See ‘Writing portable packages’ in the ‘Writing R Extensions’ manual.
Flavors: r-release-linux-ix86, r-release-linux-x86_64

Version: 1.7-3
Check: compiled code
Result: NOTE
    Note: information on .o files is not available
    File ‘/Builds/CRAN-QA-Simon/packages/mavericks-x86_64/results/3.1/Rserve.Rcheck/Rserve/libs/Rserve.so’:
     Found ‘_exit’, possibly from ‘exit’ (C)
    File ‘/Builds/CRAN-QA-Simon/packages/mavericks-x86_64/results/3.1/Rserve.Rcheck/Rserve/libs/Rserve.so’:
     Found non-API call to R: ‘R_TempDir’
    
    Compiled code should not call entry points which might terminate R nor
    write to stdout/stderr instead of to the console. The detected symbols
    are linked into the code but might come from libraries and not actually
    be called.
    Compiled code should not call non-API entry points in R.
    
    See ‘Writing portable packages’ in the ‘Writing R Extensions’ manual.
Flavor: r-release-osx-x86_64-mavericks

Version: 1.7-3
Check: whether package can be installed
Result: WARNING
    Found the following significant warnings:
     d:\compiler\gcc-4.6.3\bin\../lib/gcc/i686-w64-mingw32/4.6.3/../../../../i686-w64-mingw32/include/winsock2.h:15:2: warning: #warning Please include winsock2.h before windows.h [-Wcpp]
     qap_decode.c:200:41: warning: cast from pointer to integer of different size [-Wpointer-to-int-cast]
     qap_decode.c:200:54: warning: cast from pointer to integer of different size [-Wpointer-to-int-cast]
     qap_decode.c:238:34: warning: cast from pointer to integer of different size [-Wpointer-to-int-cast]
     qap_decode.c:238:55: warning: cast from pointer to integer of different size [-Wpointer-to-int-cast]
     qap_decode.c:244:39: warning: cast from pointer to integer of different size [-Wpointer-to-int-cast]
     qap_decode.c:244:60: warning: cast from pointer to integer of different size [-Wpointer-to-int-cast]
    See 'd:/Rcompile/CRANpkg/local/3.1/Rserve.Rcheck/00install.out' for details.
Flavor: r-release-windows-ix86+x86_64

Version: 1.7-3
Check: compiled code
Result: NOTE
    Note: information on .o files for i386 is not available
    Note: information on .o files for x64 is not available
    File 'd:/Rcompile/CRANpkg/lib/3.1/Rserve/libs/i386/Rserve.dll':
     Found 'abort', possibly from 'abort' (C), 'runtime' (Fortran)
     Found 'exit', possibly from 'exit' (C), 'stop' (Fortran)
    File 'd:/Rcompile/CRANpkg/lib/3.1/Rserve/libs/x64/Rserve.dll':
     Found 'abort', possibly from 'abort' (C), 'runtime' (Fortran)
     Found 'exit', possibly from 'exit' (C), 'stop' (Fortran)
    File 'd:/Rcompile/CRANpkg/lib/3.1/Rserve/libs/i386/Rserve.dll':
     Found non-API calls to R: 'R_Interactive', 'Rf_initialize_R',
     'setup_Rmainloop'
    File 'd:/Rcompile/CRANpkg/lib/3.1/Rserve/libs/x64/Rserve.dll':
     Found non-API calls to R: 'R_Interactive', 'Rf_initialize_R',
     'setup_Rmainloop'
    
    Compiled code should not call entry points which might terminate R nor
    write to stdout/stderr instead of to the console. The detected symbols
    are linked into the code but might come from libraries and not actually
    be called.
    Compiled code should not call non-API entry points in R.
    
    See 'Writing portable packages' in the 'Writing R Extensions' manual.
    * checking examples ...
Flavor: r-release-windows-ix86+x86_64

Version: 1.7-3
Check: whether package can be installed
Result: WARNING
    Found the following significant warnings:
     d:\compiler\gcc-4.6.3\bin\../lib/gcc/i686-w64-mingw32/4.6.3/../../../../i686-w64-mingw32/include/winsock2.h:15:2: warning: #warning Please include winsock2.h before windows.h [-Wcpp]
     d:\compiler\gcc-4.6.3\bin\../lib/gcc/i686-w64-mingw32/4.6.3/../../../../i686-w64-mingw32/include/winsock2.h:15:2: warning: #warning Please include winsock2.h before windows.h [-Wcpp]
     d:\compiler\gcc-4.6.3\bin\../lib/gcc/i686-w64-mingw32/4.6.3/../../../../i686-w64-mingw32/include/winsock2.h:15:2: warning: #warning Please include winsock2.h before windows.h [-Wcpp]
     d:\compiler\gcc-4.6.3\bin\../lib/gcc/i686-w64-mingw32/4.6.3/../../../../i686-w64-mingw32/include/winsock2.h:15:2: warning: #warning Please include winsock2.h before windows.h [-Wcpp]
     d:\compiler\gcc-4.6.3\bin\../lib/gcc/i686-w64-mingw32/4.6.3/../../../../i686-w64-mingw32/include/winsock2.h:15:2: warning: #warning Please include winsock2.h before windows.h [-Wcpp]
     d:\compiler\gcc-4.6.3\bin\../lib/gcc/i686-w64-mingw32/4.6.3/../../../../i686-w64-mingw32/include/winsock2.h:15:2: warning: #warning Please include winsock2.h before windows.h [-Wcpp]
    See 'd:/Rcompile/CRANpkg/local/3.0/Rserve.Rcheck/00install.out' for details.
Flavor: r-oldrel-windows-ix86+x86_64

Version: 1.7-3
Check: compiled code
Result: NOTE
    Note: information on .o files for i386 is not available
    Note: information on .o files for x64 is not available
    File 'd:/Rcompile/CRANpkg/lib/3.0/Rserve/libs/i386/Rserve.dll':
     Found 'abort', possibly from 'abort' (C), 'runtime' (Fortran)
     Found 'exit', possibly from 'exit' (C), 'stop' (Fortran)
    File 'd:/Rcompile/CRANpkg/lib/3.0/Rserve/libs/x64/Rserve.dll':
     Found 'abort', possibly from 'abort' (C), 'runtime' (Fortran)
     Found 'exit', possibly from 'exit' (C), 'stop' (Fortran)
    File 'd:/Rcompile/CRANpkg/lib/3.0/Rserve/libs/i386/Rserve.dll':
     Found non-API calls to R: 'R_Interactive', 'Rf_initialize_R',
     'setup_Rmainloop'
    File 'd:/Rcompile/CRANpkg/lib/3.0/Rserve/libs/x64/Rserve.dll':
     Found non-API calls to R: 'R_Interactive', 'Rf_initialize_R',
     'setup_Rmainloop'
    
    Compiled code should not call entry points which might terminate R nor
    write to stdout/stderr instead of to the console. The detected symbols
    are linked into the code but might come from libraries and not actually
    be called.
    Compiled code should not call non-API entry points in R.
    
    See 'Writing portable packages' in the 'Writing R Extensions' manual.
    * checking examples ...
Flavor: r-oldrel-windows-ix86+x86_64