CRAN Package Check Results for Package Rsolnp

Last updated on 2015-05-29 19:47:55.

Flavor Version Tinstall Tcheck Ttotal Status Flags
r-devel-linux-x86_64-debian-clang 1.15 0.66 16.10 16.76 NOTE
r-devel-linux-x86_64-debian-gcc 1.15 0.70 15.94 16.64 NOTE
r-devel-linux-x86_64-fedora-clang 1.15 33.23 NOTE
r-devel-linux-x86_64-fedora-gcc 1.15 29.78 NOTE
r-devel-osx-x86_64-clang 1.15 34.87 NOTE
r-devel-windows-ix86+x86_64 1.15 2.00 24.00 26.00 NOTE
r-patched-linux-x86_64 1.15 0.97 16.29 17.26 NOTE
r-patched-solaris-sparc 1.15 181.60 NOTE
r-patched-solaris-x86 1.15 39.00 NOTE
r-release-linux-x86_64 1.15 0.62 17.16 17.79 NOTE
r-release-osx-x86_64-mavericks 1.15 NOTE
r-release-osx-x86_64-snowleopard 1.15 NOTE
r-release-windows-ix86+x86_64 1.15 2.00 28.00 30.00 NOTE
r-oldrel-windows-ix86+x86_64 1.15 5.00 27.00 32.00 OK

Check Details

Version: 1.15
Check: DESCRIPTION meta-information
Result: NOTE
    Malformed Description field: should contain one or more complete sentences.
Flavors: r-devel-linux-x86_64-debian-clang, r-devel-linux-x86_64-debian-gcc, r-devel-linux-x86_64-fedora-clang, r-devel-linux-x86_64-fedora-gcc, r-devel-osx-x86_64-clang, r-devel-windows-ix86+x86_64, r-patched-linux-x86_64, r-patched-solaris-sparc, r-patched-solaris-x86, r-release-linux-x86_64, r-release-osx-x86_64-mavericks, r-release-osx-x86_64-snowleopard, r-release-windows-ix86+x86_64