CRAN Package Check Results for Package Rsolnp

Last updated on 2015-03-27 21:47:59.

Flavor Version Tinstall Tcheck Ttotal Status Flags
r-devel-linux-x86_64-debian-clang 1.15 0.66 16.22 16.88 NOTE
r-devel-linux-x86_64-debian-gcc 1.15 0.66 15.86 16.52 NOTE
r-devel-linux-x86_64-fedora-clang 1.15 31.80 NOTE
r-devel-linux-x86_64-fedora-gcc 1.15 29.91 NOTE
r-devel-osx-x86_64-clang 1.15 36.72 NOTE
r-prerel-windows-ix86+x86_64 1.15 3.00 23.00 26.00 NOTE
r-prerel-linux-x86_64 1.15 0.62 16.31 16.92 NOTE
r-prerel-solaris-sparc 1.15 191.50 NOTE
r-prerel-solaris-x86 1.15 38.10 NOTE
r-release-linux-x86_64 1.15 0.77 17.37 18.14 OK
r-release-osx-x86_64-mavericks 1.15 OK
r-release-osx-x86_64-snowleopard 1.15 OK
r-release-windows-ix86+x86_64 1.15 5.00 27.00 32.00 OK
r-oldrel-windows-ix86+x86_64 1.15 3.00 36.00 39.00 OK

Check Details

Version: 1.15
Check: DESCRIPTION meta-information
Result: NOTE
    Malformed Description field: should contain one or more complete sentences.
Flavors: r-devel-linux-x86_64-debian-clang, r-devel-linux-x86_64-debian-gcc, r-devel-linux-x86_64-fedora-clang, r-devel-linux-x86_64-fedora-gcc, r-devel-osx-x86_64-clang, r-prerel-windows-ix86+x86_64, r-prerel-linux-x86_64, r-prerel-solaris-sparc, r-prerel-solaris-x86