CRAN Package Check Results for Package Rsolnp

Last updated on 2015-07-31 22:49:46.

Flavor Version Tinstall Tcheck Ttotal Status Flags
r-devel-linux-x86_64-debian-clang 1.15 0.66 15.92 16.58 NOTE
r-devel-linux-x86_64-debian-gcc 1.15 0.81 15.43 16.24 NOTE
r-devel-linux-x86_64-fedora-clang 1.15 30.77 NOTE
r-devel-linux-x86_64-fedora-gcc 1.15 28.80 NOTE
r-devel-osx-x86_64-clang 1.15 28.29 NOTE
r-devel-windows-ix86+x86_64 1.15 3.00 25.00 28.00 NOTE
r-patched-linux-x86_64 1.15 0.68 17.81 18.49 NOTE
r-patched-solaris-sparc 1.15 184.00 NOTE
r-patched-solaris-x86 1.15 39.00 NOTE
r-release-linux-x86_64 1.15 0.66 15.69 16.36 NOTE
r-release-osx-x86_64-mavericks 1.15 NOTE
r-release-windows-ix86+x86_64 1.15 3.00 26.00 29.00 NOTE
r-oldrel-windows-ix86+x86_64 1.15 5.00 27.00 32.00 OK

Check Details

Version: 1.15
Check: DESCRIPTION meta-information
Result: NOTE
    Malformed Description field: should contain one or more complete sentences.
Flavors: r-devel-linux-x86_64-debian-clang, r-devel-linux-x86_64-debian-gcc, r-devel-linux-x86_64-fedora-clang, r-devel-linux-x86_64-fedora-gcc, r-devel-osx-x86_64-clang, r-devel-windows-ix86+x86_64, r-patched-linux-x86_64, r-patched-solaris-sparc, r-patched-solaris-x86, r-release-linux-x86_64, r-release-osx-x86_64-mavericks, r-release-windows-ix86+x86_64

Version: 1.15
Check: R code for possible problems
Result: NOTE
    .distr1: no visible global function definition for ‘runif’
    .distr3: no visible global function definition for ‘rnorm’
    .entropy: no visible global function definition for ‘runif’
    Undefined global functions or variables:
     rnorm runif
    Consider adding
     importFrom("stats", "rnorm", "runif")
    to your NAMESPACE.
Flavors: r-devel-linux-x86_64-debian-clang, r-devel-linux-x86_64-debian-gcc, r-devel-linux-x86_64-fedora-clang, r-devel-linux-x86_64-fedora-gcc, r-devel-windows-ix86+x86_64