CRAN Package Check Results for Package Rsolnp

Last updated on 2015-04-25 22:46:57.

Flavor Version Tinstall Tcheck Ttotal Status Flags
r-devel-linux-x86_64-debian-clang 1.15 0.80 15.89 16.68 NOTE
r-devel-linux-x86_64-debian-gcc 1.15 0.68 16.49 17.16 NOTE
r-devel-linux-x86_64-fedora-clang 1.15 31.78 NOTE
r-devel-linux-x86_64-fedora-gcc 1.15 30.77 NOTE
r-devel-osx-x86_64-clang 1.15 32.80 NOTE
r-devel-windows-ix86+x86_64 1.15 2.00 27.00 29.00 NOTE
r-patched-linux-x86_64 1.15 0.63 16.32 16.95 NOTE
r-patched-solaris-sparc 1.15 191.50 NOTE
r-patched-solaris-x86 1.15 38.60 NOTE
r-release-linux-x86_64 1.15 0.65 15.85 16.50 NOTE
r-release-osx-x86_64-mavericks 1.15 NOTE
r-release-osx-x86_64-snowleopard 1.15 NOTE
r-release-windows-ix86+x86_64 1.15 2.00 28.00 30.00 NOTE
r-oldrel-windows-ix86+x86_64 1.15 5.00 27.00 32.00 OK

Check Details

Version: 1.15
Check: DESCRIPTION meta-information
Result: NOTE
    Malformed Description field: should contain one or more complete sentences.
Flavors: r-devel-windows-ix86+x86_64, r-release-windows-ix86+x86_64