CRAN Package Check Results for Package Rsolnp

Last updated on 2014-11-01 03:48:55.

Flavor Version Tinstall Tcheck Ttotal Status Flags
r-devel-linux-x86_64-debian-clang 1.14 0.68 15.85 16.52 NOTE
r-devel-linux-x86_64-debian-gcc 1.14 0.66 15.81 16.46 NOTE
r-devel-linux-x86_64-fedora-clang 1.14 32.32 NOTE
r-devel-linux-x86_64-fedora-gcc 1.14 30.03 NOTE
r-devel-osx-x86_64-clang 1.14 35.07 NOTE
r-devel-windows-ix86+x86_64 1.14 2.00 24.00 26.00 NOTE
r-patched-linux-x86_64 1.14 0.68 15.95 16.63 NOTE
r-patched-solaris-sparc 1.14 181.00 NOTE
r-patched-solaris-x86 1.14 43.00 NOTE
r-release-linux-ix86 1.14 1.00 22.17 23.17 NOTE
r-release-linux-x86_64 1.14 0.66 15.50 16.16 NOTE
r-release-osx-x86_64-mavericks 1.14 NOTE
r-release-windows-ix86+x86_64 1.14 4.00 24.00 28.00 NOTE
r-oldrel-windows-ix86+x86_64 1.14 2.00 25.00 27.00 NOTE

Check Details

Version: 1.14
Check: top-level files
Result: NOTE
    Non-standard file/directory found at top level:
     ‘COPYRIGHTS’
    Copyright information should be in file inst/COPYRIGHTS
Flavors: r-devel-linux-x86_64-debian-clang, r-devel-linux-x86_64-debian-gcc, r-devel-linux-x86_64-fedora-clang, r-devel-linux-x86_64-fedora-gcc, r-patched-linux-x86_64, r-release-linux-x86_64

Version: 1.14
Check: R code for possible problems
Result: NOTE
    File ‘Rsolnp/R/zzz.R’:
     .onLoad calls:
     packageStartupMessage(sprintf("Package %s (%s) loaded. To cite, see citation(\"%s\")\n", pkg, utils::packageDescription(pkg)$Version, pkg))
    
    See section ‘Good practice’ in '?.onAttach'.
Flavors: r-devel-linux-x86_64-debian-clang, r-devel-linux-x86_64-debian-gcc, r-devel-linux-x86_64-fedora-clang, r-devel-linux-x86_64-fedora-gcc, r-devel-osx-x86_64-clang, r-devel-windows-ix86+x86_64, r-patched-linux-x86_64, r-patched-solaris-sparc, r-patched-solaris-x86, r-release-linux-ix86, r-release-linux-x86_64, r-release-osx-x86_64-mavericks, r-release-windows-ix86+x86_64, r-oldrel-windows-ix86+x86_64