CRAN Package Check Results for Package Rsolnp

Last updated on 2014-04-21 05:48:22.

Flavor Version Tinstall Tcheck Ttotal Status Flags
r-devel-linux-x86_64-debian-clang 1.14 0.75 15.62 16.37 NOTE
r-devel-linux-x86_64-debian-gcc 1.14 2.68 15.86 18.55 NOTE
r-devel-linux-x86_64-fedora-clang 1.14 31.92 NOTE
r-devel-linux-x86_64-fedora-gcc 1.14 30.39 NOTE
r-devel-macosx-x86_64-clang 1.14 29.69 NOTE
r-devel-macosx-x86_64-gcc 1.14 NOTE
r-devel-windows-ix86+x86_64 1.14 2.00 24.00 26.00 NOTE
r-patched-linux-x86_64 1.14 0.68 16.00 16.68 NOTE
r-patched-solaris-sparc 1.14 179.90 NOTE
r-patched-solaris-x86 1.14 41.40 NOTE
r-release-linux-ix86 NOTE
r-release-linux-x86_64 1.14 0.74 15.94 16.68 NOTE
r-release-windows-ix86+x86_64 1.14 4.00 35.00 39.00 NOTE
r-oldrel-windows-ix86+x86_64 1.14 2.00 25.00 27.00 NOTE

Check Details

Version: 1.14
Check: R code for possible problems
Result: NOTE
    File ‘Rsolnp/R/zzz.R’:
     .onLoad calls:
     packageStartupMessage(sprintf("Package %s (%s) loaded. To cite, see citation(\"%s\")\n", pkg, utils::packageDescription(pkg)$Version, pkg))
    
    See section ‘Good practice’ in '?.onAttach'.
Flavors: r-devel-linux-x86_64-debian-clang, r-devel-linux-x86_64-debian-gcc, r-devel-linux-x86_64-fedora-clang, r-devel-linux-x86_64-fedora-gcc, r-devel-macosx-x86_64-clang, r-devel-macosx-x86_64-gcc, r-devel-windows-ix86+x86_64, r-patched-linux-x86_64, r-patched-solaris-sparc, r-patched-solaris-x86, r-release-linux-ix86, r-release-linux-x86_64, r-release-windows-ix86+x86_64, r-oldrel-windows-ix86+x86_64

Version: 1.14
Check: top-level files
Result: NOTE
    Non-standard file/directory found at top level:
     ‘COPYRIGHTS’
    Copyright information should be in file inst/COPYRIGHTS
Flavors: r-devel-linux-x86_64-fedora-clang, r-devel-linux-x86_64-fedora-gcc